{"id":9572,"date":"2021-12-20T17:17:18","date_gmt":"2021-12-20T17:17:18","guid":{"rendered":"https:\/\/aptecnologia.com.ar\/new\/?post_type=product&#038;p=9572"},"modified":"2022-03-11T19:40:10","modified_gmt":"2022-03-11T19:40:10","slug":"escaner-imageformula-dr-f120-canon","status":"publish","type":"product","link":"https:\/\/aptecnologia.com.ar\/new\/productos\/escaner-imageformula-dr-f120-canon\/","title":{"rendered":"Escaner ImageFORMULA DR-F120 &#8211; CANON"},"content":{"rendered":"<p>Disfrute de una sencilla y r\u00e1pida soluci\u00f3n de escaneado con el vers\u00e1til esc\u00e1ner imageFORMULA DR-F120, que incluye un alimentador autom\u00e1tico de documentos integrado y una unidad de esc\u00e1ner plano. Es perfecto para capturar una amplia gama de tipos de documentos con alta calidad.<\/p>\n<p>&#8211; Mantenga la productividad gracias al escaneado a doble cara de 20 ppm y al ADF de 50 hojas<br \/>\n&#8211; Escanee libros, revistas o materiales fr\u00e1giles con el esc\u00e1ner plano integrado<br \/>\n&#8211; Logre una excelente calidad de imagen con la resoluci\u00f3n de escaneo de hasta 2.400 ppp<br \/>\n&#8211; Escanee con facilidad utilizando CaptureOnTouch 3 y los botones de trabajo<br \/>\n&#8211; Escanee a PDF editable y con\u00e9ctese a sus aplicaciones en la nube<br \/>\n&#8211; Reduzca los costes gracias a nuestro sistema de ahorro de energ\u00eda<\/p>\n<p>Velocidad de escaneo A4 (una cara) 20 ppm<br \/>\nAlimentador autom\u00e1tico de documentos de 50 hojas<br \/>\nVolumen de escaneado diario 1000 paginas<br \/>\nAlimentador autom\u00e1tico de documentos<br \/>\nEscaneo de documentos gruesos o revistas<br \/>\nEscaneado a doble cara<br \/>\nEscaneo fotogr\u00e1fico de alta resoluci\u00f3n 2400 x 2400 DPI<br \/>\nCapture Touche F\u00e1cil , la exploraci\u00f3n intuitiva<br \/>\nConexi\u00f3n USB<br \/>\nSensor CMOS CIS de 1 l\u00ednea<br \/>\nResoluci\u00f3n \u00f3ptica 600dpi\/1200dpi<br \/>\nFuente de iluminaci\u00f3n LED RGB<br \/>\nLado de escaneado Anverso \/ reverso \/ a doble cara<\/p>\n<p>Dimensiones<br \/>\n&#8211; Bandeja cerrada: 469 (An.) x 335 (Pr.) x 120 (Al.) mm<br \/>\n&#8211; Bandeja abierta: 469 (An.) x 335 (Pr.) x 151 (Al.) mm<\/p>\n<p>Peso<br \/>\n&#8211; Aprox. 4,6 kg<\/p>\n<p>FUNCIONES ESPECIALES<br \/>\n&#8211; Detecci\u00f3n autom\u00e1tica del tama\u00f1o de p\u00e1gina, correcci\u00f3n de alimentaci\u00f3n desviada, detecci\u00f3n autom\u00e1tica del color, mejora del color, ignorar p\u00e1gina en blanco, orientaci\u00f3n del texto, MultiStream, curva de gamma predefinida, escaneo previo, \u00e9nfasis en bordes, eliminaci\u00f3n del color (RGB), mejora del color (RGB), reducci\u00f3n de muar\u00e9, \u00e9nfasis en caracteres, prevenci\u00f3n del desplazamiento\/eliminaci\u00f3n del fondo, eliminaci\u00f3n de sombra, eliminaci\u00f3n de bordes, punto de borrado, borrado de orificios, eliminaci\u00f3n de agujeros, aplicaci\u00f3n de correcciones para fotos, detecci\u00f3n de alimentaci\u00f3n doble (por longitud), alimentador autom\u00e1tico\/detecci\u00f3n de esc\u00e1ner plano, sistema de recuperaci\u00f3n r\u00e1pida<\/p>\n","protected":false},"excerpt":{"rendered":"<p>Modelo DR-F120<br \/>\nEs port\u00e1til: No<br \/>\nTipo de esc\u00e1ner: Alimentador de hojas m\u00faltiples<br \/>\nResoluci\u00f3n \u00f3ptica 600dpi\/1200dpi<\/p>\n","protected":false},"featured_media":9573,"comment_status":"open","ping_status":"closed","template":"","meta":[],"pwb-brand":[132],"product_cat":[66,125],"product_tag":[],"class_list":{"0":"post-9572","1":"product","2":"type-product","3":"status-publish","4":"has-post-thumbnail","6":"pwb-brand-canon","7":"product_cat-computacion","8":"product_cat-escaners","10":"first","11":"instock","12":"shipping-taxable","13":"purchasable","14":"product-type-simple"},"brands":[{"id":132,"name":"Canon","slug":"canon"}],"_links":{"self":[{"href":"https:\/\/aptecnologia.com.ar\/new\/wp-json\/wp\/v2\/product\/9572","targetHints":{"allow":["GET"]}}],"collection":[{"href":"https:\/\/aptecnologia.com.ar\/new\/wp-json\/wp\/v2\/product"}],"about":[{"href":"https:\/\/aptecnologia.com.ar\/new\/wp-json\/wp\/v2\/types\/product"}],"replies":[{"embeddable":true,"href":"https:\/\/aptecnologia.com.ar\/new\/wp-json\/wp\/v2\/comments?post=9572"}],"version-history":[{"count":0,"href":"https:\/\/aptecnologia.com.ar\/new\/wp-json\/wp\/v2\/product\/9572\/revisions"}],"wp:featuredmedia":[{"embeddable":true,"href":"https:\/\/aptecnologia.com.ar\/new\/wp-json\/wp\/v2\/media\/9573"}],"wp:attachment":[{"href":"https:\/\/aptecnologia.com.ar\/new\/wp-json\/wp\/v2\/media?parent=9572"}],"wp:term":[{"taxonomy":"pwb-brand","embeddable":true,"href":"https:\/\/aptecnologia.com.ar\/new\/wp-json\/wp\/v2\/pwb-brand?post=9572"},{"taxonomy":"product_cat","embeddable":true,"href":"https:\/\/aptecnologia.com.ar\/new\/wp-json\/wp\/v2\/product_cat?post=9572"},{"taxonomy":"product_tag","embeddable":true,"href":"https:\/\/aptecnologia.com.ar\/new\/wp-json\/wp\/v2\/product_tag?post=9572"}],"curies":[{"name":"wp","href":"https:\/\/api.w.org\/{rel}","templated":true}]}}