{"id":9547,"date":"2021-12-18T13:13:28","date_gmt":"2021-12-18T13:13:28","guid":{"rendered":"https:\/\/aptecnologia.com.ar\/new\/?post_type=product&#038;p=9547"},"modified":"2022-03-18T13:33:23","modified_gmt":"2022-03-18T13:33:23","slug":"placa-usb-3-0-pci-e-2-puertos-noganet","status":"publish","type":"product","link":"https:\/\/aptecnologia.com.ar\/new\/productos\/placa-usb-3-0-pci-e-2-puertos-noganet\/","title":{"rendered":"Placa USB 3.0 PCI-E 2 puertos &#8211; NOGANET"},"content":{"rendered":"<p>Noga placa USB 3.0 2 puertos PCI-E KW-PE404<\/p>\n<p>A\u00f1ade 2 puertos USB 3.0 a su computadora y disfrute de la velocidad que le proporciona la tecnolog\u00eda USB 3.0, ideal para transmitir todo tipo de datos y archivos de gran volumen. La tasa de transferencia de datos ofrece una velocidad sorprendente de hasta 5 Gbps. Ahora, usted puede conectar su ordenador con los \u00faltimos y mas avanzados dispositivos USB 3.0, como discos duros externos, grabadoras de BLU-RAY, adaptadores de video y c\u00e1maras de video. Incluye CD con drivers de instalaci\u00f3n<\/p>\n<p>Soporta: Windows vista \/ 7 \/8 \/ 9 \/ 10<\/p>\n","protected":false},"excerpt":{"rendered":"<p>Tipos de puertos de entrada: USB<br \/>\nCantidad de puertos de entrada: 2<br \/>\nInterfaz con la placa madre: PCI-Express 3.0<\/p>\n","protected":false},"featured_media":9545,"comment_status":"open","ping_status":"closed","template":"","meta":[],"pwb-brand":[130],"product_cat":[70,88],"product_tag":[],"class_list":{"0":"post-9547","1":"product","2":"type-product","3":"status-publish","4":"has-post-thumbnail","6":"pwb-brand-noganet","7":"product_cat-conectividad-y-redes","8":"product_cat-placa-de-red","10":"first","11":"instock","12":"shipping-taxable","13":"purchasable","14":"product-type-simple"},"brands":[{"id":130,"name":"Noganet","slug":"noganet"}],"_links":{"self":[{"href":"https:\/\/aptecnologia.com.ar\/new\/wp-json\/wp\/v2\/product\/9547","targetHints":{"allow":["GET"]}}],"collection":[{"href":"https:\/\/aptecnologia.com.ar\/new\/wp-json\/wp\/v2\/product"}],"about":[{"href":"https:\/\/aptecnologia.com.ar\/new\/wp-json\/wp\/v2\/types\/product"}],"replies":[{"embeddable":true,"href":"https:\/\/aptecnologia.com.ar\/new\/wp-json\/wp\/v2\/comments?post=9547"}],"version-history":[{"count":0,"href":"https:\/\/aptecnologia.com.ar\/new\/wp-json\/wp\/v2\/product\/9547\/revisions"}],"wp:featuredmedia":[{"embeddable":true,"href":"https:\/\/aptecnologia.com.ar\/new\/wp-json\/wp\/v2\/media\/9545"}],"wp:attachment":[{"href":"https:\/\/aptecnologia.com.ar\/new\/wp-json\/wp\/v2\/media?parent=9547"}],"wp:term":[{"taxonomy":"pwb-brand","embeddable":true,"href":"https:\/\/aptecnologia.com.ar\/new\/wp-json\/wp\/v2\/pwb-brand?post=9547"},{"taxonomy":"product_cat","embeddable":true,"href":"https:\/\/aptecnologia.com.ar\/new\/wp-json\/wp\/v2\/product_cat?post=9547"},{"taxonomy":"product_tag","embeddable":true,"href":"https:\/\/aptecnologia.com.ar\/new\/wp-json\/wp\/v2\/product_tag?post=9547"}],"curies":[{"name":"wp","href":"https:\/\/api.w.org\/{rel}","templated":true}]}}