{"id":9521,"date":"2021-12-17T12:29:20","date_gmt":"2021-12-17T12:29:20","guid":{"rendered":"https:\/\/aptecnologia.com.ar\/new\/?post_type=product&#038;p=9521"},"modified":"2023-05-31T17:35:20","modified_gmt":"2023-05-31T20:35:20","slug":"placa-de-red-pci-e-wn881nd-11n-300mbps-2x2dbi-tp-link","status":"publish","type":"product","link":"https:\/\/aptecnologia.com.ar\/new\/productos\/placa-de-red-pci-e-wn881nd-11n-300mbps-2x2dbi-tp-link\/","title":{"rendered":"Placa de red PCI-E WN881ND 11N 300MBPS 2X2DBI &#8211; TP-LINK"},"content":{"rendered":"<p>La velocidad inal\u00e1mbrica N de hasta 300 Mbps lo hace ideal para transmisi\u00f3n de video, juegos en l\u00ednea y llamadas por Internet.<br \/>\nTecnolog\u00eda MIMO con mayor potencia de penetraci\u00f3n de la se\u00f1al, una cobertura inal\u00e1mbrica m\u00e1s amplia, que proporciona un mejor rendimiento y estabilidad.<br \/>\nConfigura f\u00e1cilmente un enlace inal\u00e1mbrico altamente seguro con WPS \u2122 (Configuraci\u00f3n protegida de Wi-Fi).<\/p>\n","protected":false},"excerpt":{"rendered":"<p>Tecnolog\u00eda de conectividad: WLAN<br \/>\nTasa de transferencia de datos: 300 MB\/s<br \/>\nInterfaz: PCI<br \/>\nTipo de antena: Desmontable omnidireccional<br \/>\nEst\u00e1ndares: IEEE 802.11n\/IEEE 802.11g\/IEEE 802.11b<br \/>\nSeguridad inal\u00e1mbrica: 64\/128 BIT WEP\/WPA-PSK\/WPA2-PSK<br \/>\nTipos de frecuencias: 2.4 GHz &#8211; 2.4835 GHz<\/p>\n","protected":false},"featured_media":9522,"comment_status":"open","ping_status":"closed","template":"","meta":[],"pwb-brand":[102],"product_cat":[70,88],"product_tag":[],"class_list":{"0":"post-9521","1":"product","2":"type-product","3":"status-publish","4":"has-post-thumbnail","6":"pwb-brand-tplink","7":"product_cat-conectividad-y-redes","8":"product_cat-placa-de-red","10":"first","11":"instock","12":"shipping-taxable","13":"purchasable","14":"product-type-simple"},"brands":[{"id":102,"name":"Tp-Link","slug":"tplink"}],"_links":{"self":[{"href":"https:\/\/aptecnologia.com.ar\/new\/wp-json\/wp\/v2\/product\/9521","targetHints":{"allow":["GET"]}}],"collection":[{"href":"https:\/\/aptecnologia.com.ar\/new\/wp-json\/wp\/v2\/product"}],"about":[{"href":"https:\/\/aptecnologia.com.ar\/new\/wp-json\/wp\/v2\/types\/product"}],"replies":[{"embeddable":true,"href":"https:\/\/aptecnologia.com.ar\/new\/wp-json\/wp\/v2\/comments?post=9521"}],"version-history":[{"count":0,"href":"https:\/\/aptecnologia.com.ar\/new\/wp-json\/wp\/v2\/product\/9521\/revisions"}],"wp:featuredmedia":[{"embeddable":true,"href":"https:\/\/aptecnologia.com.ar\/new\/wp-json\/wp\/v2\/media\/9522"}],"wp:attachment":[{"href":"https:\/\/aptecnologia.com.ar\/new\/wp-json\/wp\/v2\/media?parent=9521"}],"wp:term":[{"taxonomy":"pwb-brand","embeddable":true,"href":"https:\/\/aptecnologia.com.ar\/new\/wp-json\/wp\/v2\/pwb-brand?post=9521"},{"taxonomy":"product_cat","embeddable":true,"href":"https:\/\/aptecnologia.com.ar\/new\/wp-json\/wp\/v2\/product_cat?post=9521"},{"taxonomy":"product_tag","embeddable":true,"href":"https:\/\/aptecnologia.com.ar\/new\/wp-json\/wp\/v2\/product_tag?post=9521"}],"curies":[{"name":"wp","href":"https:\/\/api.w.org\/{rel}","templated":true}]}}