{"id":9470,"date":"2021-12-15T14:00:38","date_gmt":"2021-12-15T14:00:38","guid":{"rendered":"https:\/\/aptecnologia.com.ar\/new\/?post_type=product&#038;p=9470"},"modified":"2023-05-12T16:42:53","modified_gmt":"2023-05-12T19:42:53","slug":"notebook-i5-10210u-latitude-3410-8gb-1tb-14-w10pro-dell","status":"publish","type":"product","link":"https:\/\/aptecnologia.com.ar\/new\/productos\/notebook-i5-10210u-latitude-3410-8gb-1tb-14-w10pro-dell\/","title":{"rendered":"Notebook  &#8211; I5 10210U Latitude 3410 8gb 1tb 14&#8243; W10Pro DELL"},"content":{"rendered":"<p>Familia de procesadorIntel\u00ae Core\u2122 i5 de 10ma Generaci\u00f3n<br \/>\nFabricante de procesadorIntel<br \/>\nModelo del procesadori5-10210U<br \/>\nFrecuencia del procesador1,6 GHz<br \/>\nFrecuencia del procesador turbo4,2 GHz<br \/>\nN\u00famero de cores de procesador4<br \/>\nN\u00famero de filamentos de procesador8<br \/>\nSystem bus data transfer rate4 GT\/s<br \/>\nCach\u00e9 del procesador6 MB<br \/>\nTipo de cache en procesadorSmart Cache<br \/>\nSocket de procesadorBGA 1528<br \/>\nLitograf\u00eda del procesador14 nm<br \/>\nModo de procesador operativo64 bits<br \/>\nProcesador nombre en claveComet Lake<br \/>\nPotencia de dise\u00f1o t\u00e9rmico (TDP)15 W<br \/>\nFrecuencia de potencia de dise\u00f1o t\u00e9rmico configurable-alta2,1 GHz<br \/>\nPotencia de dise\u00f1o t\u00e9rmico configurable-alta25 W<br \/>\nPotencia de dise\u00f1o t\u00e9rmico configurable-baja10 W<br \/>\nFrecuencia de potencia de dise\u00f1o t\u00e9rmico configurable-baja0,8 GHz<br \/>\nIntersecci\u00f3n T100 \u00b0C<br \/>\nN\u00famero m\u00e1ximo de buses PCI Express16<br \/>\nVersi\u00f3n de entradas de PCI Express3.0<br \/>\nConfiguraciones PCI Express1x4,2&#215;2,1&#215;2+2&#215;1,4&#215;1<\/p>\n","protected":false},"excerpt":{"rendered":"<p>Memoria de 8GB DDR4, Disco Duro de 1TB, Pantalla de 14&#8243; LED, Video UHD Graphics, S.O. Windows 10 Pro (64 Bits). Sonido alta definici\u00f3n, con procesador Core i5 de 10ma generaci\u00f3n. Teclado ESPA\u00d1OL, webcam delantera, HDMI, Bluetooth 5.0, USDB 2.0 x 1 y USB tipo C x 1<\/p>\n","protected":false},"featured_media":9471,"comment_status":"open","ping_status":"closed","template":"","meta":[],"pwb-brand":[146],"product_cat":[66,191,72],"product_tag":[],"class_list":{"0":"post-9470","1":"product","2":"type-product","3":"status-publish","4":"has-post-thumbnail","6":"pwb-brand-dell","7":"product_cat-computacion","8":"product_cat-equipos","9":"product_cat-notebooks","11":"first","12":"outofstock","13":"shipping-taxable","14":"purchasable","15":"product-type-simple"},"brands":[{"id":146,"name":"Dell","slug":"dell"}],"_links":{"self":[{"href":"https:\/\/aptecnologia.com.ar\/new\/wp-json\/wp\/v2\/product\/9470","targetHints":{"allow":["GET"]}}],"collection":[{"href":"https:\/\/aptecnologia.com.ar\/new\/wp-json\/wp\/v2\/product"}],"about":[{"href":"https:\/\/aptecnologia.com.ar\/new\/wp-json\/wp\/v2\/types\/product"}],"replies":[{"embeddable":true,"href":"https:\/\/aptecnologia.com.ar\/new\/wp-json\/wp\/v2\/comments?post=9470"}],"version-history":[{"count":0,"href":"https:\/\/aptecnologia.com.ar\/new\/wp-json\/wp\/v2\/product\/9470\/revisions"}],"wp:featuredmedia":[{"embeddable":true,"href":"https:\/\/aptecnologia.com.ar\/new\/wp-json\/wp\/v2\/media\/9471"}],"wp:attachment":[{"href":"https:\/\/aptecnologia.com.ar\/new\/wp-json\/wp\/v2\/media?parent=9470"}],"wp:term":[{"taxonomy":"pwb-brand","embeddable":true,"href":"https:\/\/aptecnologia.com.ar\/new\/wp-json\/wp\/v2\/pwb-brand?post=9470"},{"taxonomy":"product_cat","embeddable":true,"href":"https:\/\/aptecnologia.com.ar\/new\/wp-json\/wp\/v2\/product_cat?post=9470"},{"taxonomy":"product_tag","embeddable":true,"href":"https:\/\/aptecnologia.com.ar\/new\/wp-json\/wp\/v2\/product_tag?post=9470"}],"curies":[{"name":"wp","href":"https:\/\/api.w.org\/{rel}","templated":true}]}}