{"id":9444,"date":"2021-12-15T01:37:37","date_gmt":"2021-12-15T01:37:37","guid":{"rendered":"https:\/\/aptecnologia.com.ar\/new\/?post_type=product&#038;p=9444"},"modified":"2022-07-11T21:30:32","modified_gmt":"2022-07-11T21:30:32","slug":"mouse-m90-usb-negro-logitech","status":"publish","type":"product","link":"https:\/\/aptecnologia.com.ar\/new\/productos\/mouse-m90-usb-negro-logitech\/","title":{"rendered":"Mouse M90 USB Negro &#8211; LOGITECH"},"content":{"rendered":"<p>Color del producto Negro<br \/>\nErgonom\u00eda<br \/>\nConectar y usar (Plug and Play) Si<br \/>\nOtras caracter\u00edsticas<br \/>\nUSB Si<br \/>\nRequisitos del sistema<br \/>\nSistema operativo MAC soportado Si<br \/>\nDispositivo de entrada<br \/>\nRueda de desplazamiento Si<br \/>\nResoluci\u00f3n de movimiento 1000 DPI<br \/>\nInterfaz del dispositivo USB<br \/>\nCantidad de botones 2<br \/>\nTecnolog\u00eda de detecci\u00f3n de movimientos \u00d3ptico<\/p>\n","protected":false},"excerpt":{"rendered":"<p>Tipo de mouse: Convencional<br \/>\nResoluci\u00f3n del sensor: 1000 dpi<br \/>\nCon bluetooth: No<br \/>\nTipo de sensor: \u00d3ptico<br \/>\nEs inal\u00e1mbrico USB: No<\/p>\n","protected":false},"featured_media":9445,"comment_status":"open","ping_status":"closed","template":"","meta":[],"pwb-brand":[108],"product_cat":[66,116,90],"product_tag":[],"class_list":{"0":"post-9444","1":"product","2":"type-product","3":"status-publish","4":"has-post-thumbnail","6":"pwb-brand-logitech","7":"product_cat-computacion","8":"product_cat-mouses","9":"product_cat-perifericos","11":"first","12":"outofstock","13":"shipping-taxable","14":"purchasable","15":"product-type-simple"},"brands":[{"id":108,"name":"Logitech","slug":"logitech"}],"_links":{"self":[{"href":"https:\/\/aptecnologia.com.ar\/new\/wp-json\/wp\/v2\/product\/9444","targetHints":{"allow":["GET"]}}],"collection":[{"href":"https:\/\/aptecnologia.com.ar\/new\/wp-json\/wp\/v2\/product"}],"about":[{"href":"https:\/\/aptecnologia.com.ar\/new\/wp-json\/wp\/v2\/types\/product"}],"replies":[{"embeddable":true,"href":"https:\/\/aptecnologia.com.ar\/new\/wp-json\/wp\/v2\/comments?post=9444"}],"version-history":[{"count":0,"href":"https:\/\/aptecnologia.com.ar\/new\/wp-json\/wp\/v2\/product\/9444\/revisions"}],"wp:featuredmedia":[{"embeddable":true,"href":"https:\/\/aptecnologia.com.ar\/new\/wp-json\/wp\/v2\/media\/9445"}],"wp:attachment":[{"href":"https:\/\/aptecnologia.com.ar\/new\/wp-json\/wp\/v2\/media?parent=9444"}],"wp:term":[{"taxonomy":"pwb-brand","embeddable":true,"href":"https:\/\/aptecnologia.com.ar\/new\/wp-json\/wp\/v2\/pwb-brand?post=9444"},{"taxonomy":"product_cat","embeddable":true,"href":"https:\/\/aptecnologia.com.ar\/new\/wp-json\/wp\/v2\/product_cat?post=9444"},{"taxonomy":"product_tag","embeddable":true,"href":"https:\/\/aptecnologia.com.ar\/new\/wp-json\/wp\/v2\/product_tag?post=9444"}],"curies":[{"name":"wp","href":"https:\/\/api.w.org\/{rel}","templated":true}]}}