{"id":9410,"date":"2021-12-13T22:04:10","date_gmt":"2021-12-13T22:04:10","guid":{"rendered":"https:\/\/aptecnologia.com.ar\/new\/?post_type=product&#038;p=9410"},"modified":"2022-03-17T14:30:11","modified_gmt":"2022-03-17T14:30:11","slug":"mother-z370-a-pro-8va-1151-msi","status":"publish","type":"product","link":"https:\/\/aptecnologia.com.ar\/new\/productos\/mother-z370-a-pro-8va-1151-msi\/","title":{"rendered":"Mother Z370-A PRO 8VA 1151 &#8211; MSI"},"content":{"rendered":"<p>Soporta procesadores 8va Gen Intel\u00ae Core\u2122 \/ Pentium\u00ae \/ Celeron\u00ae para socket LGA 1151<br \/>\nSoporta memoria DDR4, hasta 4000+(OC) MHz<br \/>\nDDR4 Boost: Tecnolog\u00eda avanzada provista por el lab MSI OC para asegurar m\u00e1xima compatibilidad para el desempe\u00f1o en overclocking.<br \/>\nAUDIO BOOST :Gratifica tus o\u00eddos con el sonido con calidad de estudio para la experiencia de juego m\u00e1s inmersiva<br \/>\nMULTI-GPU: Slots PCI-E con STEEL ARMOR. Soporta tecnolog\u00eda de 2 v\u00edas AMD Crossfire\u2122<br \/>\nDisipadores de capa gruesa: dise\u00f1o de disipador l\u00edder para m\u00e1xima refrigeraci\u00f3n<br \/>\nEZ Debug LED: La manera m\u00e1s f\u00e1cil de resolver problemas<br \/>\nTurbo M.2: Velocidades de hasta 32Gb\/s, lista para memoria Intel Optane<br \/>\nPCI-E Steel Armor:Protege las tarjetas VGA contra torceduras y EMI<br \/>\nX-Boost: Excelente herramienta para impulsar el desempe\u00f1o de USB y almacenamiento<br \/>\nDoble protecci\u00f3n ESD: Agujeros de montaje con doble capa de toma a tierra<br \/>\nMilitary Class 5, Guard-Pro: La \u00faltima evoluci\u00f3n con componentes japoneses de alta calidad para la mejor protecci\u00f3n y eficiencia<br \/>\nClick BIOS 5: BIOS premiada con fuente escalable de alta resoluci\u00f3n, favoritos y funci\u00f3n de b\u00fasqueda<br \/>\nVR Ready: La mejor experiencia de juego en realidad virtual sin latencia, reduce mareos por movimiento<\/p>\n<p>MEMORIA DDR4: 4000+(OC)\/ 3866(OC)\/ 3733(OC)\/ 3600(OC)\/ 3466(OC)\/ 3400(OC)\/ 3333(OC)\/ 3300(OC)\/ 3200(OC)\/ 3000(OC)\/ 2800(OC)\/ 2667\/ 2400\/ 2133 MHz<br \/>\nCPU (SOPORTE M\u00c1XIMO): i7<br \/>\nPUERTO M.2: 1<br \/>\nPUERTOS SERIALES (FRONTALES): 1<br \/>\nCHIPSET: Intel\u00ae Z370<br \/>\nPUERTOS USB 3.1 (FRONTALES): 4(Gen1, Tipo A)<br \/>\nCANAL DE MEMORIA: Doble<br \/>\nRANURAS DIMM: 4<br \/>\nMEMORIA M\u00c1XIMA (GB): 64<br \/>\nPCI-EX16: 1<br \/>\nPUERTOS USB 3.1 (TRASEROS): 4(Gen1, Tipo A)<br \/>\nPCI-E GEN: Gen3<br \/>\nPCI-EX4: 4<br \/>\nPCI-EX1: 1<br \/>\nSATAIII: 6<br \/>\nPUERTOS USB 2.0 (FRONTALES): 4<br \/>\nRAID: 0\/1\/5\/10<br \/>\nLAN: 10\/100\/1000*1<br \/>\nTPM: 1<br \/>\nPUERTOS USB 2.0 (TRASEROS): 2<br \/>\nPUERTOS DE AUDIO (TRASEROS): Codec Realtek\u00ae ALC892<br \/>\nPUERTO DE PANTALLA: 1<br \/>\nVGA: 1<br \/>\nDIRECTX: 12<br \/>\nFORMATO: ATX<br \/>\nCROSSFIRE: S\u00ed<br \/>\nDVI-D: 1<br \/>\nSISTEMA OPERATIVO: Soporte para Windows\u00ae 10 64-bit<\/p>\n","protected":false},"excerpt":{"rendered":"<p>Soporta procesadores 8va Gen Intel\u00ae Core\u2122 \/ Pentium\u00ae \/ Celeron\u00ae para socket LGA 1151 Soporta memoria DDR4, hasta 4000+(OC) MHz DDR4 Boost: Tecnolog\u00eda avanzada provista por el lab MSI OC para asegurar m\u00e1xima compatibilidad para el desempe\u00f1o en overclocking. AUDIO BOOST :Gratifica tus o\u00eddos con el sonido con calidad de estudio para la experiencia de [&hellip;]<\/p>\n","protected":false},"featured_media":9411,"comment_status":"open","ping_status":"closed","template":"","meta":[],"pwb-brand":[144],"product_cat":[66,96,91],"product_tag":[],"class_list":{"0":"post-9410","1":"product","2":"type-product","3":"status-publish","4":"has-post-thumbnail","6":"pwb-brand-msi","7":"product_cat-computacion","8":"product_cat-mothers","9":"product_cat-componentes","11":"first","12":"instock","13":"shipping-taxable","14":"purchasable","15":"product-type-simple"},"brands":[{"id":144,"name":"MSI","slug":"msi"}],"_links":{"self":[{"href":"https:\/\/aptecnologia.com.ar\/new\/wp-json\/wp\/v2\/product\/9410","targetHints":{"allow":["GET"]}}],"collection":[{"href":"https:\/\/aptecnologia.com.ar\/new\/wp-json\/wp\/v2\/product"}],"about":[{"href":"https:\/\/aptecnologia.com.ar\/new\/wp-json\/wp\/v2\/types\/product"}],"replies":[{"embeddable":true,"href":"https:\/\/aptecnologia.com.ar\/new\/wp-json\/wp\/v2\/comments?post=9410"}],"version-history":[{"count":0,"href":"https:\/\/aptecnologia.com.ar\/new\/wp-json\/wp\/v2\/product\/9410\/revisions"}],"wp:featuredmedia":[{"embeddable":true,"href":"https:\/\/aptecnologia.com.ar\/new\/wp-json\/wp\/v2\/media\/9411"}],"wp:attachment":[{"href":"https:\/\/aptecnologia.com.ar\/new\/wp-json\/wp\/v2\/media?parent=9410"}],"wp:term":[{"taxonomy":"pwb-brand","embeddable":true,"href":"https:\/\/aptecnologia.com.ar\/new\/wp-json\/wp\/v2\/pwb-brand?post=9410"},{"taxonomy":"product_cat","embeddable":true,"href":"https:\/\/aptecnologia.com.ar\/new\/wp-json\/wp\/v2\/product_cat?post=9410"},{"taxonomy":"product_tag","embeddable":true,"href":"https:\/\/aptecnologia.com.ar\/new\/wp-json\/wp\/v2\/product_tag?post=9410"}],"curies":[{"name":"wp","href":"https:\/\/api.w.org\/{rel}","templated":true}]}}