{"id":9376,"date":"2021-12-09T17:04:17","date_gmt":"2021-12-09T17:04:17","guid":{"rendered":"https:\/\/aptecnologia.com.ar\/new\/?post_type=product&#038;p=9376"},"modified":"2022-10-05T16:36:59","modified_gmt":"2022-10-05T16:36:59","slug":"mochila-ccam-3116-ashley-blue-case-logic","status":"publish","type":"product","link":"https:\/\/aptecnologia.com.ar\/new\/productos\/mochila-ccam-3116-ashley-blue-case-logic\/","title":{"rendered":"Mochila CCAM-3116 Ashley Blue &#8211; CASE LOGIC"},"content":{"rendered":"<p>La funda acolchada se adapta a notebooks de hasta 15,6 pulgadas. Las correas para los hombros moldeadas y un panel posterior totalmente acolchado garantizan un transporte c\u00f3modo. Dos bolsillos laterales de malla que guardan botellas de agua de manera conveniente. El bolsillo de organizaci\u00f3n frontal para almacenamiento de art\u00edculos electr\u00f3nicos peque\u00f1os, l\u00e1pices y un porta llaves. Un compartimento principal espacioso dise\u00f1ado para guardar libros y carpetas. Compartimento secundario para cuadernos adicionales, auriculares y art\u00edculos personales en un bolsillo privado con cierre. Base de poli\u00e9ster 1200D resistente y acolchada. En el bolsillo delantero de acceso r\u00e1pido se puede guardar un tel\u00e9fono y accesorios peque\u00f1os. Manija de tela tejida que sujeta y transporta f\u00e1cilmente. Color azul claro y gris.<\/p>\n","protected":false},"excerpt":{"rendered":"<p>G\u00e9nero: Sin g\u00e9nero<br \/>\nMaterial: Poli\u00e9ster<br \/>\nTipo de mochila: Urbana<br \/>\nCon compartimento para notebook: S\u00ed<br \/>\nCon ruedas: No<\/p>\n","protected":false},"featured_media":9371,"comment_status":"open","ping_status":"closed","template":"","meta":[],"pwb-brand":[140],"product_cat":[139,138],"product_tag":[221],"class_list":{"0":"post-9376","1":"product","2":"type-product","3":"status-publish","4":"has-post-thumbnail","6":"pwb-brand-case-logic","7":"product_cat-mochilas-bolsos","8":"product_cat-office","9":"product_tag-diadelnino","11":"first","12":"outofstock","13":"shipping-taxable","14":"purchasable","15":"product-type-simple"},"brands":[{"id":140,"name":"Case Logic","slug":"case-logic"}],"_links":{"self":[{"href":"https:\/\/aptecnologia.com.ar\/new\/wp-json\/wp\/v2\/product\/9376","targetHints":{"allow":["GET"]}}],"collection":[{"href":"https:\/\/aptecnologia.com.ar\/new\/wp-json\/wp\/v2\/product"}],"about":[{"href":"https:\/\/aptecnologia.com.ar\/new\/wp-json\/wp\/v2\/types\/product"}],"replies":[{"embeddable":true,"href":"https:\/\/aptecnologia.com.ar\/new\/wp-json\/wp\/v2\/comments?post=9376"}],"version-history":[{"count":0,"href":"https:\/\/aptecnologia.com.ar\/new\/wp-json\/wp\/v2\/product\/9376\/revisions"}],"wp:featuredmedia":[{"embeddable":true,"href":"https:\/\/aptecnologia.com.ar\/new\/wp-json\/wp\/v2\/media\/9371"}],"wp:attachment":[{"href":"https:\/\/aptecnologia.com.ar\/new\/wp-json\/wp\/v2\/media?parent=9376"}],"wp:term":[{"taxonomy":"pwb-brand","embeddable":true,"href":"https:\/\/aptecnologia.com.ar\/new\/wp-json\/wp\/v2\/pwb-brand?post=9376"},{"taxonomy":"product_cat","embeddable":true,"href":"https:\/\/aptecnologia.com.ar\/new\/wp-json\/wp\/v2\/product_cat?post=9376"},{"taxonomy":"product_tag","embeddable":true,"href":"https:\/\/aptecnologia.com.ar\/new\/wp-json\/wp\/v2\/product_tag?post=9376"}],"curies":[{"name":"wp","href":"https:\/\/api.w.org\/{rel}","templated":true}]}}