{"id":9250,"date":"2021-12-04T18:42:56","date_gmt":"2021-12-04T18:42:56","guid":{"rendered":"https:\/\/aptecnologia.com.ar\/new\/?post_type=product&#038;p=9250"},"modified":"2022-03-14T16:55:59","modified_gmt":"2022-03-14T16:55:59","slug":"combo-tecladomouse-km8200-wireless-smart-genius","status":"publish","type":"product","link":"https:\/\/aptecnologia.com.ar\/new\/productos\/combo-tecladomouse-km8200-wireless-smart-genius\/","title":{"rendered":"Combo teclado+mouse KM8200 Wireless Smart &#8211; GENIUS"},"content":{"rendered":"<p>Genius es la marca internacional l\u00edder en perif\u00e9ricos inform\u00e1ticos y m\u00f3viles con una trayectoria de m\u00e1s de 30 a\u00f1os. Su principal enfoque est\u00e1 puesto en la calidad, comodidad y facilidad de uso de sus productos, lo cual se ve reflejado en sus kits de teclados y mouses.<\/p>\n<p>Silencioso y ligero<br \/>\nEste kit incluye un perif\u00e9rico que posee una arquitectura de membrana. \u00bfQu\u00e9 quiere decir esto? Que su teclado te permitir\u00e1 disfrutar de pulsaciones silenciosas. A diferencia de los mec\u00e1nicos, este tipo de dispositivos son ligeros y f\u00e1ciles de transportar.<\/p>\n<p>Sensor de alta precisi\u00f3n<br \/>\nEl mouse del combo posee un sensor \u00f3ptico de alta precisi\u00f3n, el cual te permitir\u00e1 redirigir el cursor de una manera m\u00e1s exacta y sensible que el resto de los sistemas tradicionales.<\/p>\n","protected":false},"excerpt":{"rendered":"<ul class=\"ui-pdp-features mt-24\">\n<li class=\"ui-pdp-features__item\">Aptos para windows 7 y versiones superiores, mac ios x 10.8 y versiones superiores.<\/li>\n<li class=\"ui-pdp-features__item\">Teclado de membrana.<\/li>\n<li class=\"ui-pdp-features__item\">Idioma del teclado: Ingl\u00e9s US.<\/li>\n<li class=\"ui-pdp-features__item\">Mouse con sensor \u00f3ptico y resoluci\u00f3n de 1000\u00a0dpi.<\/li>\n<li class=\"ui-pdp-features__item\">Interfaz de conexi\u00f3n de los dispositivos usb.<\/li>\n<li class=\"ui-pdp-features__item\">Combinaci\u00f3n perfecta y completa para distintas actividades diarias.<\/li>\n<\/ul>\n","protected":false},"featured_media":9251,"comment_status":"open","ping_status":"closed","template":"","meta":[],"pwb-brand":[109],"product_cat":[115,66,90],"product_tag":[],"class_list":{"0":"post-9250","1":"product","2":"type-product","3":"status-publish","4":"has-post-thumbnail","6":"pwb-brand-genius","7":"product_cat-combos","8":"product_cat-computacion","9":"product_cat-perifericos","11":"first","12":"outofstock","13":"shipping-taxable","14":"purchasable","15":"product-type-simple"},"brands":[{"id":109,"name":"Genius","slug":"genius"}],"_links":{"self":[{"href":"https:\/\/aptecnologia.com.ar\/new\/wp-json\/wp\/v2\/product\/9250","targetHints":{"allow":["GET"]}}],"collection":[{"href":"https:\/\/aptecnologia.com.ar\/new\/wp-json\/wp\/v2\/product"}],"about":[{"href":"https:\/\/aptecnologia.com.ar\/new\/wp-json\/wp\/v2\/types\/product"}],"replies":[{"embeddable":true,"href":"https:\/\/aptecnologia.com.ar\/new\/wp-json\/wp\/v2\/comments?post=9250"}],"version-history":[{"count":0,"href":"https:\/\/aptecnologia.com.ar\/new\/wp-json\/wp\/v2\/product\/9250\/revisions"}],"wp:featuredmedia":[{"embeddable":true,"href":"https:\/\/aptecnologia.com.ar\/new\/wp-json\/wp\/v2\/media\/9251"}],"wp:attachment":[{"href":"https:\/\/aptecnologia.com.ar\/new\/wp-json\/wp\/v2\/media?parent=9250"}],"wp:term":[{"taxonomy":"pwb-brand","embeddable":true,"href":"https:\/\/aptecnologia.com.ar\/new\/wp-json\/wp\/v2\/pwb-brand?post=9250"},{"taxonomy":"product_cat","embeddable":true,"href":"https:\/\/aptecnologia.com.ar\/new\/wp-json\/wp\/v2\/product_cat?post=9250"},{"taxonomy":"product_tag","embeddable":true,"href":"https:\/\/aptecnologia.com.ar\/new\/wp-json\/wp\/v2\/product_tag?post=9250"}],"curies":[{"name":"wp","href":"https:\/\/api.w.org\/{rel}","templated":true}]}}