{"id":9237,"date":"2021-12-04T14:16:03","date_gmt":"2021-12-04T14:16:03","guid":{"rendered":"https:\/\/aptecnologia.com.ar\/new\/?post_type=product&#038;p=9237"},"modified":"2022-07-12T12:44:13","modified_gmt":"2022-07-12T12:44:13","slug":"combo-headset-mouse-gxt-784-black-gaming-trust","status":"publish","type":"product","link":"https:\/\/aptecnologia.com.ar\/new\/productos\/combo-headset-mouse-gxt-784-black-gaming-trust\/","title":{"rendered":"Combo Headset\/Mouse GXT 784 Black Gaming &#8211; TRUST"},"content":{"rendered":"<p>Mouse<\/p>\n<p>\u2022 Bot\u00f3n de selecci\u00f3n de velocidad (600-4800 ppp)<br \/>\n\u2022 Tapa superior de goma para un agarre firme<br \/>\n\u2022 Logotipo iluminado con un patr\u00f3n de colores cambiantes<\/p>\n<p>Auricular<\/p>\n<p>Auricular est\u00e9reo con microfono multiplataforma<br \/>\nSonido potente<br \/>\nCable de un metro de longitud con conexi\u00f3n de 3.5 mm<br \/>\nSuaves y c\u00f3modas almohadillas para las orejas<br \/>\nAlargador de un metro incluido para PC\/notebook<br \/>\nMicr\u00f3fono ajustable y banda para la cabeza<br \/>\nObstrucci\u00f3n (36 O)^Sensibilidad de auricular: 108 dB (decibeles)<\/p>\n","protected":false},"excerpt":{"rendered":"<p>Mouse \u2022 Bot\u00f3n de selecci\u00f3n de velocidad (600-4800 ppp) \u2022 Tapa superior de goma para un agarre firme \u2022 Logotipo iluminado con un patr\u00f3n de colores cambiantes Auricular Auricular est\u00e9reo con microfono multiplataforma Sonido potente Cable de un metro de longitud con conexi\u00f3n de 3.5 mm Suaves y c\u00f3modas almohadillas para las orejas Alargador de [&hellip;]<\/p>\n","protected":false},"featured_media":9238,"comment_status":"open","ping_status":"closed","template":"","meta":[],"pwb-brand":[107],"product_cat":[115,66,90],"product_tag":[216],"class_list":{"0":"post-9237","1":"product","2":"type-product","3":"status-publish","4":"has-post-thumbnail","6":"pwb-brand-trust","7":"product_cat-combos","8":"product_cat-computacion","9":"product_cat-perifericos","10":"product_tag-diadelamigo","12":"first","13":"instock","14":"shipping-taxable","15":"purchasable","16":"product-type-simple"},"brands":[{"id":107,"name":"Trust","slug":"trust"}],"_links":{"self":[{"href":"https:\/\/aptecnologia.com.ar\/new\/wp-json\/wp\/v2\/product\/9237","targetHints":{"allow":["GET"]}}],"collection":[{"href":"https:\/\/aptecnologia.com.ar\/new\/wp-json\/wp\/v2\/product"}],"about":[{"href":"https:\/\/aptecnologia.com.ar\/new\/wp-json\/wp\/v2\/types\/product"}],"replies":[{"embeddable":true,"href":"https:\/\/aptecnologia.com.ar\/new\/wp-json\/wp\/v2\/comments?post=9237"}],"version-history":[{"count":0,"href":"https:\/\/aptecnologia.com.ar\/new\/wp-json\/wp\/v2\/product\/9237\/revisions"}],"wp:featuredmedia":[{"embeddable":true,"href":"https:\/\/aptecnologia.com.ar\/new\/wp-json\/wp\/v2\/media\/9238"}],"wp:attachment":[{"href":"https:\/\/aptecnologia.com.ar\/new\/wp-json\/wp\/v2\/media?parent=9237"}],"wp:term":[{"taxonomy":"pwb-brand","embeddable":true,"href":"https:\/\/aptecnologia.com.ar\/new\/wp-json\/wp\/v2\/pwb-brand?post=9237"},{"taxonomy":"product_cat","embeddable":true,"href":"https:\/\/aptecnologia.com.ar\/new\/wp-json\/wp\/v2\/product_cat?post=9237"},{"taxonomy":"product_tag","embeddable":true,"href":"https:\/\/aptecnologia.com.ar\/new\/wp-json\/wp\/v2\/product_tag?post=9237"}],"curies":[{"name":"wp","href":"https:\/\/api.w.org\/{rel}","templated":true}]}}