{"id":8648,"date":"2021-10-04T10:34:45","date_gmt":"2021-10-04T10:34:45","guid":{"rendered":"https:\/\/aptecnologia.com.ar\/new\/product\/mini-adaptador-usb-inalambrico-tl-wn823n-tplink\/"},"modified":"2022-03-08T15:29:59","modified_gmt":"2022-03-08T15:29:59","slug":"mini-adaptador-usb-inalambrico-tl-wn823n-tplink","status":"publish","type":"product","link":"https:\/\/aptecnologia.com.ar\/new\/productos\/mini-adaptador-usb-inalambrico-tl-wn823n-tplink\/","title":{"rendered":"Mini Adaptador USB Inalambrico TL-WN823N -TPLINK"},"content":{"rendered":"<p class=\"MsoNormal\"><span lang=\"es\" xml:lang=\"es\">Interfaz USB 2.0<\/span><\/p>\n<p class=\"MsoNormal\"><span lang=\"es\" xml:lang=\"es\">Botones: Bot\u00f3n de Configuraci\u00f3n Wi-Fi Protegida (WPS)<\/span><\/p>\n<p class=\"MsoNormal\"><span lang=\"es\" xml:lang=\"es\">Dimensiones: 1.54 x 0.72 x 0.31 in. (39 x 18.35 x 7.87mm)<\/span><\/p>\n<p class=\"MsoNormal\"><span lang=\"es\" xml:lang=\"es\">Tipo de Antena\u00a0 Interna<\/span><\/p>\n<p class=\"MsoNormal\"><span lang=\"es\" xml:lang=\"es\">Est\u00e1ndares Inal\u00e1mbricos: IEEE 802.11b, IEEE 802.11g, IEEE 802.11n<\/span><\/p>\n<p class=\"MsoNormal\"><span lang=\"es\" xml:lang=\"es\">Frecuencia: 2.400~2.4835GHz<\/span><\/p>\n<p class=\"MsoNormal\"><span lang=\"es\" xml:lang=\"es\">Tasa de Se\u00f1al: 11b: Hasta 11Mbps (din\u00e1mica)<\/span><\/p>\n<p class=\"MsoNormal\">11g: Hasta 54Mbps (din\u00e1mica)<\/p>\n<p class=\"MsoNormal\">11n: Hasta 300Mbps (din\u00e1mica)<\/p>\n","protected":false},"excerpt":{"rendered":"<p class=\"MsoNormal\"><span lang=\"es\" xml:lang=\"es\">Dise\u00f1ado para conectar su laptop o desktop a una red inal\u00e1mbrica y para disfrutar un desempe\u00f1o inal\u00e1mbrico de alta velocidad.<\/span><\/p>\n","protected":false},"featured_media":8645,"comment_status":"open","ping_status":"closed","template":"","meta":[],"pwb-brand":[102],"product_cat":[70,88],"product_tag":[],"class_list":{"0":"post-8648","1":"product","2":"type-product","3":"status-publish","4":"has-post-thumbnail","6":"pwb-brand-tplink","7":"product_cat-conectividad-y-redes","8":"product_cat-placa-de-red","10":"first","11":"outofstock","12":"shipping-taxable","13":"purchasable","14":"product-type-simple"},"brands":[{"id":102,"name":"Tp-Link","slug":"tplink"}],"_links":{"self":[{"href":"https:\/\/aptecnologia.com.ar\/new\/wp-json\/wp\/v2\/product\/8648","targetHints":{"allow":["GET"]}}],"collection":[{"href":"https:\/\/aptecnologia.com.ar\/new\/wp-json\/wp\/v2\/product"}],"about":[{"href":"https:\/\/aptecnologia.com.ar\/new\/wp-json\/wp\/v2\/types\/product"}],"replies":[{"embeddable":true,"href":"https:\/\/aptecnologia.com.ar\/new\/wp-json\/wp\/v2\/comments?post=8648"}],"version-history":[{"count":0,"href":"https:\/\/aptecnologia.com.ar\/new\/wp-json\/wp\/v2\/product\/8648\/revisions"}],"wp:featuredmedia":[{"embeddable":true,"href":"https:\/\/aptecnologia.com.ar\/new\/wp-json\/wp\/v2\/media\/8645"}],"wp:attachment":[{"href":"https:\/\/aptecnologia.com.ar\/new\/wp-json\/wp\/v2\/media?parent=8648"}],"wp:term":[{"taxonomy":"pwb-brand","embeddable":true,"href":"https:\/\/aptecnologia.com.ar\/new\/wp-json\/wp\/v2\/pwb-brand?post=8648"},{"taxonomy":"product_cat","embeddable":true,"href":"https:\/\/aptecnologia.com.ar\/new\/wp-json\/wp\/v2\/product_cat?post=8648"},{"taxonomy":"product_tag","embeddable":true,"href":"https:\/\/aptecnologia.com.ar\/new\/wp-json\/wp\/v2\/product_tag?post=8648"}],"curies":[{"name":"wp","href":"https:\/\/api.w.org\/{rel}","templated":true}]}}