{"id":15369,"date":"2024-09-05T20:38:12","date_gmt":"2024-09-05T23:38:12","guid":{"rendered":"https:\/\/aptecnologia.com.ar\/new\/?post_type=product&#038;p=15369"},"modified":"2025-05-02T09:44:21","modified_gmt":"2025-05-02T12:44:21","slug":"memoria-ram-sodimm-ddr4-16gb-2666mhz-hiksemi","status":"publish","type":"product","link":"https:\/\/aptecnologia.com.ar\/new\/productos\/memoria-ram-sodimm-ddr4-16gb-2666mhz-hiksemi\/","title":{"rendered":"Memoria Ram Sodimm DDR4 16Gb 2666Mhz &#8211; HIKSEMI"},"content":{"rendered":"","protected":false},"excerpt":{"rendered":"<p>Optimiz\u00e1 el rendimiento de tu m\u00e1quina con la tecnolog\u00eda DDR4.<\/p>\n<p>Memoria con formato SODIMM.<\/p>\n<p>Alcanza una velocidad de 2666 MHz.<\/p>\n<p>Apta para notebooks.<\/p>\n<p>Cuenta con una tasa de transferencia de 25600 MB\/s.<\/p>\n<p>Compatible con Intel Core AMD.<\/p>\n","protected":false},"featured_media":15370,"comment_status":"open","ping_status":"closed","template":"","meta":[],"pwb-brand":[],"product_cat":[66,92,91],"product_tag":[],"class_list":{"0":"post-15369","1":"product","2":"type-product","3":"status-publish","4":"has-post-thumbnail","6":"product_cat-computacion","7":"product_cat-memorias-ram","8":"product_cat-componentes","10":"first","11":"instock","12":"shipping-taxable","13":"purchasable","14":"product-type-simple"},"brands":[],"_links":{"self":[{"href":"https:\/\/aptecnologia.com.ar\/new\/wp-json\/wp\/v2\/product\/15369","targetHints":{"allow":["GET"]}}],"collection":[{"href":"https:\/\/aptecnologia.com.ar\/new\/wp-json\/wp\/v2\/product"}],"about":[{"href":"https:\/\/aptecnologia.com.ar\/new\/wp-json\/wp\/v2\/types\/product"}],"replies":[{"embeddable":true,"href":"https:\/\/aptecnologia.com.ar\/new\/wp-json\/wp\/v2\/comments?post=15369"}],"version-history":[{"count":1,"href":"https:\/\/aptecnologia.com.ar\/new\/wp-json\/wp\/v2\/product\/15369\/revisions"}],"predecessor-version":[{"id":15371,"href":"https:\/\/aptecnologia.com.ar\/new\/wp-json\/wp\/v2\/product\/15369\/revisions\/15371"}],"wp:featuredmedia":[{"embeddable":true,"href":"https:\/\/aptecnologia.com.ar\/new\/wp-json\/wp\/v2\/media\/15370"}],"wp:attachment":[{"href":"https:\/\/aptecnologia.com.ar\/new\/wp-json\/wp\/v2\/media?parent=15369"}],"wp:term":[{"taxonomy":"pwb-brand","embeddable":true,"href":"https:\/\/aptecnologia.com.ar\/new\/wp-json\/wp\/v2\/pwb-brand?post=15369"},{"taxonomy":"product_cat","embeddable":true,"href":"https:\/\/aptecnologia.com.ar\/new\/wp-json\/wp\/v2\/product_cat?post=15369"},{"taxonomy":"product_tag","embeddable":true,"href":"https:\/\/aptecnologia.com.ar\/new\/wp-json\/wp\/v2\/product_tag?post=15369"}],"curies":[{"name":"wp","href":"https:\/\/api.w.org\/{rel}","templated":true}]}}