{"id":15358,"date":"2024-09-05T19:43:00","date_gmt":"2024-09-05T22:43:00","guid":{"rendered":"https:\/\/aptecnologia.com.ar\/new\/?post_type=product&#038;p=15358"},"modified":"2025-05-02T09:44:21","modified_gmt":"2025-05-02T12:44:21","slug":"base-plegable-para-notebook-nisuta","status":"publish","type":"product","link":"https:\/\/aptecnologia.com.ar\/new\/productos\/base-plegable-para-notebook-nisuta\/","title":{"rendered":"Base plegable para notebook &#8211; NISUTA"},"content":{"rendered":"","protected":false},"excerpt":{"rendered":"<p>Construida en aleaci\u00f3n de aluminio de alta calidad<\/p>\n<p>Con almohadilla de silicona antideslizante<\/p>\n<p>De f\u00e1cil funcionamiento: en un segundo se abre o cierra r\u00e1pidamente para un uso diario<\/p>\n<p>Permite plegarlo para un f\u00e1cil transporte<\/p>\n<p>Uso en varios tama\u00f1os<\/p>\n<p>6 niveles de inclinaci\u00f3n que permite elegir el \u00e1ngulo m\u00e1s confortable<\/p>\n<p>Materiales: aluminio, silicona<\/p>\n<p>Peso: 218g<\/p>\n<p>Tama\u00f1o: 23.3*4.3*1.7CM<\/p>\n","protected":false},"featured_media":15360,"comment_status":"open","ping_status":"closed","template":"","meta":[],"pwb-brand":[],"product_cat":[274,192,66,72],"product_tag":[],"class_list":{"0":"post-15358","1":"product","2":"type-product","3":"status-publish","4":"has-post-thumbnail","6":"product_cat-accesoriosntb","7":"product_cat-accesorios","8":"product_cat-computacion","9":"product_cat-notebooks","11":"first","12":"instock","13":"shipping-taxable","14":"purchasable","15":"product-type-simple"},"brands":[],"_links":{"self":[{"href":"https:\/\/aptecnologia.com.ar\/new\/wp-json\/wp\/v2\/product\/15358","targetHints":{"allow":["GET"]}}],"collection":[{"href":"https:\/\/aptecnologia.com.ar\/new\/wp-json\/wp\/v2\/product"}],"about":[{"href":"https:\/\/aptecnologia.com.ar\/new\/wp-json\/wp\/v2\/types\/product"}],"replies":[{"embeddable":true,"href":"https:\/\/aptecnologia.com.ar\/new\/wp-json\/wp\/v2\/comments?post=15358"}],"version-history":[{"count":1,"href":"https:\/\/aptecnologia.com.ar\/new\/wp-json\/wp\/v2\/product\/15358\/revisions"}],"predecessor-version":[{"id":15359,"href":"https:\/\/aptecnologia.com.ar\/new\/wp-json\/wp\/v2\/product\/15358\/revisions\/15359"}],"wp:featuredmedia":[{"embeddable":true,"href":"https:\/\/aptecnologia.com.ar\/new\/wp-json\/wp\/v2\/media\/15360"}],"wp:attachment":[{"href":"https:\/\/aptecnologia.com.ar\/new\/wp-json\/wp\/v2\/media?parent=15358"}],"wp:term":[{"taxonomy":"pwb-brand","embeddable":true,"href":"https:\/\/aptecnologia.com.ar\/new\/wp-json\/wp\/v2\/pwb-brand?post=15358"},{"taxonomy":"product_cat","embeddable":true,"href":"https:\/\/aptecnologia.com.ar\/new\/wp-json\/wp\/v2\/product_cat?post=15358"},{"taxonomy":"product_tag","embeddable":true,"href":"https:\/\/aptecnologia.com.ar\/new\/wp-json\/wp\/v2\/product_tag?post=15358"}],"curies":[{"name":"wp","href":"https:\/\/api.w.org\/{rel}","templated":true}]}}