{"id":13977,"date":"2023-07-29T17:58:13","date_gmt":"2023-07-29T20:58:13","guid":{"rendered":"https:\/\/aptecnologia.com.ar\/new\/?post_type=product&#038;p=13977"},"modified":"2024-02-01T13:30:24","modified_gmt":"2024-02-01T16:30:24","slug":"reloj-band-7-black-amazfit-xiaomi","status":"publish","type":"product","link":"https:\/\/aptecnologia.com.ar\/new\/productos\/reloj-band-7-black-amazfit-xiaomi\/","title":{"rendered":"Reloj Band 7 Black &#8211; AMAZFIT \/ XIAOMI"},"content":{"rendered":"<p>Monitor de saturaci\u00f3n de ox\u00edgeno en sangre<br \/>\nEl nivel de ox\u00edgeno en sangre es un indicador muy importante para determinar el bienestar general. Vas a poder controlar este dato desde tu mu\u00f1eca y evaluar tu condici\u00f3n f\u00edsica mientras realices tus actividades diarias o en sesiones de entrenamiento intenso.<\/p>\n<p>Descans\u00e1 mejor, rend\u00ed m\u00e1s<br \/>\nGracias a la funci\u00f3n de monitoreo del sue\u00f1o podr\u00e1s aprender m\u00e1s acerca de tus h\u00e1bitos por las noches y la calidad de tu descanso para que puedas rendir mejor al d\u00eda siguiente.<\/p>\n<p>Energ\u00eda que se adapta a tu rutina<br \/>\n\u00a1Entren\u00e1 todos los d\u00edas! Su bater\u00eda tiene una duraci\u00f3n de hasta 7 d\u00edas, dependiendo de la intensidad del uso. Vas a tener energ\u00eda suficiente para acompa\u00f1ar tus entrenamientos diarios y llevarlos a otro nivel.<\/p>\n","protected":false},"excerpt":{"rendered":"<p>* Pantalla t\u00e1ctil AMOLED de 1.62&#8243;.<br \/>\n* Resiste hasta 50m bajo el agua.<br \/>\n* Bater\u00eda de 7 d\u00edas de duraci\u00f3n.<br \/>\n* Conectividad por Bluetooth.<br \/>\n* Capacidad de la memoria interna de 1MB.<br \/>\n* Sensores incluidos: pulsiox\u00edmetro, pod\u00f3metro, sensor hr, aceler\u00f3metro, giroscopio.<\/p>\n","protected":false},"featured_media":15024,"comment_status":"open","ping_status":"closed","template":"","meta":[],"pwb-brand":[106],"product_cat":[75,69],"product_tag":[],"class_list":{"0":"post-13977","1":"product","2":"type-product","3":"status-publish","4":"has-post-thumbnail","6":"pwb-brand-amazfit","7":"product_cat-relojes","8":"product_cat-salud-y-bienestar","10":"first","11":"outofstock","12":"shipping-taxable","13":"purchasable","14":"product-type-simple"},"brands":[{"id":106,"name":"Amazfit","slug":"amazfit"}],"_links":{"self":[{"href":"https:\/\/aptecnologia.com.ar\/new\/wp-json\/wp\/v2\/product\/13977","targetHints":{"allow":["GET"]}}],"collection":[{"href":"https:\/\/aptecnologia.com.ar\/new\/wp-json\/wp\/v2\/product"}],"about":[{"href":"https:\/\/aptecnologia.com.ar\/new\/wp-json\/wp\/v2\/types\/product"}],"replies":[{"embeddable":true,"href":"https:\/\/aptecnologia.com.ar\/new\/wp-json\/wp\/v2\/comments?post=13977"}],"version-history":[{"count":0,"href":"https:\/\/aptecnologia.com.ar\/new\/wp-json\/wp\/v2\/product\/13977\/revisions"}],"wp:featuredmedia":[{"embeddable":true,"href":"https:\/\/aptecnologia.com.ar\/new\/wp-json\/wp\/v2\/media\/15024"}],"wp:attachment":[{"href":"https:\/\/aptecnologia.com.ar\/new\/wp-json\/wp\/v2\/media?parent=13977"}],"wp:term":[{"taxonomy":"pwb-brand","embeddable":true,"href":"https:\/\/aptecnologia.com.ar\/new\/wp-json\/wp\/v2\/pwb-brand?post=13977"},{"taxonomy":"product_cat","embeddable":true,"href":"https:\/\/aptecnologia.com.ar\/new\/wp-json\/wp\/v2\/product_cat?post=13977"},{"taxonomy":"product_tag","embeddable":true,"href":"https:\/\/aptecnologia.com.ar\/new\/wp-json\/wp\/v2\/product_tag?post=13977"}],"curies":[{"name":"wp","href":"https:\/\/api.w.org\/{rel}","templated":true}]}}