{"id":13792,"date":"2023-07-11T15:49:59","date_gmt":"2023-07-11T18:49:59","guid":{"rendered":"https:\/\/aptecnologia.com.ar\/new\/?post_type=product&#038;p=13792"},"modified":"2023-07-27T09:54:26","modified_gmt":"2023-07-27T12:54:26","slug":"pendrive-retractil-16gb-negro-2-0-verbatim","status":"publish","type":"product","link":"https:\/\/aptecnologia.com.ar\/new\/productos\/pendrive-retractil-16gb-negro-2-0-verbatim\/","title":{"rendered":"Pendrive Retractil 16GB Negro 2.0 &#8211; VERBATIM"},"content":{"rendered":"<p>Regrese a lo b\u00e1sico con los dispositivos cl\u00e1sicos USB de Verbatim. Simplemente transporte y comparta archivos sin detalles adicionales innecesarios. Estos dispositivos USB le brindan s\u00f3lo lo b\u00e1sico: la capacidad de captar sus datos en un peque\u00f1o y conveniente lugar y llevar esa informaci\u00f3n con usted durante el d\u00eda. La cubierta retr\u00e1ctil protege los conectores USB y se desliza hacia adentro y afuera f\u00e1cilmente&#8230; \u00a1excelente para evitar roturas y prolongar la vida \u00fatil del producto! Tenga mucho o poco para guardar, Verbatim tiene un dispositivo USB cl\u00e1sico para cada necesidad.<\/p>\n","protected":false},"excerpt":{"rendered":"<p>* L\u00ednea: Store &#8216;n&#8217; Go<br \/>\n* Material: Pl\u00e1stico<br \/>\n* Velocidad de lectura: 8 MB\/s<br \/>\n* Velocidad de escritura: 2.5 MB\/s<\/p>\n","protected":false},"featured_media":13951,"comment_status":"open","ping_status":"closed","template":"","meta":[],"pwb-brand":[238],"product_cat":[199,149],"product_tag":[],"class_list":{"0":"post-13792","1":"product","2":"type-product","3":"status-publish","4":"has-post-thumbnail","6":"pwb-brand-verbatim","7":"product_cat-almacenamiento","8":"product_cat-pendrives","10":"first","11":"outofstock","12":"shipping-taxable","13":"purchasable","14":"product-type-simple"},"brands":[{"id":238,"name":"Verbatim","slug":"verbatim"}],"_links":{"self":[{"href":"https:\/\/aptecnologia.com.ar\/new\/wp-json\/wp\/v2\/product\/13792","targetHints":{"allow":["GET"]}}],"collection":[{"href":"https:\/\/aptecnologia.com.ar\/new\/wp-json\/wp\/v2\/product"}],"about":[{"href":"https:\/\/aptecnologia.com.ar\/new\/wp-json\/wp\/v2\/types\/product"}],"replies":[{"embeddable":true,"href":"https:\/\/aptecnologia.com.ar\/new\/wp-json\/wp\/v2\/comments?post=13792"}],"version-history":[{"count":0,"href":"https:\/\/aptecnologia.com.ar\/new\/wp-json\/wp\/v2\/product\/13792\/revisions"}],"wp:featuredmedia":[{"embeddable":true,"href":"https:\/\/aptecnologia.com.ar\/new\/wp-json\/wp\/v2\/media\/13951"}],"wp:attachment":[{"href":"https:\/\/aptecnologia.com.ar\/new\/wp-json\/wp\/v2\/media?parent=13792"}],"wp:term":[{"taxonomy":"pwb-brand","embeddable":true,"href":"https:\/\/aptecnologia.com.ar\/new\/wp-json\/wp\/v2\/pwb-brand?post=13792"},{"taxonomy":"product_cat","embeddable":true,"href":"https:\/\/aptecnologia.com.ar\/new\/wp-json\/wp\/v2\/product_cat?post=13792"},{"taxonomy":"product_tag","embeddable":true,"href":"https:\/\/aptecnologia.com.ar\/new\/wp-json\/wp\/v2\/product_tag?post=13792"}],"curies":[{"name":"wp","href":"https:\/\/api.w.org\/{rel}","templated":true}]}}