{"id":13639,"date":"2023-06-19T11:47:40","date_gmt":"2023-06-19T14:47:40","guid":{"rendered":"https:\/\/aptecnologia.com.ar\/new\/?post_type=product&#038;p=13639"},"modified":"2023-06-24T14:19:23","modified_gmt":"2023-06-24T17:19:23","slug":"pila-aaa-recargable-duracell","status":"publish","type":"product","link":"https:\/\/aptecnologia.com.ar\/new\/productos\/pila-aaa-recargable-duracell\/","title":{"rendered":"Pila AAA Recargable &#8211; DURACELL"},"content":{"rendered":"<p>&#8211; Composici\u00f3n: Alcalino<br \/>\n&#8211; Garant\u00eda de duraci\u00f3n de hasta 10 a\u00f1os<br \/>\n&#8211; Permiten hasta 100 recargas<br \/>\n&#8211; Ideales para juguetes, joysticks, linternas LED y mouses, entre otros<br \/>\n&#8211; Capacidad de la pila: 900 mAh<\/p>\n","protected":false},"excerpt":{"rendered":"<p>&#8211; Las pilas recargables AAA de 900 mAh son las pilas Duracell que m\u00e1s duran por carga (en el mismo dispositivo)<br \/>\n&#8211; Vienen precargadas para que puedas alimentar tus dispositivos directamente y retienen la carga hasta 12 meses cuando no est\u00e1n en uso<br \/>\n&#8211; Precio por unidad<br \/>\n&#8211; Voltaje nominal: 1.5V<\/p>\n","protected":false},"featured_media":13682,"comment_status":"open","ping_status":"closed","template":"","meta":[],"pwb-brand":[246],"product_cat":[245,71],"product_tag":[],"class_list":{"0":"post-13639","1":"product","2":"type-product","3":"status-publish","4":"has-post-thumbnail","6":"pwb-brand-duracell","7":"product_cat-pilas","8":"product_cat-hogar","10":"first","11":"instock","12":"shipping-taxable","13":"purchasable","14":"product-type-simple"},"brands":[{"id":246,"name":"DURACELL","slug":"duracell"}],"_links":{"self":[{"href":"https:\/\/aptecnologia.com.ar\/new\/wp-json\/wp\/v2\/product\/13639","targetHints":{"allow":["GET"]}}],"collection":[{"href":"https:\/\/aptecnologia.com.ar\/new\/wp-json\/wp\/v2\/product"}],"about":[{"href":"https:\/\/aptecnologia.com.ar\/new\/wp-json\/wp\/v2\/types\/product"}],"replies":[{"embeddable":true,"href":"https:\/\/aptecnologia.com.ar\/new\/wp-json\/wp\/v2\/comments?post=13639"}],"version-history":[{"count":0,"href":"https:\/\/aptecnologia.com.ar\/new\/wp-json\/wp\/v2\/product\/13639\/revisions"}],"wp:featuredmedia":[{"embeddable":true,"href":"https:\/\/aptecnologia.com.ar\/new\/wp-json\/wp\/v2\/media\/13682"}],"wp:attachment":[{"href":"https:\/\/aptecnologia.com.ar\/new\/wp-json\/wp\/v2\/media?parent=13639"}],"wp:term":[{"taxonomy":"pwb-brand","embeddable":true,"href":"https:\/\/aptecnologia.com.ar\/new\/wp-json\/wp\/v2\/pwb-brand?post=13639"},{"taxonomy":"product_cat","embeddable":true,"href":"https:\/\/aptecnologia.com.ar\/new\/wp-json\/wp\/v2\/product_cat?post=13639"},{"taxonomy":"product_tag","embeddable":true,"href":"https:\/\/aptecnologia.com.ar\/new\/wp-json\/wp\/v2\/product_tag?post=13639"}],"curies":[{"name":"wp","href":"https:\/\/api.w.org\/{rel}","templated":true}]}}