{"id":13549,"date":"2023-06-06T18:07:46","date_gmt":"2023-06-06T21:07:46","guid":{"rendered":"https:\/\/aptecnologia.com.ar\/new\/?post_type=product&#038;p=13549"},"modified":"2023-06-09T09:29:59","modified_gmt":"2023-06-09T12:29:59","slug":"pila-d2-alcalina-energizer","status":"publish","type":"product","link":"https:\/\/aptecnologia.com.ar\/new\/productos\/pila-d2-alcalina-energizer\/","title":{"rendered":"Pila D2 Alcalina &#8211; ENERGIZER"},"content":{"rendered":"<p>Una soluci\u00f3n para cada dispositivo<br \/>\nLas pilas alcalinas duran entre 4 y 9 veces m\u00e1s que las pilas con otras composiciones. Son las m\u00e1s comunes por su gran versatilidad, adapt\u00e1ndose a todo tipo de tama\u00f1os. Y aunque debemos desecharlas con cuidado, sus componentes son menos perjudiciales para el medio ambiente.<\/p>\n<p>Tiempo de uso<br \/>\nSu vida \u00fatil de 10 a\u00f1os te asegura que tendr\u00e1s energ\u00eda por m\u00e1s tiempo. Disfrut\u00e1 de las tecnolog\u00edas de tu hogar sin impedimentos.<\/p>\n<p>* Precio x pila<\/p>\n","protected":false},"excerpt":{"rendered":"<p>* Composici\u00f3n Alcalino<br \/>\n* 1.5V.<br \/>\n* El tiempo m\u00e1ximo de retenci\u00f3n de carga es de 10 a\u00f1os<br \/>\n* Sin mercurio<br \/>\n* No recargable<\/p>\n","protected":false},"featured_media":13568,"comment_status":"open","ping_status":"closed","template":"","meta":[],"pwb-brand":[247],"product_cat":[245,71],"product_tag":[],"brands":[{"id":247,"name":"ENERGIZER","slug":"energizer"}],"_links":{"self":[{"href":"https:\/\/aptecnologia.com.ar\/new\/wp-json\/wp\/v2\/product\/13549"}],"collection":[{"href":"https:\/\/aptecnologia.com.ar\/new\/wp-json\/wp\/v2\/product"}],"about":[{"href":"https:\/\/aptecnologia.com.ar\/new\/wp-json\/wp\/v2\/types\/product"}],"replies":[{"embeddable":true,"href":"https:\/\/aptecnologia.com.ar\/new\/wp-json\/wp\/v2\/comments?post=13549"}],"version-history":[{"count":0,"href":"https:\/\/aptecnologia.com.ar\/new\/wp-json\/wp\/v2\/product\/13549\/revisions"}],"wp:featuredmedia":[{"embeddable":true,"href":"https:\/\/aptecnologia.com.ar\/new\/wp-json\/wp\/v2\/media\/13568"}],"wp:attachment":[{"href":"https:\/\/aptecnologia.com.ar\/new\/wp-json\/wp\/v2\/media?parent=13549"}],"wp:term":[{"taxonomy":"pwb-brand","embeddable":true,"href":"https:\/\/aptecnologia.com.ar\/new\/wp-json\/wp\/v2\/pwb-brand?post=13549"},{"taxonomy":"product_cat","embeddable":true,"href":"https:\/\/aptecnologia.com.ar\/new\/wp-json\/wp\/v2\/product_cat?post=13549"},{"taxonomy":"product_tag","embeddable":true,"href":"https:\/\/aptecnologia.com.ar\/new\/wp-json\/wp\/v2\/product_tag?post=13549"}],"curies":[{"name":"wp","href":"https:\/\/api.w.org\/{rel}","templated":true}]}}