{"id":13452,"date":"2023-06-03T13:49:11","date_gmt":"2023-06-03T16:49:11","guid":{"rendered":"https:\/\/aptecnologia.com.ar\/new\/?post_type=product&#038;p=13452"},"modified":"2023-06-06T10:41:25","modified_gmt":"2023-06-06T13:41:25","slug":"combo-tecladomouse-primo-usb-trust","status":"publish","type":"product","link":"https:\/\/aptecnologia.com.ar\/new\/productos\/combo-tecladomouse-primo-usb-trust\/","title":{"rendered":"Combo teclado+mouse Primo USB &#8211; TRUST"},"content":{"rendered":"<p>Apostar por lo b\u00e1sico<\/p>\n<p>Hay teclados de todas las formas y medidas, \u00bfpero qu\u00e9 pasa si uno solo quiere algo b\u00e1sico? Eso es lo que ofrece exactamente el Trust Primo. Tiene un dise\u00f1o de tama\u00f1o completo, teclas resistentes al vertido de l\u00edquidos y permite ajustar su altura. Incluso se suministra con un rat\u00f3n sencillo ambidiestro para empezar a trabajar tan pronto se conecta este juego en el PC. El teclado Primo responde exactamente a las necesidades de cada usuario.<\/p>\n<p>Comodidad<\/p>\n<p>Un buen teclado tiene que resultar c\u00f3modo. Las teclas de perfil bajo de este teclado de tama\u00f1o completo y los soportes plegables proporcionan precisamente la comodidad necesaria que facilita la concentraci\u00f3n en el trabajo. No hay que preocuparse de si cae alg\u00fan l\u00edquido en el teclado Primo, ya que su dise\u00f1o resistente a los vertidos permite seguir trabajando sin problemas. As\u00ed que s\u00edrvase otra taza de caf\u00e9 y a por todas.<\/p>\n<p>F\u00e1cil<\/p>\n<p>Conecte el cable USB de 180 cm y listo. Cuando hay trabajo por hacer, a nadie le gusta tener que preocuparse por la instalaci\u00f3n de software o la configuraci\u00f3n de macros. El teclado Primo es un caballo de batalla que permite centrarse en el trabajo.<\/p>\n","protected":false},"excerpt":{"rendered":"<p>\u2022 Pack de teclado y rat\u00f3n con cable dise\u00f1ados para trabajar con comodidad<br \/>\n\u2022 Botones de teclas y rat\u00f3n silenciosos, para evitar molestias a la familia o los colegas<br \/>\n\u2022 Teclado de tama\u00f1o completo para una eficiencia y productividad \u00f3ptima<br \/>\n\u2022 Teclado resistente a los vertidos para proteger ante la ca\u00edda de l\u00edquidos<br \/>\n\u2022 Cable de 1,8 m de longitud; se puede colocar el teclado en cualquier lugar del escritorio<br \/>\n\u2022 Rat\u00f3n apto tanto para usuarios diestros como zurdos<\/p>\n","protected":false},"featured_media":13522,"comment_status":"open","ping_status":"closed","template":"","meta":[],"pwb-brand":[107],"product_cat":[115,90],"product_tag":[],"class_list":{"0":"post-13452","1":"product","2":"type-product","3":"status-publish","4":"has-post-thumbnail","6":"pwb-brand-trust","7":"product_cat-combos","8":"product_cat-perifericos","10":"first","11":"instock","12":"shipping-taxable","13":"purchasable","14":"product-type-simple"},"brands":[{"id":107,"name":"Trust","slug":"trust"}],"_links":{"self":[{"href":"https:\/\/aptecnologia.com.ar\/new\/wp-json\/wp\/v2\/product\/13452","targetHints":{"allow":["GET"]}}],"collection":[{"href":"https:\/\/aptecnologia.com.ar\/new\/wp-json\/wp\/v2\/product"}],"about":[{"href":"https:\/\/aptecnologia.com.ar\/new\/wp-json\/wp\/v2\/types\/product"}],"replies":[{"embeddable":true,"href":"https:\/\/aptecnologia.com.ar\/new\/wp-json\/wp\/v2\/comments?post=13452"}],"version-history":[{"count":0,"href":"https:\/\/aptecnologia.com.ar\/new\/wp-json\/wp\/v2\/product\/13452\/revisions"}],"wp:featuredmedia":[{"embeddable":true,"href":"https:\/\/aptecnologia.com.ar\/new\/wp-json\/wp\/v2\/media\/13522"}],"wp:attachment":[{"href":"https:\/\/aptecnologia.com.ar\/new\/wp-json\/wp\/v2\/media?parent=13452"}],"wp:term":[{"taxonomy":"pwb-brand","embeddable":true,"href":"https:\/\/aptecnologia.com.ar\/new\/wp-json\/wp\/v2\/pwb-brand?post=13452"},{"taxonomy":"product_cat","embeddable":true,"href":"https:\/\/aptecnologia.com.ar\/new\/wp-json\/wp\/v2\/product_cat?post=13452"},{"taxonomy":"product_tag","embeddable":true,"href":"https:\/\/aptecnologia.com.ar\/new\/wp-json\/wp\/v2\/product_tag?post=13452"}],"curies":[{"name":"wp","href":"https:\/\/api.w.org\/{rel}","templated":true}]}}