{"id":13450,"date":"2023-06-03T13:25:12","date_gmt":"2023-06-03T16:25:12","guid":{"rendered":"https:\/\/aptecnologia.com.ar\/new\/?post_type=product&#038;p=13450"},"modified":"2023-06-06T10:34:55","modified_gmt":"2023-06-06T13:34:55","slug":"micro-sd-128gb-c10-con-adaptador-sandisk","status":"publish","type":"product","link":"https:\/\/aptecnologia.com.ar\/new\/productos\/micro-sd-128gb-c10-con-adaptador-sandisk\/","title":{"rendered":"Micro SD 128gb C10 con adaptador &#8211; SANDISK"},"content":{"rendered":"<p>Optimiz\u00e1 tu espacio y gan\u00e1 tiempo<br \/>\nEsta tarjeta microSDXC posee un almacenamiento confiable y de gran rendimiento. Ideal para filmar videos de alta resoluci\u00f3n y fotograf\u00edas con alto nivel de detalle.<\/p>\n<p>M\u00e1ximo rendimiento<br \/>\nAhorr\u00e1 tiempo gracias a su velocidad clase 10, que posibilita la transferencia de datos de forma r\u00e1pida y efectiva.<\/p>\n<p>Vers\u00e1til y funcional<br \/>\n\u00a1Usala donde quieras! Su adaptador SD facilita la colocaci\u00f3n de la tarjeta en distintos aparatos electr\u00f3nicos, lo que te permitir\u00e1 intercambiarla y ganar espacio en el equipo que necesites.<\/p>\n","protected":false},"excerpt":{"rendered":"<p>* Tarjeta MicroSDXC<br \/>\n* Su velocidad de lectura es de 100MB\/s<br \/>\n* Posee adaptador de memoria<br \/>\n* Su resoluci\u00f3n m\u00e1xima de video es Full HD<br \/>\n* Almacena diferentes tipos de datos<br \/>\n* Clase de velocidad: 10<\/p>\n","protected":false},"featured_media":13519,"comment_status":"open","ping_status":"closed","template":"","meta":[],"pwb-brand":[150],"product_cat":[199,219],"product_tag":[],"class_list":{"0":"post-13450","1":"product","2":"type-product","3":"status-publish","4":"has-post-thumbnail","6":"pwb-brand-sandisk","7":"product_cat-almacenamiento","8":"product_cat-tarjetas-micro-sd","10":"first","11":"outofstock","12":"shipping-taxable","13":"purchasable","14":"product-type-simple"},"brands":[{"id":150,"name":"Sandisk","slug":"sandisk"}],"_links":{"self":[{"href":"https:\/\/aptecnologia.com.ar\/new\/wp-json\/wp\/v2\/product\/13450","targetHints":{"allow":["GET"]}}],"collection":[{"href":"https:\/\/aptecnologia.com.ar\/new\/wp-json\/wp\/v2\/product"}],"about":[{"href":"https:\/\/aptecnologia.com.ar\/new\/wp-json\/wp\/v2\/types\/product"}],"replies":[{"embeddable":true,"href":"https:\/\/aptecnologia.com.ar\/new\/wp-json\/wp\/v2\/comments?post=13450"}],"version-history":[{"count":0,"href":"https:\/\/aptecnologia.com.ar\/new\/wp-json\/wp\/v2\/product\/13450\/revisions"}],"wp:featuredmedia":[{"embeddable":true,"href":"https:\/\/aptecnologia.com.ar\/new\/wp-json\/wp\/v2\/media\/13519"}],"wp:attachment":[{"href":"https:\/\/aptecnologia.com.ar\/new\/wp-json\/wp\/v2\/media?parent=13450"}],"wp:term":[{"taxonomy":"pwb-brand","embeddable":true,"href":"https:\/\/aptecnologia.com.ar\/new\/wp-json\/wp\/v2\/pwb-brand?post=13450"},{"taxonomy":"product_cat","embeddable":true,"href":"https:\/\/aptecnologia.com.ar\/new\/wp-json\/wp\/v2\/product_cat?post=13450"},{"taxonomy":"product_tag","embeddable":true,"href":"https:\/\/aptecnologia.com.ar\/new\/wp-json\/wp\/v2\/product_tag?post=13450"}],"curies":[{"name":"wp","href":"https:\/\/api.w.org\/{rel}","templated":true}]}}