{"id":13448,"date":"2023-06-03T13:05:04","date_gmt":"2023-06-03T16:05:04","guid":{"rendered":"https:\/\/aptecnologia.com.ar\/new\/?post_type=product&#038;p=13448"},"modified":"2023-06-06T10:31:50","modified_gmt":"2023-06-06T13:31:50","slug":"camara-interior-ip-wifi-c6n-domo-ezviz","status":"publish","type":"product","link":"https:\/\/aptecnologia.com.ar\/new\/productos\/camara-interior-ip-wifi-c6n-domo-ezviz\/","title":{"rendered":"Camara Interior IP Wifi C6N Domo &#8211; EZVIZ"},"content":{"rendered":"<p>Habla con tus seres queridos y disuada a los desconocidos no deseados utilizando la funci\u00f3n de comunicaci\u00f3n bidireccional de la C6N. Utilizando la aplicaci\u00f3n EZVIZ en tu dispositivo m\u00f3vil, podes comunicarte f\u00e1cil y c\u00f3modamente desde cualquier lugar.<br \/>\nGuarda tus grabaciones con distintas opciones flexibles y seguras. La C6N incluye una ranura integrada para tarjetas microSD que permite almacenar hasta 256 GB de im\u00e1genes grabadas. Tambi\u00e9n podes guardar tus im\u00e1genes en la plataforma de servicio en la nube EZVIZ Cloud* para mayor seguridad.<br \/>\nCon IR inteligente, la intensidad de los ledes infrarrojos se ajustan autom\u00e1ticamente para evitar la sobre exposicion en modo de visi\u00f3n nocturna, as\u00ed obtendr\u00e1 m\u00e1s detalles del objeto o la persona capturados de noche.<\/p>\n","protected":false},"excerpt":{"rendered":"<p>* Resoluci\u00f3n m\u00e1x.: 1920 \u00d7 1080<br \/>\n* Velocidad de fotogramas M\u00e1x.: 15 fps; autoadaptativa durante la transmisi\u00f3n de red<br \/>\n* Sensor de imagen: CMOS de escaneo progresivo de 1\/4&#8243;<br \/>\n* Velocidad de obturaci\u00f3n: Obturador autoadaptativo<br \/>\n* Lente\t4 mm a F2.4, \u00e1ngulo de visi\u00f3n: 85\u00b0 en diagonal, 75\u00b0 en horizontal, 45\u00b0 en vertical<br \/>\n* Montura del objetivo: M12<br \/>\n* D\u00eda y noche: Filtro de paso infrarrojo con cambio autom\u00e1tico<br \/>\n* Reducci\u00f3n digital del ruido (DNR): Reducci\u00f3n digital del ruido 3D<br \/>\n* Rango din\u00e1mico amplio (WDR): Rango din\u00e1mico amplio digital<\/p>\n","protected":false},"featured_media":13515,"comment_status":"open","ping_status":"closed","template":"","meta":[],"pwb-brand":[260],"product_cat":[112,68],"product_tag":[],"class_list":{"0":"post-13448","1":"product","2":"type-product","3":"status-publish","4":"has-post-thumbnail","6":"pwb-brand-ezviz","7":"product_cat-camaras","8":"product_cat-seguridad-y-vigilancia","10":"first","11":"instock","12":"shipping-taxable","13":"purchasable","14":"product-type-simple"},"brands":[{"id":260,"name":"Ezviz","slug":"ezviz"}],"_links":{"self":[{"href":"https:\/\/aptecnologia.com.ar\/new\/wp-json\/wp\/v2\/product\/13448","targetHints":{"allow":["GET"]}}],"collection":[{"href":"https:\/\/aptecnologia.com.ar\/new\/wp-json\/wp\/v2\/product"}],"about":[{"href":"https:\/\/aptecnologia.com.ar\/new\/wp-json\/wp\/v2\/types\/product"}],"replies":[{"embeddable":true,"href":"https:\/\/aptecnologia.com.ar\/new\/wp-json\/wp\/v2\/comments?post=13448"}],"version-history":[{"count":0,"href":"https:\/\/aptecnologia.com.ar\/new\/wp-json\/wp\/v2\/product\/13448\/revisions"}],"wp:featuredmedia":[{"embeddable":true,"href":"https:\/\/aptecnologia.com.ar\/new\/wp-json\/wp\/v2\/media\/13515"}],"wp:attachment":[{"href":"https:\/\/aptecnologia.com.ar\/new\/wp-json\/wp\/v2\/media?parent=13448"}],"wp:term":[{"taxonomy":"pwb-brand","embeddable":true,"href":"https:\/\/aptecnologia.com.ar\/new\/wp-json\/wp\/v2\/pwb-brand?post=13448"},{"taxonomy":"product_cat","embeddable":true,"href":"https:\/\/aptecnologia.com.ar\/new\/wp-json\/wp\/v2\/product_cat?post=13448"},{"taxonomy":"product_tag","embeddable":true,"href":"https:\/\/aptecnologia.com.ar\/new\/wp-json\/wp\/v2\/product_tag?post=13448"}],"curies":[{"name":"wp","href":"https:\/\/api.w.org\/{rel}","templated":true}]}}