{"id":13353,"date":"2023-05-31T15:27:22","date_gmt":"2023-05-31T18:27:22","guid":{"rendered":"https:\/\/aptecnologia.com.ar\/new\/?post_type=product&#038;p=13353"},"modified":"2023-05-31T15:43:06","modified_gmt":"2023-05-31T18:43:06","slug":"placa-de-video-4g-1650-edition-twin-fan-zotac","status":"publish","type":"product","link":"https:\/\/aptecnologia.com.ar\/new\/productos\/placa-de-video-4g-1650-edition-twin-fan-zotac\/","title":{"rendered":"Placa de Video 4G 1650 Edition Twin Fan &#8211; ZOTAC"},"content":{"rendered":"<p>La nueva generaci\u00f3n de tarjetas graficas Zotac gaming geforce gtx esta aqu\u00ed. Basado en la nueva arquitectura nvidia turing, esta repleto de memoria ultra r\u00e1pida gddr6. Prep\u00e1rate para ser r\u00e1pido y fuerte en el juego. *gpu: geforce gtx 1650 *n\u00facleos cuda: 896 *memoria de video: 4 gb gddr6 *bus de memoria: 128 bits *reloj del motor: boost: 1650 mhz *reloj de memoria: 12 gbps *pci express: 3.0, salidas de pantalla displayport 1.4, hdmi 2.0 b, dual link dvi-d *compatibilidad con hdcp: Si *capacidad de m\u00faltiples pantallas: pantalla triple *fuente de alimentaci\u00f3n recomendada: 350 w *consumo de energ\u00eda: 75 w *entrada de alimentaci\u00f3n: 6 pines *directo: 12 nivel de caracter\u00edstica api 12_1 *opengl: 4.6 * refrigeraci\u00f3n: ventilador doble *tama\u00f1o de la ranura: ranura doble *sli: n\/a *sistema operativo compatible: Windows 10\/7 de 64 bits *longitud de la tarjeta: 162,4 mm x 115,2 mm x 35,3 mm \/ 6,39 pulg. x 4,54 pulg. x 1,39 pulg.<\/p>\n","protected":false},"excerpt":{"rendered":"<p>&#8211; Titulo de Catalogo Original : Zotac Gaming Geforce Gtx 1650 Amp Core 4gb Gddr6 128-bit Gaming Graphics Card, Super Compact, Zt-t16520j-10l<br \/>\n&#8211; Nueva arquitectura de turing, codificador de turing<br \/>\n&#8211; Reloj de impulso 1680 mhz, 4 gb de 128 bits gddr6<br \/>\n&#8211; Tarjeta supercompacta de 6,2 pulgadas, compatible con el 99 % de los sistemas<br \/>\n&#8211; Doble ranura, 4k ready<br \/>\n-Displayport 1.4, hdmi 2.0b, dl-dvi-d<\/p>\n","protected":false},"featured_media":13354,"comment_status":"open","ping_status":"closed","template":"","meta":[],"pwb-brand":[257],"product_cat":[91],"product_tag":[],"class_list":{"0":"post-13353","1":"product","2":"type-product","3":"status-publish","4":"has-post-thumbnail","6":"pwb-brand-zotac","7":"product_cat-componentes","9":"first","10":"outofstock","11":"shipping-taxable","12":"purchasable","13":"product-type-simple"},"brands":[{"id":257,"name":"ZOTAC","slug":"zotac"}],"_links":{"self":[{"href":"https:\/\/aptecnologia.com.ar\/new\/wp-json\/wp\/v2\/product\/13353","targetHints":{"allow":["GET"]}}],"collection":[{"href":"https:\/\/aptecnologia.com.ar\/new\/wp-json\/wp\/v2\/product"}],"about":[{"href":"https:\/\/aptecnologia.com.ar\/new\/wp-json\/wp\/v2\/types\/product"}],"replies":[{"embeddable":true,"href":"https:\/\/aptecnologia.com.ar\/new\/wp-json\/wp\/v2\/comments?post=13353"}],"version-history":[{"count":0,"href":"https:\/\/aptecnologia.com.ar\/new\/wp-json\/wp\/v2\/product\/13353\/revisions"}],"wp:featuredmedia":[{"embeddable":true,"href":"https:\/\/aptecnologia.com.ar\/new\/wp-json\/wp\/v2\/media\/13354"}],"wp:attachment":[{"href":"https:\/\/aptecnologia.com.ar\/new\/wp-json\/wp\/v2\/media?parent=13353"}],"wp:term":[{"taxonomy":"pwb-brand","embeddable":true,"href":"https:\/\/aptecnologia.com.ar\/new\/wp-json\/wp\/v2\/pwb-brand?post=13353"},{"taxonomy":"product_cat","embeddable":true,"href":"https:\/\/aptecnologia.com.ar\/new\/wp-json\/wp\/v2\/product_cat?post=13353"},{"taxonomy":"product_tag","embeddable":true,"href":"https:\/\/aptecnologia.com.ar\/new\/wp-json\/wp\/v2\/product_tag?post=13353"}],"curies":[{"name":"wp","href":"https:\/\/api.w.org\/{rel}","templated":true}]}}