{"id":13343,"date":"2023-05-31T12:18:28","date_gmt":"2023-05-31T15:18:28","guid":{"rendered":"https:\/\/aptecnologia.com.ar\/new\/?post_type=product&#038;p=13343"},"modified":"2023-05-31T13:12:09","modified_gmt":"2023-05-31T16:12:09","slug":"mother-h370m-hdv-1151-asrock","status":"publish","type":"product","link":"https:\/\/aptecnologia.com.ar\/new\/productos\/mother-h370m-hdv-1151-asrock\/","title":{"rendered":"Mother H370M-HDV (1151) &#8211; ASROCK"},"content":{"rendered":"<p>ASRock Super Aleaci\u00f3n<br \/>\n&#8211; PCB negro zafiro<br \/>\n&#8211; PCB de tela de vidrio de alta densidad<br \/>\nTienda de aplicaciones y actualizaci\u00f3n de ASRock Live<br \/>\nUPC<br \/>\n&#8211; Admite procesadores Intel\u00ae Core de novena y octava generaci\u00f3n (Socket 1151)<br \/>\n&#8211; Soporta CPU hasta 95W<br \/>\n&#8211; Dise\u00f1o de 4 fases de potencia<br \/>\n&#8211; Admite la tecnolog\u00eda Intel\u00ae Turbo Boost 2.0<br \/>\nChipset<br \/>\n&#8211; Intel\u00ae H370<br \/>\nMemoria<br \/>\n&#8211; Tecnolog\u00eda de memoria DDR4 de doble canal<br \/>\n&#8211; 2 ranuras DIMM DDR4<br \/>\n&#8211; Admite DDR4 2666\/2400\/2133 no ECC, memoria sin b\u00fafer<br \/>\n&#8211; M\u00e1x. capacidad de la memoria del sistema: 64GB *<br \/>\n&#8211; Soporta Intel\u00ae Extreme Memory Profile (XMP) 2.0<br \/>\n&#8211; Contacto de oro de 15? en ranuras DIMM<\/p>\n<p>BIOS<\/p>\n<p>BIOS legal de 128Mb AMI UEFI con soporte de GUI multiling\u00fce<br \/>\n&#8211; Eventos de activaci\u00f3n compatibles con ACPI 6.0<br \/>\n&#8211; Soporte SMBIOS 2.7<br \/>\n&#8211; DRAM, PCH 1.05V Voltaje de ajuste m\u00faltiple<br \/>\nGr\u00e1ficos<br \/>\n&#8211; Soporta gr\u00e1ficos integrados Intel\u00ae UHD gr\u00e1ficos: Intel\u00ae Quick Sync Video con AVC, MVC (S3D) y MPEG-2 Full HW Encode1, Intel\u00ae InTru 3D, Intel\u00ae Clear Video HD Technology, Intel\u00ae Insider , Intel \u00ae Gr\u00e1ficos UHD<br \/>\n&#8211; DirectX 12<br \/>\n&#8211; Codificaci\u00f3n \/ decodificaci\u00f3n HWA: AVC \/ H.264, HEVC \/ H.265 de 8 bits, HEVC \/ H.265 de 10 bits, VP8, VP9 de 8 bits, VP9 de 10 bits (solo decodificaci\u00f3n), MPEG2, MJPEG, VC-1<br \/>\n&#8211; Tres opciones de salida de gr\u00e1ficos: D-Sub, DVI-D y HDMI<br \/>\n&#8211; Soporta Triple Monitor<br \/>\n&#8211; Soporta HDMI 1.4 con m\u00e1x. resoluci\u00f3n de hasta 4K x 2K (4096&#215;2160) @ 30Hz<br \/>\n&#8211; Soporta DVI-D con m\u00e1x. resoluci\u00f3n hasta 1920&#215;1200 @ 60Hz<br \/>\n&#8211; Soporta D-Sub con m\u00e1x. resoluci\u00f3n hasta 1920&#215;1200 @ 60Hz<br \/>\n&#8211; Admite sincronizaci\u00f3n autom\u00e1tica de labios, color profundo (12bpc), xvYCC y HBR<br \/>\n&#8211; Soporta HDCP 2.2 con puertos DVI-D y HDMI 1.4<br \/>\n&#8211; Admite reproducci\u00f3n 4K Ultra HD (UHD) con puerto HDMI 1.4<\/p>\n<p>Audio<br \/>\n&#8211; Audio 7.1 CH HD (C\u00f3dec de audio Realtek 887\/897)<br \/>\n&#8211; Soporta protecci\u00f3n contra sobretensiones<br \/>\nLAN<br \/>\n&#8211; PCIE x1 Gigabit LAN 10\/100\/1000 Mb \/ s<br \/>\n&#8211; 1 x Realtek RTL8111H<br \/>\n&#8211; Soporta Wake-On-LAN<br \/>\n&#8211; Admite Ethernet de bajo consumo energ\u00e9tico 802.3az<br \/>\n&#8211; Soporta PXE<br \/>\nRanuras<br \/>\n&#8211; 1 x ranura PCI Express 3.0 x16 (PCIE2: modo x16)<br \/>\n&#8211; 1 x ranura PCI Express 3.0 x1<\/p>\n<p>Almacenamiento<br \/>\n&#8211; 4 x conectores SATA3 6.0 Gb \/ s, compatible con RAID (RAID 0, RAID 1, RAID 5, RAID 10, Tecnolog\u00eda de almacenamiento r\u00e1pido Intel\u00ae 15), NCQ, AHCI y Hot Plug<br \/>\nConector<br \/>\n&#8211; 1 x encabezado TPM<br \/>\n&#8211; 1 x Intrusi\u00f3n de chasis y encabezado de altavoz<br \/>\n&#8211; 1 x conector de ventilador de CPU (4 pines) *<br \/>\n&#8211; 1 x Conector del ventilador del chasis \/ bomba de agua (4 pines) (Control inteligente de velocidad del ventilador) **<br \/>\n&#8211; 1 conector de alimentaci\u00f3n ATX de 24 pines<br \/>\n&#8211; 1 conector de alimentaci\u00f3n de 12 V de 8 pines<br \/>\n&#8211; 1 x conector de audio del panel frontal<br \/>\n&#8211; 1 x Cabecera USB 2.0 (Admite 2 puertos USB 2.0) (Admite protecci\u00f3n ESD)<br \/>\n&#8211; 1 x Encabezado USB 3.2 Gen1 (Admite 2 puertos USB 3.2 Gen1) (Admite protecci\u00f3n ESD)<\/p>\n<p>CHA_FAN1 \/ WP puede detectar autom\u00e1ticamente si se est\u00e1 utilizando un ventilador de 3 o 4 pines.<br \/>\nE \/ S del panel trasero<br \/>\n&#8211; 1 puerto para teclado \/ mouse PS \/ 2<br \/>\n&#8211; 1 x puerto D-Sub<br \/>\n&#8211; 1 x puerto DVI-D<br \/>\n&#8211; 1 x puerto HDMI<br \/>\n&#8211; 4 puertos USB 2.0 (admite protecci\u00f3n ESD)<br \/>\n&#8211; 2 puertos USB 3.2 Gen1<br \/>\n&#8211; 1 puerto LAN RJ-45 con LED (LED ACT \/ LINK y LED VELOCIDAD)<br \/>\n&#8211; Tomas de audio HD: Entrada de l\u00ednea \/ Altavoz frontal \/ Micr\u00f3fono<br \/>\nSoftware y UEFI<br \/>\nSoftware<br \/>\n&#8211; Utilidad de placa base ASRock (A-Tuning)<br \/>\n&#8211; ASRock XFast LAN<br \/>\nUEFI<br \/>\n&#8211; Modo ASRock EZ<br \/>\n&#8211; ASRock Full HD UEFI<br \/>\n&#8211; Mis favoritos de ASRock en UEFI<br \/>\n&#8211; Flash instant\u00e1neo de ASRock<br \/>\n&#8211; Flash de Internet ASRock<br \/>\n&#8211; Instalador ASRock Easy RAID<\/p>\n<p>&#8211; Controladores, utilidades, software antivirus (versi\u00f3n de prueba), navegador y barra de herramientas de Google Chrome<br \/>\nAccesorios<br \/>\n&#8211; Gu\u00eda de instalaci\u00f3n r\u00e1pida, CD de soporte, I \/ O Shield<br \/>\n&#8211; 2 x cables de datos SATA<br \/>\nMonitor de hardware<br \/>\n&#8211; Detecci\u00f3n de temperatura: CPU, chasis \/ ventiladores de bomba de agua<br \/>\n&#8211; Tac\u00f3metro de ventilador: CPU, ventiladores de chasis \/ bomba de agua<br \/>\n&#8211; Ventilador silencioso (ajuste autom\u00e1tico de la velocidad del ventilador del chasis seg\u00fan la temperatura de la CPU): CPU, ventiladores de chasis \/ bomba de agua<br \/>\n&#8211; Control de velocidad m\u00faltiple del ventilador: CPU, ventiladores de chasis \/ bomba de agua<br \/>\n&#8211; Detecci\u00f3n de CASO ABIERTO<br \/>\n&#8211; Monitoreo de voltaje: + 12V, + 5V, + 3.3V, CPU Vcore<br \/>\nFactor de forma<br \/>\n&#8211; Factor de forma Micro ATX: 7.5 pulgadas x 7.4 pulgadas, 19.1 cm x 18.8 cm<br \/>\n&#8211; Dise\u00f1o de condensador s\u00f3lido<br \/>\nSO<br \/>\n&#8211; Microsoft\u00ae Windows\u00ae 10 de 64 bits \/ 11 de 64 bits<br \/>\nCertificaciones<br \/>\n&#8211; FCC, CE<br \/>\n&#8211; Preparado para ErP \/ EuP (se requiere una fuente de alimentaci\u00f3n preparada para ErP \/ EuP)<\/p>\n","protected":false},"excerpt":{"rendered":"<p>Ofrece velocidades de transferencia de datos hasta 10 veces m\u00e1s r\u00e1pidas que USB 2.0 con eficiencia energ\u00e9tica optimizada. La tecnolog\u00eda USB 3.2 Gen1 aumenta la velocidad de transferencia de datos hasta 5 Gb \/ s. ASRock proporciona 4 puertos USB 3.2 Gen1 integrados que le permiten tener una experiencia de transferencia de datos asombrosa<\/p>\n","protected":false},"featured_media":13344,"comment_status":"open","ping_status":"closed","template":"","meta":[],"pwb-brand":[256],"product_cat":[91],"product_tag":[],"class_list":{"0":"post-13343","1":"product","2":"type-product","3":"status-publish","4":"has-post-thumbnail","6":"pwb-brand-asrock","7":"product_cat-componentes","9":"first","10":"instock","11":"shipping-taxable","12":"purchasable","13":"product-type-simple"},"brands":[{"id":256,"name":"Asrock","slug":"asrock"}],"_links":{"self":[{"href":"https:\/\/aptecnologia.com.ar\/new\/wp-json\/wp\/v2\/product\/13343","targetHints":{"allow":["GET"]}}],"collection":[{"href":"https:\/\/aptecnologia.com.ar\/new\/wp-json\/wp\/v2\/product"}],"about":[{"href":"https:\/\/aptecnologia.com.ar\/new\/wp-json\/wp\/v2\/types\/product"}],"replies":[{"embeddable":true,"href":"https:\/\/aptecnologia.com.ar\/new\/wp-json\/wp\/v2\/comments?post=13343"}],"version-history":[{"count":0,"href":"https:\/\/aptecnologia.com.ar\/new\/wp-json\/wp\/v2\/product\/13343\/revisions"}],"wp:featuredmedia":[{"embeddable":true,"href":"https:\/\/aptecnologia.com.ar\/new\/wp-json\/wp\/v2\/media\/13344"}],"wp:attachment":[{"href":"https:\/\/aptecnologia.com.ar\/new\/wp-json\/wp\/v2\/media?parent=13343"}],"wp:term":[{"taxonomy":"pwb-brand","embeddable":true,"href":"https:\/\/aptecnologia.com.ar\/new\/wp-json\/wp\/v2\/pwb-brand?post=13343"},{"taxonomy":"product_cat","embeddable":true,"href":"https:\/\/aptecnologia.com.ar\/new\/wp-json\/wp\/v2\/product_cat?post=13343"},{"taxonomy":"product_tag","embeddable":true,"href":"https:\/\/aptecnologia.com.ar\/new\/wp-json\/wp\/v2\/product_tag?post=13343"}],"curies":[{"name":"wp","href":"https:\/\/api.w.org\/{rel}","templated":true}]}}