{"id":13340,"date":"2023-05-31T12:06:47","date_gmt":"2023-05-31T15:06:47","guid":{"rendered":"https:\/\/aptecnologia.com.ar\/new\/?post_type=product&#038;p=13340"},"modified":"2023-05-31T12:18:18","modified_gmt":"2023-05-31T15:18:18","slug":"micro-core-i3-10105f-qcore-6mb-3-7ghz-1200-intel","status":"publish","type":"product","link":"https:\/\/aptecnologia.com.ar\/new\/productos\/micro-core-i3-10105f-qcore-6mb-3-7ghz-1200-intel\/","title":{"rendered":"Micro Core i3-10105F QCore 6MB 3.7GHz 1200 &#8211; INTEL"},"content":{"rendered":"<p>Productividad y entretenimiento, todo disponible en computadoras de escritorio. La superioridad tecnol\u00f3gica de Intel es un beneficio para todo tipo de profesionales. Asegura el mejor rendimiento de las aplicaciones, de la transferencia de datos y la conexi\u00f3n con otros elementos tecnol\u00f3gicos.<\/p>\n<p>N\u00facleos: el coraz\u00f3n del procesador<br \/>\nDentro de este producto vas a encontrar los n\u00facleos, que son los encargados de ejecutar las instrucciones y actividades que le asign\u00e1s a tu dispositivo. Estos est\u00e1n en relaci\u00f3n directa con dos elementos: los hilos y el modelo, por lo que a la hora de elegir un procesador es importante que valores los tres en su conjunto.<\/p>\n","protected":false},"excerpt":{"rendered":"<p>Conjunto de productos: Procesadores Intel Core i3 de 10ma Generaci\u00f3n<br \/>\nNombre de c\u00f3digo: Productos anteriormente Comet Lake<br \/>\nSegmento vertical: Desktop<br \/>\nN\u00famero de procesador: i3-10100F<br \/>\nEstado: Launched<br \/>\nFecha de lanzamiento: Q1&#8217;21<br \/>\nLitograf\u00eda: 14 nm<\/p>\n","protected":false},"featured_media":13341,"comment_status":"open","ping_status":"closed","template":"","meta":[],"pwb-brand":[136],"product_cat":[91],"product_tag":[],"class_list":{"0":"post-13340","1":"product","2":"type-product","3":"status-publish","4":"has-post-thumbnail","6":"pwb-brand-intel","7":"product_cat-componentes","9":"first","10":"instock","11":"shipping-taxable","12":"purchasable","13":"product-type-simple"},"brands":[{"id":136,"name":"Intel","slug":"intel"}],"_links":{"self":[{"href":"https:\/\/aptecnologia.com.ar\/new\/wp-json\/wp\/v2\/product\/13340","targetHints":{"allow":["GET"]}}],"collection":[{"href":"https:\/\/aptecnologia.com.ar\/new\/wp-json\/wp\/v2\/product"}],"about":[{"href":"https:\/\/aptecnologia.com.ar\/new\/wp-json\/wp\/v2\/types\/product"}],"replies":[{"embeddable":true,"href":"https:\/\/aptecnologia.com.ar\/new\/wp-json\/wp\/v2\/comments?post=13340"}],"version-history":[{"count":0,"href":"https:\/\/aptecnologia.com.ar\/new\/wp-json\/wp\/v2\/product\/13340\/revisions"}],"wp:featuredmedia":[{"embeddable":true,"href":"https:\/\/aptecnologia.com.ar\/new\/wp-json\/wp\/v2\/media\/13341"}],"wp:attachment":[{"href":"https:\/\/aptecnologia.com.ar\/new\/wp-json\/wp\/v2\/media?parent=13340"}],"wp:term":[{"taxonomy":"pwb-brand","embeddable":true,"href":"https:\/\/aptecnologia.com.ar\/new\/wp-json\/wp\/v2\/pwb-brand?post=13340"},{"taxonomy":"product_cat","embeddable":true,"href":"https:\/\/aptecnologia.com.ar\/new\/wp-json\/wp\/v2\/product_cat?post=13340"},{"taxonomy":"product_tag","embeddable":true,"href":"https:\/\/aptecnologia.com.ar\/new\/wp-json\/wp\/v2\/product_tag?post=13340"}],"curies":[{"name":"wp","href":"https:\/\/api.w.org\/{rel}","templated":true}]}}