{"id":13118,"date":"2023-05-15T14:37:52","date_gmt":"2023-05-15T17:37:52","guid":{"rendered":"https:\/\/aptecnologia.com.ar\/new\/?post_type=product&#038;p=13118"},"modified":"2023-05-15T14:44:06","modified_gmt":"2023-05-15T17:44:06","slug":"bateria-9v1-energizer","status":"publish","type":"product","link":"https:\/\/aptecnologia.com.ar\/new\/productos\/bateria-9v1-energizer\/","title":{"rendered":"Bater\u00eda 9V1 &#8211; ENERGIZER"},"content":{"rendered":"<p>La pila alcalina con la que cuentas todos los d\u00edas para dar energ\u00eda a tus detectores de humo y relojes de alarma, es a\u00fan mejor. Presentamos las pilas Energizer MAX\u00ae 9V, ahora con Powerseal\u2122. Nuestras pilas 9V mantienen su carga durante 5 a\u00f1os, por lo que puedes estar seguro de que siempre tendr\u00e1s energ\u00eda en la que puedes confiar, tanto si est\u00e1s ayudando a mantener a tu familia a salvo del fuego o del mon\u00f3xido de carbono, o simplemente si quieres empezar el d\u00eda a tiempo. Una vida \u00fatil de 5 a\u00f1os significa que puedes estar seguro de que siempre tendr\u00e1s energ\u00eda cuando m\u00e1s la necesitas.<br \/>\n* Cuando no est\u00e1 en uso<br \/>\n*Del derrame de las pilas usadas hasta 2 a\u00f1os.<\/p>\n","protected":false},"excerpt":{"rendered":"<p>Marca: ENERGIZER<br \/>\nModelo: 9v1<br \/>\nC\u00f3digo universal: 299060040<\/p>\n","protected":false},"featured_media":13119,"comment_status":"open","ping_status":"closed","template":"","meta":[],"pwb-brand":[247],"product_cat":[245,71],"product_tag":[],"class_list":{"0":"post-13118","1":"product","2":"type-product","3":"status-publish","4":"has-post-thumbnail","6":"pwb-brand-energizer","7":"product_cat-pilas","8":"product_cat-hogar","10":"first","11":"instock","12":"shipping-taxable","13":"purchasable","14":"product-type-simple"},"brands":[{"id":247,"name":"ENERGIZER","slug":"energizer"}],"_links":{"self":[{"href":"https:\/\/aptecnologia.com.ar\/new\/wp-json\/wp\/v2\/product\/13118","targetHints":{"allow":["GET"]}}],"collection":[{"href":"https:\/\/aptecnologia.com.ar\/new\/wp-json\/wp\/v2\/product"}],"about":[{"href":"https:\/\/aptecnologia.com.ar\/new\/wp-json\/wp\/v2\/types\/product"}],"replies":[{"embeddable":true,"href":"https:\/\/aptecnologia.com.ar\/new\/wp-json\/wp\/v2\/comments?post=13118"}],"version-history":[{"count":0,"href":"https:\/\/aptecnologia.com.ar\/new\/wp-json\/wp\/v2\/product\/13118\/revisions"}],"wp:featuredmedia":[{"embeddable":true,"href":"https:\/\/aptecnologia.com.ar\/new\/wp-json\/wp\/v2\/media\/13119"}],"wp:attachment":[{"href":"https:\/\/aptecnologia.com.ar\/new\/wp-json\/wp\/v2\/media?parent=13118"}],"wp:term":[{"taxonomy":"pwb-brand","embeddable":true,"href":"https:\/\/aptecnologia.com.ar\/new\/wp-json\/wp\/v2\/pwb-brand?post=13118"},{"taxonomy":"product_cat","embeddable":true,"href":"https:\/\/aptecnologia.com.ar\/new\/wp-json\/wp\/v2\/product_cat?post=13118"},{"taxonomy":"product_tag","embeddable":true,"href":"https:\/\/aptecnologia.com.ar\/new\/wp-json\/wp\/v2\/product_tag?post=13118"}],"curies":[{"name":"wp","href":"https:\/\/api.w.org\/{rel}","templated":true}]}}