{"id":13073,"date":"2023-05-12T12:10:31","date_gmt":"2023-05-12T15:10:31","guid":{"rendered":"https:\/\/aptecnologia.com.ar\/new\/?post_type=product&#038;p=13073"},"modified":"2023-05-12T12:24:08","modified_gmt":"2023-05-12T15:24:08","slug":"pila-cr2025-gp","status":"publish","type":"product","link":"https:\/\/aptecnologia.com.ar\/new\/productos\/pila-cr2025-gp\/","title":{"rendered":"Pila CR2025 &#8211; GP"},"content":{"rendered":"<p>La pila de bot\u00f3n de litio GP suministra energ\u00eda a una amplia gama de peque\u00f1os dispositivos electr\u00f3nicos, desde calculadoras, juguetes y sistemas de entrada sin llave, hasta libros electr\u00f3nicos. Todos funcionan con pilas de bot\u00f3n peque\u00f1as pero potentes fabricadas por GP Batteries.<\/p>\n","protected":false},"excerpt":{"rendered":"<p>* Soluci\u00f3n de energ\u00eda para muchos dispositivos<br \/>\n* Peque\u00f1as y potentes<br \/>\n* 0% mercurio a\u00f1adido<\/p>\n","protected":false},"featured_media":13074,"comment_status":"open","ping_status":"closed","template":"","meta":[],"pwb-brand":[249],"product_cat":[245,71],"product_tag":[],"class_list":{"0":"post-13073","1":"product","2":"type-product","3":"status-publish","4":"has-post-thumbnail","6":"pwb-brand-gp","7":"product_cat-pilas","8":"product_cat-hogar","10":"first","11":"instock","12":"shipping-taxable","13":"purchasable","14":"product-type-simple"},"brands":[{"id":249,"name":"GP","slug":"gp"}],"_links":{"self":[{"href":"https:\/\/aptecnologia.com.ar\/new\/wp-json\/wp\/v2\/product\/13073","targetHints":{"allow":["GET"]}}],"collection":[{"href":"https:\/\/aptecnologia.com.ar\/new\/wp-json\/wp\/v2\/product"}],"about":[{"href":"https:\/\/aptecnologia.com.ar\/new\/wp-json\/wp\/v2\/types\/product"}],"replies":[{"embeddable":true,"href":"https:\/\/aptecnologia.com.ar\/new\/wp-json\/wp\/v2\/comments?post=13073"}],"version-history":[{"count":0,"href":"https:\/\/aptecnologia.com.ar\/new\/wp-json\/wp\/v2\/product\/13073\/revisions"}],"wp:featuredmedia":[{"embeddable":true,"href":"https:\/\/aptecnologia.com.ar\/new\/wp-json\/wp\/v2\/media\/13074"}],"wp:attachment":[{"href":"https:\/\/aptecnologia.com.ar\/new\/wp-json\/wp\/v2\/media?parent=13073"}],"wp:term":[{"taxonomy":"pwb-brand","embeddable":true,"href":"https:\/\/aptecnologia.com.ar\/new\/wp-json\/wp\/v2\/pwb-brand?post=13073"},{"taxonomy":"product_cat","embeddable":true,"href":"https:\/\/aptecnologia.com.ar\/new\/wp-json\/wp\/v2\/product_cat?post=13073"},{"taxonomy":"product_tag","embeddable":true,"href":"https:\/\/aptecnologia.com.ar\/new\/wp-json\/wp\/v2\/product_tag?post=13073"}],"curies":[{"name":"wp","href":"https:\/\/api.w.org\/{rel}","templated":true}]}}