{"id":12981,"date":"2023-05-03T11:11:05","date_gmt":"2023-05-03T14:11:05","guid":{"rendered":"https:\/\/aptecnologia.com.ar\/new\/?post_type=product&#038;p=12981"},"modified":"2023-09-11T16:08:18","modified_gmt":"2023-09-11T19:08:18","slug":"mini-tripode-trip-4-universal-c-soporte-23cm-netmak","status":"publish","type":"product","link":"https:\/\/aptecnologia.com.ar\/new\/productos\/mini-tripode-trip-4-universal-c-soporte-23cm-netmak\/","title":{"rendered":"Mini Tripode Trip 4 Universal c\/ Soporte 23cm &#8211; NETMAK"},"content":{"rendered":"<p>Tr\u00edpode Soporte 360\u00b0 para celular y c\u00e1mara<\/p>\n<p>&#8211; Ideal para capturar fotos y videos<br \/>\n&#8211; Compatible con todos los celulares<br \/>\n&#8211; Su dise\u00f1o brinda comodidad y seguridad<br \/>\n&#8211; Soporte de m\u00faltiples \u00e1ngulos, f\u00e1cil de transportar<br \/>\n&#8211; \u00c1ngulo multimodal, rotaci\u00f3n de 360\u00b0<br \/>\n&#8211; ALTURA regulable de 23 a 28 cm<br \/>\n&#8211; Tr\u00edpode estable, amplio rango de visi\u00f3n<br \/>\n&#8211; La transmisi\u00f3n en vivo es m\u00e1s profesional: \u00e1ngulo de visi\u00f3n libre de m\u00faltiples \u00e1ngulos, en vivo en cualquier momento y en cualquier lugar.<br \/>\n&#8211; Panel de f\u00e1cil desmontaje.<br \/>\n&#8211; Las perlas horizontales garantizan la precisi\u00f3n de disparo, un dise\u00f1o personalizado de carga y descarga r\u00e1pida<br \/>\n&#8211; Bot\u00f3n de ajuste<br \/>\n&#8211; Ajuste la rotaci\u00f3n de paneo \/ inclinaci\u00f3n 360 \u00b0 para satisfacer sus diversas necesidades de disparo<br \/>\n&#8211; Puede equiparse con un tr\u00edpode, adecuado para tel\u00e9fonos m\u00f3viles de 6 pulgadas o menos, con nuevas alfombrillas antideslizantes,<br \/>\n&#8211; A prueba de golpes y f\u00e1ciles de caerse<br \/>\n&#8211; Dise\u00f1o antideslizante<br \/>\n&#8211; Con esterilla antideslizante, estable y resistente a la carga.<\/p>\n","protected":false},"excerpt":{"rendered":"<p>Marca: Netmak<\/p>\n<p>Modelo: NM-TRIP4<\/p>\n<p>Color: Negro<\/p>\n","protected":false},"featured_media":12982,"comment_status":"open","ping_status":"closed","template":"","meta":[],"pwb-brand":[208],"product_cat":[197,196],"product_tag":[],"class_list":{"0":"post-12981","1":"product","2":"type-product","3":"status-publish","4":"has-post-thumbnail","6":"pwb-brand-netmak","7":"product_cat-accesorios-celulares","8":"product_cat-celulares","10":"first","11":"outofstock","12":"shipping-taxable","13":"purchasable","14":"product-type-simple"},"brands":[{"id":208,"name":"Netmak","slug":"netmak"}],"_links":{"self":[{"href":"https:\/\/aptecnologia.com.ar\/new\/wp-json\/wp\/v2\/product\/12981","targetHints":{"allow":["GET"]}}],"collection":[{"href":"https:\/\/aptecnologia.com.ar\/new\/wp-json\/wp\/v2\/product"}],"about":[{"href":"https:\/\/aptecnologia.com.ar\/new\/wp-json\/wp\/v2\/types\/product"}],"replies":[{"embeddable":true,"href":"https:\/\/aptecnologia.com.ar\/new\/wp-json\/wp\/v2\/comments?post=12981"}],"version-history":[{"count":0,"href":"https:\/\/aptecnologia.com.ar\/new\/wp-json\/wp\/v2\/product\/12981\/revisions"}],"wp:featuredmedia":[{"embeddable":true,"href":"https:\/\/aptecnologia.com.ar\/new\/wp-json\/wp\/v2\/media\/12982"}],"wp:attachment":[{"href":"https:\/\/aptecnologia.com.ar\/new\/wp-json\/wp\/v2\/media?parent=12981"}],"wp:term":[{"taxonomy":"pwb-brand","embeddable":true,"href":"https:\/\/aptecnologia.com.ar\/new\/wp-json\/wp\/v2\/pwb-brand?post=12981"},{"taxonomy":"product_cat","embeddable":true,"href":"https:\/\/aptecnologia.com.ar\/new\/wp-json\/wp\/v2\/product_cat?post=12981"},{"taxonomy":"product_tag","embeddable":true,"href":"https:\/\/aptecnologia.com.ar\/new\/wp-json\/wp\/v2\/product_tag?post=12981"}],"curies":[{"name":"wp","href":"https:\/\/api.w.org\/{rel}","templated":true}]}}