{"id":12968,"date":"2023-05-02T15:57:14","date_gmt":"2023-05-02T18:57:14","guid":{"rendered":"https:\/\/aptecnologia.com.ar\/new\/?post_type=product&#038;p=12968"},"modified":"2023-05-12T17:01:39","modified_gmt":"2023-05-12T20:01:39","slug":"notebook-14-e41-50-i3-1005g1-8gb-ssd512-w10p-lenovo","status":"publish","type":"product","link":"https:\/\/aptecnologia.com.ar\/new\/productos\/notebook-14-e41-50-i3-1005g1-8gb-ssd512-w10p-lenovo\/","title":{"rendered":"Notebook I3 14 E41-50 -1005G1 8GB SSD512 W10P &#8211; LENOVO"},"content":{"rendered":"<p>Pantalla.<\/p>\n<p>La\u00a0<strong>notebook Lenovo E41-50<\/strong>\u00a0cuenta con una pantalla\u00a0<strong>HD<\/strong>\u00a0de\u00a0<strong>14 pulgadas (1366&#215;768 p\u00edxeles)<\/strong> y bordes laterales estrechos, tus contenidos ganar\u00e1n calidad y definici\u00f3n en cada detalle, con colores m\u00e1s vivos y definidos.<\/p>\n<p>Rendimiento.<\/p>\n<p>Con el procesador\u00a0<strong>Intel Core i3-1005G1<\/strong>\u00a010\u00aa generaci\u00f3n combinada con la memoria\u00a0<strong>RAM de 8 GB<\/strong>\u00a0te permitir\u00e1 agilizar el proceso de datos, la apertura de aplicaciones y mejorar la capacidad multitarea del equipo.<\/p>\n<p>Gran capacidad de almacenamiento.<\/p>\n<p>El\u00a0<strong>disco s\u00f3lido de 512 GB<\/strong>\u00a0brinda mayor rapidez en cuando a la transferencia de datos, ejecuci\u00f3n de programas y capacidad de almacenaje.<\/p>\n<p>Bater\u00eda.<\/p>\n<p>Una bater\u00eda de larga duraci\u00f3n de\u00a0<strong>45 Wh,<\/strong>\u00a0que, combinado con sus componentes, permite realizas las tareas sin interrupciones.<\/p>\n","protected":false},"excerpt":{"rendered":"<p>Intel i3 1005 G1 label(for 10th Gen) S3 CHIPSET MEMORIA 8GB DDR4 3200 SoDIMM CANT SLOT DDR PANTALLA 14 HD DISCO CANT SLOT SATA NINGUNO CANT SLOT M.2 512GB SSD M.2 2242 NVMe TLC DVD NO WIFI SI OTROS BT GTIA FABRICA 12 MESES CARRY IN GTIA EXTENDIDA SIST OPERATIVO w10 pro 64B BATERIA 3Cell 45Wh Internal<\/p>\n","protected":false},"featured_media":12969,"comment_status":"open","ping_status":"closed","template":"","meta":[],"pwb-brand":[148],"product_cat":[66,72],"product_tag":[],"class_list":{"0":"post-12968","1":"product","2":"type-product","3":"status-publish","4":"has-post-thumbnail","6":"pwb-brand-lenovo","7":"product_cat-computacion","8":"product_cat-notebooks","10":"first","11":"outofstock","12":"shipping-taxable","13":"purchasable","14":"product-type-simple"},"brands":[{"id":148,"name":"Lenovo","slug":"lenovo"}],"_links":{"self":[{"href":"https:\/\/aptecnologia.com.ar\/new\/wp-json\/wp\/v2\/product\/12968","targetHints":{"allow":["GET"]}}],"collection":[{"href":"https:\/\/aptecnologia.com.ar\/new\/wp-json\/wp\/v2\/product"}],"about":[{"href":"https:\/\/aptecnologia.com.ar\/new\/wp-json\/wp\/v2\/types\/product"}],"replies":[{"embeddable":true,"href":"https:\/\/aptecnologia.com.ar\/new\/wp-json\/wp\/v2\/comments?post=12968"}],"version-history":[{"count":0,"href":"https:\/\/aptecnologia.com.ar\/new\/wp-json\/wp\/v2\/product\/12968\/revisions"}],"wp:featuredmedia":[{"embeddable":true,"href":"https:\/\/aptecnologia.com.ar\/new\/wp-json\/wp\/v2\/media\/12969"}],"wp:attachment":[{"href":"https:\/\/aptecnologia.com.ar\/new\/wp-json\/wp\/v2\/media?parent=12968"}],"wp:term":[{"taxonomy":"pwb-brand","embeddable":true,"href":"https:\/\/aptecnologia.com.ar\/new\/wp-json\/wp\/v2\/pwb-brand?post=12968"},{"taxonomy":"product_cat","embeddable":true,"href":"https:\/\/aptecnologia.com.ar\/new\/wp-json\/wp\/v2\/product_cat?post=12968"},{"taxonomy":"product_tag","embeddable":true,"href":"https:\/\/aptecnologia.com.ar\/new\/wp-json\/wp\/v2\/product_tag?post=12968"}],"curies":[{"name":"wp","href":"https:\/\/api.w.org\/{rel}","templated":true}]}}