{"id":12571,"date":"2023-02-27T15:59:02","date_gmt":"2023-02-27T15:59:02","guid":{"rendered":"https:\/\/aptecnologia.com.ar\/new\/?post_type=product&#038;p=12571"},"modified":"2023-02-27T15:59:02","modified_gmt":"2023-02-27T15:59:02","slug":"auricular-headset-70723-c-mic-usb-verbatim","status":"publish","type":"product","link":"https:\/\/aptecnologia.com.ar\/new\/productos\/auricular-headset-70723-c-mic-usb-verbatim\/","title":{"rendered":"Auricular Headset 70723 C\/Mic USB &#8211; VERBATIM"},"content":{"rendered":"<p>En la calle, en el colectivo o en la oficina, ten\u00e9 siempre a mano tus auriculares Verbatim y \u00a1escapate de la rutina por un rato! Vas a poder disfrutar de la m\u00fasica que m\u00e1s te gusta y de tus podcasts favoritos cuando quieras y donde quieras.<\/p>\n<p>El formato perfecto para vos<br \/>\nAl ser headset podr\u00e1s escuchar tu m\u00fasica preferida, mantener llamadas telef\u00f3nicas y jugar en l\u00ednea desde tu PC sin perderte ning\u00fan detalle.<\/p>\n","protected":false},"excerpt":{"rendered":"<p>Micr\u00f3fono flexible incorporado.<br \/>\nSonido superior y sin l\u00edmites.<br \/>\nC\u00f3modos y pr\u00e1cticos.<\/p>\n","protected":false},"featured_media":12572,"comment_status":"open","ping_status":"closed","template":"","meta":[],"pwb-brand":[238],"product_cat":[67,86],"product_tag":[],"class_list":{"0":"post-12571","1":"product","2":"type-product","3":"status-publish","4":"has-post-thumbnail","6":"pwb-brand-verbatim","7":"product_cat-audio-y-video","8":"product_cat-auriculares","10":"first","11":"outofstock","12":"shipping-taxable","13":"purchasable","14":"product-type-simple"},"brands":[{"id":238,"name":"Verbatim","slug":"verbatim"}],"_links":{"self":[{"href":"https:\/\/aptecnologia.com.ar\/new\/wp-json\/wp\/v2\/product\/12571","targetHints":{"allow":["GET"]}}],"collection":[{"href":"https:\/\/aptecnologia.com.ar\/new\/wp-json\/wp\/v2\/product"}],"about":[{"href":"https:\/\/aptecnologia.com.ar\/new\/wp-json\/wp\/v2\/types\/product"}],"replies":[{"embeddable":true,"href":"https:\/\/aptecnologia.com.ar\/new\/wp-json\/wp\/v2\/comments?post=12571"}],"version-history":[{"count":0,"href":"https:\/\/aptecnologia.com.ar\/new\/wp-json\/wp\/v2\/product\/12571\/revisions"}],"wp:featuredmedia":[{"embeddable":true,"href":"https:\/\/aptecnologia.com.ar\/new\/wp-json\/wp\/v2\/media\/12572"}],"wp:attachment":[{"href":"https:\/\/aptecnologia.com.ar\/new\/wp-json\/wp\/v2\/media?parent=12571"}],"wp:term":[{"taxonomy":"pwb-brand","embeddable":true,"href":"https:\/\/aptecnologia.com.ar\/new\/wp-json\/wp\/v2\/pwb-brand?post=12571"},{"taxonomy":"product_cat","embeddable":true,"href":"https:\/\/aptecnologia.com.ar\/new\/wp-json\/wp\/v2\/product_cat?post=12571"},{"taxonomy":"product_tag","embeddable":true,"href":"https:\/\/aptecnologia.com.ar\/new\/wp-json\/wp\/v2\/product_tag?post=12571"}],"curies":[{"name":"wp","href":"https:\/\/api.w.org\/{rel}","templated":true}]}}