{"id":12505,"date":"2023-02-13T18:50:09","date_gmt":"2023-02-13T18:50:09","guid":{"rendered":"https:\/\/aptecnologia.com.ar\/new\/?post_type=product&#038;p=12505"},"modified":"2023-06-22T10:15:02","modified_gmt":"2023-06-22T13:15:02","slug":"tablet-fire-10-32gb-4-nucleos-2gb-ram-amazon","status":"publish","type":"product","link":"https:\/\/aptecnologia.com.ar\/new\/productos\/tablet-fire-10-32gb-4-nucleos-2gb-ram-amazon\/","title":{"rendered":"Tablet Fire 10&#8243; 32Gb 4 nucleos 2gb ram &#8211; AMAZON"},"content":{"rendered":"<p>Pantalla de 10.1 pulgadas 1080p full HD, 32 o 64 GB de almacenamiento interno (a\u00f1ade hasta 512 GB con tarjeta microSD).<br \/>\nAhora un 30% m\u00e1s r\u00e1pido gracias al nuevo procesador de 2.0 GHz de ocho n\u00facleos y 2 GB de RAM.<br \/>\nMayor duraci\u00f3n de la bater\u00eda &#8211; hasta 12 horas de lectura, navegaci\u00f3n por Internet, reproducci\u00f3n de videos y m\u00fasica.<br \/>\nAlexa con manos libres<br \/>\nC\u00e1maras frontales y traseras de 2 MP con grabaci\u00f3n de video HD de 720p<br \/>\nWi-Fi de doble banda y mejorado<br \/>\nAhora con USB-C y carga m\u00e1s r\u00e1pida. Incluye un cable USB-C y un adaptador de alimentaci\u00f3n de 9W en la caja.<br \/>\nGarant\u00eda limitada de 1 a\u00f1o<br \/>\nDisfruta de millones de pel\u00edculas, cap\u00edtulos de programas de TV, canciones, libros, aplicaciones y juegos.<br \/>\nVisualizaci\u00f3n Picture-in-Picture con Netflix, STARZ, Pinterest, MLB At Bat y m\u00e1s.<\/p>\n","protected":false},"excerpt":{"rendered":"<p>Sistema operativo: Fire OS 5.0.<br \/>\nCon procesador Dual-Core Cortex-A72, Dual-Core Cortex-A53 de 1.8GHz.<br \/>\nResoluci\u00f3n de pantalla de 1920px x 1200px.<br \/>\nCon lector micro-SD.<br \/>\nMemoria interna expandible hasta 256 GB con fuente externa.<br \/>\nIncluye adaptador, cable USB, gu\u00eda de inicio r\u00e1pido.<br \/>\nPesa tan solo 500g.<\/p>\n","protected":false},"featured_media":12509,"comment_status":"open","ping_status":"closed","template":"","meta":[],"pwb-brand":[228],"product_cat":[66,84],"product_tag":[175],"class_list":{"0":"post-12505","1":"product","2":"type-product","3":"status-publish","4":"has-post-thumbnail","6":"pwb-brand-amazon","7":"product_cat-computacion","8":"product_cat-tablets-computacion","9":"product_tag-vuelta_a_clases","11":"first","12":"instock","13":"shipping-taxable","14":"purchasable","15":"product-type-simple"},"brands":[{"id":228,"name":"Amazon","slug":"amazon"}],"_links":{"self":[{"href":"https:\/\/aptecnologia.com.ar\/new\/wp-json\/wp\/v2\/product\/12505","targetHints":{"allow":["GET"]}}],"collection":[{"href":"https:\/\/aptecnologia.com.ar\/new\/wp-json\/wp\/v2\/product"}],"about":[{"href":"https:\/\/aptecnologia.com.ar\/new\/wp-json\/wp\/v2\/types\/product"}],"replies":[{"embeddable":true,"href":"https:\/\/aptecnologia.com.ar\/new\/wp-json\/wp\/v2\/comments?post=12505"}],"version-history":[{"count":0,"href":"https:\/\/aptecnologia.com.ar\/new\/wp-json\/wp\/v2\/product\/12505\/revisions"}],"wp:featuredmedia":[{"embeddable":true,"href":"https:\/\/aptecnologia.com.ar\/new\/wp-json\/wp\/v2\/media\/12509"}],"wp:attachment":[{"href":"https:\/\/aptecnologia.com.ar\/new\/wp-json\/wp\/v2\/media?parent=12505"}],"wp:term":[{"taxonomy":"pwb-brand","embeddable":true,"href":"https:\/\/aptecnologia.com.ar\/new\/wp-json\/wp\/v2\/pwb-brand?post=12505"},{"taxonomy":"product_cat","embeddable":true,"href":"https:\/\/aptecnologia.com.ar\/new\/wp-json\/wp\/v2\/product_cat?post=12505"},{"taxonomy":"product_tag","embeddable":true,"href":"https:\/\/aptecnologia.com.ar\/new\/wp-json\/wp\/v2\/product_tag?post=12505"}],"curies":[{"name":"wp","href":"https:\/\/api.w.org\/{rel}","templated":true}]}}