{"id":12492,"date":"2023-02-13T18:14:49","date_gmt":"2023-02-13T18:14:49","guid":{"rendered":"https:\/\/aptecnologia.com.ar\/new\/productos\/pendrive-128gb-3-0-adata-copy\/"},"modified":"2023-02-24T19:35:57","modified_gmt":"2023-02-24T19:35:57","slug":"pendrive-32gb-3-0-adata","status":"publish","type":"product","link":"https:\/\/aptecnologia.com.ar\/new\/productos\/pendrive-32gb-3-0-adata\/","title":{"rendered":"Pendrive 32Gb 3.0 &#8211; ADATA"},"content":{"rendered":"<p>Adata brinda soluciones de memoria de primer nivel que enriquecen la vida digital de cada uno de sus clientes. Para esta marca la innovaci\u00f3n va m\u00e1s all\u00e1 de los l\u00edmites de la tecnolog\u00eda: busca resignificar el ma\u00f1ana. Gracias a sus dispositivos podr\u00e1s aumentar tus opciones de almacenamiento de datos port\u00e1tiles y disfrutar\u00e1s de un dise\u00f1o liviano y moderno, ideal para llevar a cualquier lado.<\/p>\n<p>Capacidad adaptada a tus requerimientos<br \/>\nEste pendrive te permitir\u00e1 almacenar hasta 32 GB para que puedas guardar gran cantidad de informaci\u00f3n, im\u00e1genes u otros tipos de archivos.<\/p>\n<p>Conectividad USB innovadora<br \/>\nSu tecnolog\u00eda 3.2 Gen 1 brinda una velocidad de lectura mayor que las memorias tradicionales.<\/p>\n<p>Olvidate de la tapa<br \/>\nEste modelo se caracteriza por un dise\u00f1o conveniente sin tapa que elimina el problema de perderla, lo que te brindar\u00e1 mayor comodidad y tranquilidad.<\/p>\n<p>M\u00e1s seguro y pr\u00e1ctico<br \/>\nCon este dispositivo podr\u00e1s mantener tus archivos siempre protegidos. Adem\u00e1s su uso es muy pr\u00e1ctico: solo debes conectarlo al aparato y arrastrar los archivos hasta la unidad.<\/p>\n<p>Llevalo siempre con vos<br \/>\nCuenta con un dise\u00f1o super compacto, delgado y resistente para que puedas llevarlo adonde vayas. \u00a1Podr\u00e1s usarlo y transportarlo con facilidad cuando te muevas de un lado al otro!<\/p>\n","protected":false},"excerpt":{"rendered":"<p>Capacidad de almacenamiento de 32GB.<br \/>\nConectividad USB 3.2 Gen 1.<br \/>\nTipo de conector: USB-A.<br \/>\nDise\u00f1o elegante y sin tapa.<br \/>\nRecomendado para transferencias de alta velocidad.<br \/>\nLiviano e ideal para transportar todo tipo de archivos.<\/p>\n","protected":false},"featured_media":12494,"comment_status":"open","ping_status":"closed","template":"","meta":[],"pwb-brand":[185],"product_cat":[199,66,149],"product_tag":[175],"class_list":{"0":"post-12492","1":"product","2":"type-product","3":"status-publish","4":"has-post-thumbnail","6":"pwb-brand-adata","7":"product_cat-almacenamiento","8":"product_cat-computacion","9":"product_cat-pendrives","10":"product_tag-vuelta_a_clases","12":"first","13":"outofstock","14":"shipping-taxable","15":"purchasable","16":"product-type-simple"},"brands":[{"id":185,"name":"Adata","slug":"adata"}],"_links":{"self":[{"href":"https:\/\/aptecnologia.com.ar\/new\/wp-json\/wp\/v2\/product\/12492","targetHints":{"allow":["GET"]}}],"collection":[{"href":"https:\/\/aptecnologia.com.ar\/new\/wp-json\/wp\/v2\/product"}],"about":[{"href":"https:\/\/aptecnologia.com.ar\/new\/wp-json\/wp\/v2\/types\/product"}],"replies":[{"embeddable":true,"href":"https:\/\/aptecnologia.com.ar\/new\/wp-json\/wp\/v2\/comments?post=12492"}],"version-history":[{"count":0,"href":"https:\/\/aptecnologia.com.ar\/new\/wp-json\/wp\/v2\/product\/12492\/revisions"}],"wp:featuredmedia":[{"embeddable":true,"href":"https:\/\/aptecnologia.com.ar\/new\/wp-json\/wp\/v2\/media\/12494"}],"wp:attachment":[{"href":"https:\/\/aptecnologia.com.ar\/new\/wp-json\/wp\/v2\/media?parent=12492"}],"wp:term":[{"taxonomy":"pwb-brand","embeddable":true,"href":"https:\/\/aptecnologia.com.ar\/new\/wp-json\/wp\/v2\/pwb-brand?post=12492"},{"taxonomy":"product_cat","embeddable":true,"href":"https:\/\/aptecnologia.com.ar\/new\/wp-json\/wp\/v2\/product_cat?post=12492"},{"taxonomy":"product_tag","embeddable":true,"href":"https:\/\/aptecnologia.com.ar\/new\/wp-json\/wp\/v2\/product_tag?post=12492"}],"curies":[{"name":"wp","href":"https:\/\/api.w.org\/{rel}","templated":true}]}}