{"id":12446,"date":"2023-02-09T19:15:40","date_gmt":"2023-02-09T19:15:40","guid":{"rendered":"https:\/\/aptecnologia.com.ar\/new\/?post_type=product&#038;p=12446"},"modified":"2023-06-08T14:35:47","modified_gmt":"2023-06-08T17:35:47","slug":"extensor-de-rango-wi-fi-ac750-tp-link","status":"publish","type":"product","link":"https:\/\/aptecnologia.com.ar\/new\/productos\/extensor-de-rango-wi-fi-ac750-tp-link\/","title":{"rendered":"Extensor de Rango Wi-Fi AC750 &#8211; TP-LINK"},"content":{"rendered":"<p>Potenci\u00e1 tu wifi<br \/>\nSi tu router no alcanza a cubrir los ambientes donde necesit\u00e1s internet, un repetidor como el TP-Link RE200 es la soluci\u00f3n. Su doble banda de hasta 750 Mbps te permiten expandir la se\u00f1al hasta 185 m2.<\/p>\n<p>Contenidos que vuelan<br \/>\nSu alta velocidad es ideal para ver videos en HD, jugar en l\u00ednea y descargar contenido, entre otras tareas que necesitan un uso intensivo del ancho de banda.<\/p>\n<p>Dise\u00f1o pr\u00e1ctico y compacto<br \/>\nEste repetidor de tama\u00f1o miniatura se enchufa en la pared para que puedas extender la se\u00f1al de wifi con solo presionar un bot\u00f3n.<\/p>\n","protected":false},"excerpt":{"rendered":"<p>Ofrece una velocidad de 733Mbps.<br \/>\nBanda doble de 2.4 GHz y 5 GHz.<br \/>\nPosee 3 antenas internas.<br \/>\nTiene 1 puerto para conectarse.<\/p>\n","protected":false},"featured_media":12447,"comment_status":"open","ping_status":"closed","template":"","meta":[],"pwb-brand":[102],"product_cat":[82,70],"product_tag":[],"class_list":{"0":"post-12446","1":"product","2":"type-product","3":"status-publish","4":"has-post-thumbnail","6":"pwb-brand-tplink","7":"product_cat-routers-y-modems","8":"product_cat-conectividad-y-redes","10":"first","11":"outofstock","12":"shipping-taxable","13":"purchasable","14":"product-type-simple"},"brands":[{"id":102,"name":"Tp-Link","slug":"tplink"}],"_links":{"self":[{"href":"https:\/\/aptecnologia.com.ar\/new\/wp-json\/wp\/v2\/product\/12446","targetHints":{"allow":["GET"]}}],"collection":[{"href":"https:\/\/aptecnologia.com.ar\/new\/wp-json\/wp\/v2\/product"}],"about":[{"href":"https:\/\/aptecnologia.com.ar\/new\/wp-json\/wp\/v2\/types\/product"}],"replies":[{"embeddable":true,"href":"https:\/\/aptecnologia.com.ar\/new\/wp-json\/wp\/v2\/comments?post=12446"}],"version-history":[{"count":0,"href":"https:\/\/aptecnologia.com.ar\/new\/wp-json\/wp\/v2\/product\/12446\/revisions"}],"wp:featuredmedia":[{"embeddable":true,"href":"https:\/\/aptecnologia.com.ar\/new\/wp-json\/wp\/v2\/media\/12447"}],"wp:attachment":[{"href":"https:\/\/aptecnologia.com.ar\/new\/wp-json\/wp\/v2\/media?parent=12446"}],"wp:term":[{"taxonomy":"pwb-brand","embeddable":true,"href":"https:\/\/aptecnologia.com.ar\/new\/wp-json\/wp\/v2\/pwb-brand?post=12446"},{"taxonomy":"product_cat","embeddable":true,"href":"https:\/\/aptecnologia.com.ar\/new\/wp-json\/wp\/v2\/product_cat?post=12446"},{"taxonomy":"product_tag","embeddable":true,"href":"https:\/\/aptecnologia.com.ar\/new\/wp-json\/wp\/v2\/product_tag?post=12446"}],"curies":[{"name":"wp","href":"https:\/\/api.w.org\/{rel}","templated":true}]}}