{"id":12306,"date":"2022-12-26T14:25:03","date_gmt":"2022-12-26T14:25:03","guid":{"rendered":"https:\/\/aptecnologia.com.ar\/new\/?post_type=product&#038;p=12306"},"modified":"2023-02-03T16:58:13","modified_gmt":"2023-02-03T16:58:13","slug":"combo-teclado-mouse-km-170-usb-black-genius","status":"publish","type":"product","link":"https:\/\/aptecnologia.com.ar\/new\/productos\/combo-teclado-mouse-km-170-usb-black-genius\/","title":{"rendered":"Combo Teclado + Mouse KM-170 USB Black &#8211; GENIUS"},"content":{"rendered":"<p>TECLAS MULTIMEDIA<br \/>\n12 teclas de funci\u00f3n multimedia FN (FN+ F1-F12)y las teclas de acceso r\u00e1pido integradas h\u00e1cen s\u00faper c\u00f3modo navegar entre tus videos favoritos, reproducir m\u00fasica e iniciar aplicaciones como el correo electr\u00f3nico.<\/p>\n<p>CALIDAD Y FIABILIDAD<br \/>\nTeclado multimedia duradero y mouse \u00f3ptico de alta precisi\u00f3n, combo de calidad y fiabilidad constantes de Genius<\/p>\n<p>C\u00f3modas teclas de perfil bajo<br \/>\nTeclas de tama\u00f1o completo le permiten escribir c\u00f3modamente, es silencioso y receptivo.<\/p>\n<p>Dise\u00f1o resistente a derrames<br \/>\nProtegiendo su teclado. Los l\u00edquidos drenan directamente, no hay que preocuparse de derrames accidentales.<\/p>\n<p>C\u00f3moda pata inclinada<br \/>\nPatas inclinadas que le brinda una inmensa comodidad y ayuda en tarea mecanograf\u00eda en general.<\/p>\n<p>&#8211; Nombre del modelo KM-170<br \/>\n&#8211; Interfaz USB<br \/>\n&#8211; Tipo de tecla C\u00f3ncavo<br \/>\n&#8211; Teclas de funci\u00f3n 12 (8 audio, 4 Internet)<br \/>\n&#8211; Teclas multimedia No<br \/>\n&#8211; Motor de sensor de rat\u00f3n \u00d3ptico<br \/>\n&#8211; Resoluci\u00f3n del rat\u00f3n (DPI) 1000<br \/>\n&#8211; Rat\u00f3n n\u00famero de botones 3 (izquierda, derecha, bot\u00f3n central condesplazamiento)<br \/>\n&#8211; Longitud de cable (m) Teclado: 1.4 m \/ Rat\u00f3n: 1.5 m<br \/>\n&#8211; Peso (g) Teclado: Approx. 403.1 g<br \/>\n&#8211; Rat\u00f3n: Approx. 76.2 g<br \/>\n&#8211; Dimensiones (A x A x P) mm (pulgadas) Teclado: 441.7 x 137.2 x 26.9 mm ( 17.4 x 5.4 x 1.1 inches )<br \/>\n&#8211; Rat\u00f3n: 62 x 116 x 37.5 mm ( 2.4 x 4.6 x 1.5 inches )<br \/>\n&#8211; Requisitos del sistema Windows 7, 8, 8.1, 10 \/ Mac OS X 10.8 or later Linux OS<br \/>\n&#8211; Colores Negro<br \/>\n&#8211; Contenido de la caja<br \/>\nKB-117 Teclado USB con cable x1<br \/>\nKB-117 Rat\u00f3n USB con cable x1<\/p>\n","protected":false},"excerpt":{"rendered":"<p>Tipo de sensor del mouse: \u00d3ptico<br \/>\nResoluci\u00f3n del sensor del mouse: 1000 dpi<br \/>\nEs inal\u00e1mbrico: No<\/p>\n","protected":false},"featured_media":12307,"comment_status":"open","ping_status":"closed","template":"","meta":[],"pwb-brand":[109],"product_cat":[115,66,90],"product_tag":[],"class_list":{"0":"post-12306","1":"product","2":"type-product","3":"status-publish","4":"has-post-thumbnail","6":"pwb-brand-genius","7":"product_cat-combos","8":"product_cat-computacion","9":"product_cat-perifericos","11":"first","12":"outofstock","13":"shipping-taxable","14":"purchasable","15":"product-type-simple"},"brands":[{"id":109,"name":"Genius","slug":"genius"}],"_links":{"self":[{"href":"https:\/\/aptecnologia.com.ar\/new\/wp-json\/wp\/v2\/product\/12306","targetHints":{"allow":["GET"]}}],"collection":[{"href":"https:\/\/aptecnologia.com.ar\/new\/wp-json\/wp\/v2\/product"}],"about":[{"href":"https:\/\/aptecnologia.com.ar\/new\/wp-json\/wp\/v2\/types\/product"}],"replies":[{"embeddable":true,"href":"https:\/\/aptecnologia.com.ar\/new\/wp-json\/wp\/v2\/comments?post=12306"}],"version-history":[{"count":0,"href":"https:\/\/aptecnologia.com.ar\/new\/wp-json\/wp\/v2\/product\/12306\/revisions"}],"wp:featuredmedia":[{"embeddable":true,"href":"https:\/\/aptecnologia.com.ar\/new\/wp-json\/wp\/v2\/media\/12307"}],"wp:attachment":[{"href":"https:\/\/aptecnologia.com.ar\/new\/wp-json\/wp\/v2\/media?parent=12306"}],"wp:term":[{"taxonomy":"pwb-brand","embeddable":true,"href":"https:\/\/aptecnologia.com.ar\/new\/wp-json\/wp\/v2\/pwb-brand?post=12306"},{"taxonomy":"product_cat","embeddable":true,"href":"https:\/\/aptecnologia.com.ar\/new\/wp-json\/wp\/v2\/product_cat?post=12306"},{"taxonomy":"product_tag","embeddable":true,"href":"https:\/\/aptecnologia.com.ar\/new\/wp-json\/wp\/v2\/product_tag?post=12306"}],"curies":[{"name":"wp","href":"https:\/\/api.w.org\/{rel}","templated":true}]}}