{"id":12170,"date":"2022-11-25T15:02:10","date_gmt":"2022-11-25T15:02:10","guid":{"rendered":"https:\/\/aptecnologia.com.ar\/new\/?post_type=product&#038;p=12170"},"modified":"2022-11-25T15:02:10","modified_gmt":"2022-11-25T15:02:10","slug":"switch-8p-sg1008-rackeable-tp-link","status":"publish","type":"product","link":"https:\/\/aptecnologia.com.ar\/new\/productos\/switch-8p-sg1008-rackeable-tp-link\/","title":{"rendered":"Switch 8P SG1008 Rackeable &#8211; TP-LINK"},"content":{"rendered":"<p>Especificaciones t\u00e9cnicas:<br \/>\n-8 Puertos 10\/100\/1000Mbps RJ45<br \/>\n-Equipado con 8 puertos PoE+ que permiten la transferencia de datos y energ\u00eda en un solo cable<br \/>\n-Compatible con equipos bajo est\u00e1ndar IEEE 802.3af\/at, expandiendo as\u00ed las redes dom\u00e9sticas y de oficinas<br \/>\n-Tecnolog\u00eda inovadora de ahorro energ\u00e9tico reduce el consumo energ\u00e9tico<br \/>\n-Soporta est\u00e1ndar PoE+ con una potencia total de 153W* y hasta 30W por puerto<br \/>\n-Dise\u00f1o Plug and play, sin necesidad de configuraci\u00f3n<\/p>\n<p>El TL-SG1008MP es un Switch de montaje en rack \/ escritorio de 8 puertos Gigabit con todos los 8 puertos RJ45 compatibles con el est\u00e1ndar PoE +. Proporciona una manera simple de expandir una red cableada mediante la transferencia de energ\u00eda y datos a trav\u00e9s de un solo cable Ethernet. Con una capacidad de energ\u00eda total de 153W, hasta 30W por puerto, TL-SG1008MP puede alimentar m\u00e1s dispositivos de alta potencia como puntos de acceso inal\u00e1mbricos (AP), c\u00e1maras IP o tel\u00e9fonos IP. Adem\u00e1s, con la innovadora tecnolog\u00eda de eficiencia energ\u00e9tica, el TL-SG1008MP ahorra en el consumo energ\u00e9tico, lo que lo convierte en una soluci\u00f3n ecol\u00f3gica para tu red comercial TL-SG1008MP.<\/p>\n","protected":false},"excerpt":{"rendered":"<p>Serie: Switch<br \/>\nPuertos incluidos: 8 puertos RJ-45 con PoE+<br \/>\nCapacidad de conmutaci\u00f3n: 16 Gbps<br \/>\nEs montable en rack: S\u00ed<\/p>\n","protected":false},"featured_media":12173,"comment_status":"open","ping_status":"closed","template":"","meta":[],"pwb-brand":[102],"product_cat":[87,70],"product_tag":[],"class_list":{"0":"post-12170","1":"product","2":"type-product","3":"status-publish","4":"has-post-thumbnail","6":"pwb-brand-tplink","7":"product_cat-switchs","8":"product_cat-conectividad-y-redes","10":"first","11":"instock","12":"shipping-taxable","13":"purchasable","14":"product-type-simple"},"brands":[{"id":102,"name":"Tp-Link","slug":"tplink"}],"_links":{"self":[{"href":"https:\/\/aptecnologia.com.ar\/new\/wp-json\/wp\/v2\/product\/12170","targetHints":{"allow":["GET"]}}],"collection":[{"href":"https:\/\/aptecnologia.com.ar\/new\/wp-json\/wp\/v2\/product"}],"about":[{"href":"https:\/\/aptecnologia.com.ar\/new\/wp-json\/wp\/v2\/types\/product"}],"replies":[{"embeddable":true,"href":"https:\/\/aptecnologia.com.ar\/new\/wp-json\/wp\/v2\/comments?post=12170"}],"version-history":[{"count":0,"href":"https:\/\/aptecnologia.com.ar\/new\/wp-json\/wp\/v2\/product\/12170\/revisions"}],"wp:featuredmedia":[{"embeddable":true,"href":"https:\/\/aptecnologia.com.ar\/new\/wp-json\/wp\/v2\/media\/12173"}],"wp:attachment":[{"href":"https:\/\/aptecnologia.com.ar\/new\/wp-json\/wp\/v2\/media?parent=12170"}],"wp:term":[{"taxonomy":"pwb-brand","embeddable":true,"href":"https:\/\/aptecnologia.com.ar\/new\/wp-json\/wp\/v2\/pwb-brand?post=12170"},{"taxonomy":"product_cat","embeddable":true,"href":"https:\/\/aptecnologia.com.ar\/new\/wp-json\/wp\/v2\/product_cat?post=12170"},{"taxonomy":"product_tag","embeddable":true,"href":"https:\/\/aptecnologia.com.ar\/new\/wp-json\/wp\/v2\/product_tag?post=12170"}],"curies":[{"name":"wp","href":"https:\/\/api.w.org\/{rel}","templated":true}]}}