{"id":12056,"date":"2022-09-26T19:11:33","date_gmt":"2022-09-26T19:11:33","guid":{"rendered":"https:\/\/aptecnologia.com.ar\/new\/?post_type=product&#038;p=12056"},"modified":"2022-10-28T17:02:31","modified_gmt":"2022-10-28T17:02:31","slug":"combo-tecladomouse-mk235-wireless-gris-logitech","status":"publish","type":"product","link":"https:\/\/aptecnologia.com.ar\/new\/productos\/combo-tecladomouse-mk235-wireless-gris-logitech\/","title":{"rendered":"Combo teclado+mouse MK235 Wireless Gris &#8211; LOGITECH"},"content":{"rendered":"<p>Con el kit inal\u00e1mbrico Logitech MK235 disfrutar\u00e1s de la comodidad y la sencillez de un producto tradicional. Posee bater\u00edas de gran durabilidad y un dise\u00f1o resistente a salpicaduras. Adem\u00e1s, sus teclas tienen un tratamiento antidesgaste para que las letras no desaparezcan. Basta con que conectes el peque\u00f1o receptor USB para empezar a disfrutar de una conexi\u00f3n estable sin retrasos.<\/p>\n<p>Silencioso y ligero<br \/>\nEste kit incluye un perif\u00e9rico que posee una arquitectura de membrana. \u00bfQu\u00e9 quiere decir esto? Que su teclado te permitir\u00e1 disfrutar de pulsaciones silenciosas. A diferencia de los mec\u00e1nicos, este tipo de dispositivos son ligeros y f\u00e1ciles de transportar.<\/p>\n<p>Sensor de alta precisi\u00f3n<br \/>\nEl mouse del combo posee un sensor \u00f3ptico de alta precisi\u00f3n, el cual te permitir\u00e1 redirigir el cursor de una manera m\u00e1s exacta y sensible que el resto de los sistemas tradicionales.<\/p>\n","protected":false},"excerpt":{"rendered":"<p>Resistentes a salpicaduras.<br \/>\nBater\u00eda incluida.<br \/>\nIdioma del teclado: Espa\u00f1ol.<br \/>\nMouse con sensor \u00f3ptico y resoluci\u00f3n de 1000 dpi.<br \/>\nProductos con rango inal\u00e1mbrico de 10 m.<br \/>\nInterfaz de conexi\u00f3n de los dispositivos usb.<\/p>\n","protected":false},"featured_media":12059,"comment_status":"open","ping_status":"closed","template":"","meta":[],"pwb-brand":[109],"product_cat":[115,66,90],"product_tag":[],"class_list":{"0":"post-12056","1":"product","2":"type-product","3":"status-publish","4":"has-post-thumbnail","6":"pwb-brand-genius","7":"product_cat-combos","8":"product_cat-computacion","9":"product_cat-perifericos","11":"first","12":"instock","13":"featured","14":"shipping-taxable","15":"purchasable","16":"product-type-simple"},"brands":[{"id":109,"name":"Genius","slug":"genius"}],"_links":{"self":[{"href":"https:\/\/aptecnologia.com.ar\/new\/wp-json\/wp\/v2\/product\/12056","targetHints":{"allow":["GET"]}}],"collection":[{"href":"https:\/\/aptecnologia.com.ar\/new\/wp-json\/wp\/v2\/product"}],"about":[{"href":"https:\/\/aptecnologia.com.ar\/new\/wp-json\/wp\/v2\/types\/product"}],"replies":[{"embeddable":true,"href":"https:\/\/aptecnologia.com.ar\/new\/wp-json\/wp\/v2\/comments?post=12056"}],"version-history":[{"count":0,"href":"https:\/\/aptecnologia.com.ar\/new\/wp-json\/wp\/v2\/product\/12056\/revisions"}],"wp:featuredmedia":[{"embeddable":true,"href":"https:\/\/aptecnologia.com.ar\/new\/wp-json\/wp\/v2\/media\/12059"}],"wp:attachment":[{"href":"https:\/\/aptecnologia.com.ar\/new\/wp-json\/wp\/v2\/media?parent=12056"}],"wp:term":[{"taxonomy":"pwb-brand","embeddable":true,"href":"https:\/\/aptecnologia.com.ar\/new\/wp-json\/wp\/v2\/pwb-brand?post=12056"},{"taxonomy":"product_cat","embeddable":true,"href":"https:\/\/aptecnologia.com.ar\/new\/wp-json\/wp\/v2\/product_cat?post=12056"},{"taxonomy":"product_tag","embeddable":true,"href":"https:\/\/aptecnologia.com.ar\/new\/wp-json\/wp\/v2\/product_tag?post=12056"}],"curies":[{"name":"wp","href":"https:\/\/api.w.org\/{rel}","templated":true}]}}