{"id":11852,"date":"2022-08-22T19:32:52","date_gmt":"2022-08-22T19:32:52","guid":{"rendered":"https:\/\/aptecnologia.com.ar\/new\/?post_type=product&#038;p=11852"},"modified":"2022-08-22T19:32:52","modified_gmt":"2022-08-22T19:32:52","slug":"monitor-24-flat-t350h-samsung","status":"publish","type":"product","link":"https:\/\/aptecnologia.com.ar\/new\/productos\/monitor-24-flat-t350h-samsung\/","title":{"rendered":"Monitor 24&#8243; FLAT T350H &#8211; SAMSUNG"},"content":{"rendered":"<p>Disfrut\u00e1 de todas las cualidades que el monitor Samsung F24T35 tiene para ofrecerte. Percib\u00ed las im\u00e1genes de una manera completamente diferente y complementa cualquier espacio ya sea en tu casa u oficina.<\/p>\n<p>Un monitor a tu medida<br \/>\nCon tu pantalla LED no solo ahorr\u00e1s energ\u00eda, ya que su consumo es bajo, sino que vas a ver colores m\u00e1s n\u00edtidos y definidos en tus pel\u00edculas o series favoritas.<\/p>\n<p>Una experiencia visual de calidad<br \/>\nEste monitor de 24&#8243; te va a resultar de gran comodidad para estudiar, trabajar o ver una pel\u00edcula en tus tiempos de ocio. Asimismo, su resoluci\u00f3n de 1920 x 1080 te permite disfrutar de momentos \u00fanicos gracias a una imagen con gran nitidez.<\/p>\n","protected":false},"excerpt":{"rendered":"<p>Conexiones D-Sub,HDMI 1.4<br \/>\nTama\u00f1o de la pantalla 24&#8243;<br \/>\nResoluci\u00f3n de la pantalla 1920px x 1080px<br \/>\nFrecuencia 75 Hz<\/p>\n","protected":false},"featured_media":11855,"comment_status":"open","ping_status":"closed","template":"","meta":[],"pwb-brand":[56],"product_cat":[66,81],"product_tag":[],"class_list":{"0":"post-11852","1":"product","2":"type-product","3":"status-publish","4":"has-post-thumbnail","6":"pwb-brand-samsung","7":"product_cat-computacion","8":"product_cat-monitores","10":"first","11":"outofstock","12":"shipping-taxable","13":"purchasable","14":"product-type-simple"},"brands":[{"id":56,"name":"Samsung","slug":"samsung"}],"_links":{"self":[{"href":"https:\/\/aptecnologia.com.ar\/new\/wp-json\/wp\/v2\/product\/11852","targetHints":{"allow":["GET"]}}],"collection":[{"href":"https:\/\/aptecnologia.com.ar\/new\/wp-json\/wp\/v2\/product"}],"about":[{"href":"https:\/\/aptecnologia.com.ar\/new\/wp-json\/wp\/v2\/types\/product"}],"replies":[{"embeddable":true,"href":"https:\/\/aptecnologia.com.ar\/new\/wp-json\/wp\/v2\/comments?post=11852"}],"version-history":[{"count":0,"href":"https:\/\/aptecnologia.com.ar\/new\/wp-json\/wp\/v2\/product\/11852\/revisions"}],"wp:featuredmedia":[{"embeddable":true,"href":"https:\/\/aptecnologia.com.ar\/new\/wp-json\/wp\/v2\/media\/11855"}],"wp:attachment":[{"href":"https:\/\/aptecnologia.com.ar\/new\/wp-json\/wp\/v2\/media?parent=11852"}],"wp:term":[{"taxonomy":"pwb-brand","embeddable":true,"href":"https:\/\/aptecnologia.com.ar\/new\/wp-json\/wp\/v2\/pwb-brand?post=11852"},{"taxonomy":"product_cat","embeddable":true,"href":"https:\/\/aptecnologia.com.ar\/new\/wp-json\/wp\/v2\/product_cat?post=11852"},{"taxonomy":"product_tag","embeddable":true,"href":"https:\/\/aptecnologia.com.ar\/new\/wp-json\/wp\/v2\/product_tag?post=11852"}],"curies":[{"name":"wp","href":"https:\/\/api.w.org\/{rel}","templated":true}]}}