{"id":11737,"date":"2022-07-19T15:24:32","date_gmt":"2022-07-19T15:24:32","guid":{"rendered":"https:\/\/aptecnologia.com.ar\/new\/?post_type=product&#038;p=11737"},"modified":"2023-06-22T10:15:01","modified_gmt":"2023-06-22T13:15:01","slug":"mochila-vnb-217-negro-case-logic","status":"publish","type":"product","link":"https:\/\/aptecnologia.com.ar\/new\/productos\/mochila-vnb-217-negro-case-logic\/","title":{"rendered":"Mochila VNB-217 Negro &#8211; CASE LOGIC"},"content":{"rendered":"<p>\u2022 Un compartimento dedicado con cremallera para computadoras port\u00e1tiles de 3\/4 permite llevar computadoras port\u00e1tiles con pantallas de hasta de 17 pulgadas.<br \/>\n\u2022 El espacio de almacenaje interior expansible puede guardar libros, archivos y carpetas.<br \/>\n\u2022 El panel de organizaci\u00f3n permite guardar dispositivos electr\u00f3nicos port\u00e1tiles, l\u00e1pices y m\u00e1s<br \/>\nSpeed Pocket\u2122: un lugar seguro y de r\u00e1pido acceso para guardar sus objetos de valor (reloj, llaves, tel\u00e9fono celular, etc.) antes de pasar por el control de seguridad del aeropuerto.<br \/>\n\u2022 Bolsillo de almacenaje exterior de malla para guardar agua, bocadillos o art\u00edculos peque\u00f1os.<br \/>\n\u2022 La correa ajustable para el hombro y la manija de sujeci\u00f3n permiten un transporte f\u00e1cil.<\/p>\n<p>Caracteristicas:<br \/>\nEl estilo aerodin\u00e1mico y las caracter\u00edsticas ubicadas de forma inteligente<br \/>\ncontribuyen a una huella minimalista. De tama\u00f1o adecuado para computadoras<br \/>\nport\u00e1tiles con pantallas de hasta 17\u201d con organizaci\u00f3n pr\u00e1ctica para todo lo dem\u00e1s<br \/>\nque necesites transportar.<\/p>\n<p>Especificaciones:<br \/>\nTama\u00f1o 31.5 x 21.6 x 47 cm<br \/>\nPara notebooks 41.7 x 30 x 4.5 cm<br \/>\nPeso 0.56 kg<br \/>\nVolumen 25.2 L<br \/>\nMateriales Nylon Dobby<br \/>\nColor Negro<\/p>\n","protected":false},"excerpt":{"rendered":"<p>Material: Nylon<br \/>\nAltura x Ancho x Profundidad: 47 cm x 31.5 cm x 22 cm<br \/>\nTipo de mochila: Urbana<br \/>\nCon compartimento para notebook: S\u00ed<br \/>\nPeso: 0.56 kg<br \/>\nEs reforzada: S\u00ed<\/p>\n","protected":false},"featured_media":11741,"comment_status":"open","ping_status":"closed","template":"","meta":[],"pwb-brand":[140],"product_cat":[139,138],"product_tag":[235],"class_list":{"0":"post-11737","1":"product","2":"type-product","3":"status-publish","4":"has-post-thumbnail","6":"pwb-brand-case-logic","7":"product_cat-mochilas-bolsos","8":"product_cat-office","9":"product_tag-navidad","11":"first","12":"instock","13":"shipping-taxable","14":"purchasable","15":"product-type-simple"},"brands":[{"id":140,"name":"Case Logic","slug":"case-logic"}],"_links":{"self":[{"href":"https:\/\/aptecnologia.com.ar\/new\/wp-json\/wp\/v2\/product\/11737","targetHints":{"allow":["GET"]}}],"collection":[{"href":"https:\/\/aptecnologia.com.ar\/new\/wp-json\/wp\/v2\/product"}],"about":[{"href":"https:\/\/aptecnologia.com.ar\/new\/wp-json\/wp\/v2\/types\/product"}],"replies":[{"embeddable":true,"href":"https:\/\/aptecnologia.com.ar\/new\/wp-json\/wp\/v2\/comments?post=11737"}],"version-history":[{"count":0,"href":"https:\/\/aptecnologia.com.ar\/new\/wp-json\/wp\/v2\/product\/11737\/revisions"}],"wp:featuredmedia":[{"embeddable":true,"href":"https:\/\/aptecnologia.com.ar\/new\/wp-json\/wp\/v2\/media\/11741"}],"wp:attachment":[{"href":"https:\/\/aptecnologia.com.ar\/new\/wp-json\/wp\/v2\/media?parent=11737"}],"wp:term":[{"taxonomy":"pwb-brand","embeddable":true,"href":"https:\/\/aptecnologia.com.ar\/new\/wp-json\/wp\/v2\/pwb-brand?post=11737"},{"taxonomy":"product_cat","embeddable":true,"href":"https:\/\/aptecnologia.com.ar\/new\/wp-json\/wp\/v2\/product_cat?post=11737"},{"taxonomy":"product_tag","embeddable":true,"href":"https:\/\/aptecnologia.com.ar\/new\/wp-json\/wp\/v2\/product_tag?post=11737"}],"curies":[{"name":"wp","href":"https:\/\/api.w.org\/{rel}","templated":true}]}}