{"id":11527,"date":"2022-06-23T16:39:37","date_gmt":"2022-06-23T16:39:37","guid":{"rendered":"https:\/\/aptecnologia.com.ar\/new\/?post_type=product&#038;p=11527"},"modified":"2024-03-12T17:01:01","modified_gmt":"2024-03-12T20:01:01","slug":"notebook-i7-1165g7-v15-8gb-ssd256-15-fdos-lenovo","status":"publish","type":"product","link":"https:\/\/aptecnologia.com.ar\/new\/productos\/notebook-i7-1165g7-v15-8gb-ssd256-15-fdos-lenovo\/","title":{"rendered":"Notebook &#8211;  I7 1165G7 V15 8Gb Ssd256 15.\u00bb FDOS LENOVO"},"content":{"rendered":"<p>La notebook Lenovo V-Series V15 fue pensada para hacer tu vida m\u00e1s sencilla. Su dise\u00f1o elegante e innovador y su comodidad para transportarla, la convertir\u00e1 en tu PC favorita. Cualquier tarea que te propongas, ya sea en casa o en la oficina, la har\u00e1s con facilidad gracias a su poderoso rendimiento.<\/p>\n<p>Pantalla con gran impacto visual<br \/>\nSu pantalla de 15.6&#8243; y 1920&#215;1080\u00a0px de resoluci\u00f3n te brindar\u00e1 colores m\u00e1s vivos y definidos. Tus pel\u00edculas y series preferidas cobrar\u00e1n vida, ya que ganar\u00e1n calidad y definici\u00f3n en cada detalle.<\/p>\n<p>Alta eficiencia a tu alcance<br \/>\nSu procesador Intel Core i7 de 4 n\u00facleos, est\u00e1 pensado para quienes buscan la m\u00e1xima exigencia en la productividad. Est\u00e1 destinado a personas que trabajan con programas de dise\u00f1o, de edici\u00f3n o tienen un nivel de juego alto. Llevar\u00e1 a cabo varios procesos de forma simult\u00e1nea, sin frenos y te brindar\u00e1 una experiencia excepcional.<\/p>\n<p>Potente disco s\u00f3lido<br \/>\nEl disco s\u00f3lido de 256 GB hace que el equipo funcione a gran velocidad y por lo tanto te brinda mayor agilidad para operar con diversos programas.<\/p>\n<p>Un procesador exclusivo para los gr\u00e1ficos<br \/>\nSu placa de video Intel Iris Xe Graphics G7 96EUs convierte a este dispositivo en una gran herramienta de trabajo para cualquier profesional del dise\u00f1o. Te permitir\u00e1 lograr una gran performance en todos tus juegos y en otras tareas cotidianas que impliquen procesamiento gr\u00e1fico.<\/p>\n","protected":false},"excerpt":{"rendered":"<p>Procesador Intel Core i7.<br \/>\nMemoria RAM de 8GB.<br \/>\nResoluci\u00f3n de 1920&#215;1080 px.<br \/>\nConexi\u00f3n wifi y bluetooth.<br \/>\nCuenta con 3 puertos USB y puerto HDMI.<br \/>\nPosee pad num\u00e9rico.<br \/>\nModo de sonido Stereo.<\/p>\n","protected":false},"featured_media":11529,"comment_status":"open","ping_status":"closed","template":"","meta":[],"pwb-brand":[148],"product_cat":[66,191,72],"product_tag":[],"class_list":{"0":"post-11527","1":"product","2":"type-product","3":"status-publish","4":"has-post-thumbnail","6":"pwb-brand-lenovo","7":"product_cat-computacion","8":"product_cat-equipos","9":"product_cat-notebooks","11":"first","12":"outofstock","13":"shipping-taxable","14":"purchasable","15":"product-type-simple"},"brands":[{"id":148,"name":"Lenovo","slug":"lenovo"}],"_links":{"self":[{"href":"https:\/\/aptecnologia.com.ar\/new\/wp-json\/wp\/v2\/product\/11527","targetHints":{"allow":["GET"]}}],"collection":[{"href":"https:\/\/aptecnologia.com.ar\/new\/wp-json\/wp\/v2\/product"}],"about":[{"href":"https:\/\/aptecnologia.com.ar\/new\/wp-json\/wp\/v2\/types\/product"}],"replies":[{"embeddable":true,"href":"https:\/\/aptecnologia.com.ar\/new\/wp-json\/wp\/v2\/comments?post=11527"}],"version-history":[{"count":0,"href":"https:\/\/aptecnologia.com.ar\/new\/wp-json\/wp\/v2\/product\/11527\/revisions"}],"wp:featuredmedia":[{"embeddable":true,"href":"https:\/\/aptecnologia.com.ar\/new\/wp-json\/wp\/v2\/media\/11529"}],"wp:attachment":[{"href":"https:\/\/aptecnologia.com.ar\/new\/wp-json\/wp\/v2\/media?parent=11527"}],"wp:term":[{"taxonomy":"pwb-brand","embeddable":true,"href":"https:\/\/aptecnologia.com.ar\/new\/wp-json\/wp\/v2\/pwb-brand?post=11527"},{"taxonomy":"product_cat","embeddable":true,"href":"https:\/\/aptecnologia.com.ar\/new\/wp-json\/wp\/v2\/product_cat?post=11527"},{"taxonomy":"product_tag","embeddable":true,"href":"https:\/\/aptecnologia.com.ar\/new\/wp-json\/wp\/v2\/product_tag?post=11527"}],"curies":[{"name":"wp","href":"https:\/\/api.w.org\/{rel}","templated":true}]}}