{"id":11361,"date":"2022-05-26T12:03:40","date_gmt":"2022-05-26T12:03:40","guid":{"rendered":"https:\/\/aptecnologia.com.ar\/new\/productos\/disco-hdd-2tb-5400-s-ata3-purple-64mb-wd-copy\/"},"modified":"2022-05-26T12:07:56","modified_gmt":"2022-05-26T12:07:56","slug":"disco-hdd-1tb-5400-s-ata3-purple-64mb-wd","status":"publish","type":"product","link":"https:\/\/aptecnologia.com.ar\/new\/productos\/disco-hdd-1tb-5400-s-ata3-purple-64mb-wd\/","title":{"rendered":"Disco HDD 1TB 5400 S-ATA3 PURPLE 64MB &#8211; WD"},"content":{"rendered":"<p>HDD 1T WD 3.5 PURPLE 64MB<br \/>\nLos discos de almacenamiento para videovigilancia WD Purple incluyen la exclusiva tecnolog\u00eda AllFrame para proporcionar una fiabilidad y una tranquilidad superiores cuando instale un sistema de seguridad en su casa o empresa de peque\u00f1o y mediano tama\u00f1o. Las exclusivas actualizaciones del firmware de WD Purple son compatibles con la transmisi\u00f3n ATA para reducir los errores en la pixilaci\u00f3n y las interrupciones t\u00edpicas en el v\u00eddeo que ocurren cuando incorrectamente se utilizan discos duros de sobremesa en los sistemas de seguridad. Los discos de almacenamiento para videovigilancia WD Purple est\u00e1n dise\u00f1ados y fabricados para el funcionamiento fiable de los sistemas de vigilancia y seguridad de alta definici\u00f3n que operan 24&#215;7 y que utilizan hasta ocho discos duros y hasta 32 c\u00e1maras. Elija un disco dise\u00f1ado y fabricado para los sistemas de videovigilancia dom\u00e9sticos y de empresas y queda Usted tranquilo al contar con un disco duro espec\u00edficamente pensado para la videovigilancia.<\/p>\n","protected":false},"excerpt":{"rendered":"<p>Tipo de dispositivo:Disco duro &#8211; interno<br \/>\n&#8211; Capacidad: 1TB<br \/>\n&#8211; Factor de forma: 3.5&#8243;<br \/>\n&#8211; Interfaz: SATA 6Gb\/s<br \/>\n&#8211; Tama\u00f1o de b\u00fafer: 64 MB<\/p>\n","protected":false},"featured_media":11363,"comment_status":"open","ping_status":"closed","template":"","meta":[],"pwb-brand":[124],"product_cat":[66,94,91],"product_tag":[],"class_list":{"0":"post-11361","1":"product","2":"type-product","3":"status-publish","4":"has-post-thumbnail","6":"pwb-brand-wd","7":"product_cat-computacion","8":"product_cat-discos","9":"product_cat-componentes","11":"first","12":"instock","13":"shipping-taxable","14":"purchasable","15":"product-type-simple"},"brands":[{"id":124,"name":"WD","slug":"wd"}],"_links":{"self":[{"href":"https:\/\/aptecnologia.com.ar\/new\/wp-json\/wp\/v2\/product\/11361","targetHints":{"allow":["GET"]}}],"collection":[{"href":"https:\/\/aptecnologia.com.ar\/new\/wp-json\/wp\/v2\/product"}],"about":[{"href":"https:\/\/aptecnologia.com.ar\/new\/wp-json\/wp\/v2\/types\/product"}],"replies":[{"embeddable":true,"href":"https:\/\/aptecnologia.com.ar\/new\/wp-json\/wp\/v2\/comments?post=11361"}],"version-history":[{"count":0,"href":"https:\/\/aptecnologia.com.ar\/new\/wp-json\/wp\/v2\/product\/11361\/revisions"}],"wp:featuredmedia":[{"embeddable":true,"href":"https:\/\/aptecnologia.com.ar\/new\/wp-json\/wp\/v2\/media\/11363"}],"wp:attachment":[{"href":"https:\/\/aptecnologia.com.ar\/new\/wp-json\/wp\/v2\/media?parent=11361"}],"wp:term":[{"taxonomy":"pwb-brand","embeddable":true,"href":"https:\/\/aptecnologia.com.ar\/new\/wp-json\/wp\/v2\/pwb-brand?post=11361"},{"taxonomy":"product_cat","embeddable":true,"href":"https:\/\/aptecnologia.com.ar\/new\/wp-json\/wp\/v2\/product_cat?post=11361"},{"taxonomy":"product_tag","embeddable":true,"href":"https:\/\/aptecnologia.com.ar\/new\/wp-json\/wp\/v2\/product_tag?post=11361"}],"curies":[{"name":"wp","href":"https:\/\/api.w.org\/{rel}","templated":true}]}}