{"id":11337,"date":"2022-05-26T11:31:01","date_gmt":"2022-05-26T11:31:01","guid":{"rendered":"https:\/\/aptecnologia.com.ar\/new\/?post_type=product&#038;p=11337"},"modified":"2023-05-12T16:37:59","modified_gmt":"2023-05-12T19:37:59","slug":"notebook-i3-inspiron-3501-4gb-1tb-dell","status":"publish","type":"product","link":"https:\/\/aptecnologia.com.ar\/new\/productos\/notebook-i3-inspiron-3501-4gb-1tb-dell\/","title":{"rendered":"Notebook  &#8211; I3 Inspiron 3501 4Gb 1TB 15.6&#8243; DELL"},"content":{"rendered":"<p>Los equipos Dell se destacan por ofrecer soluciones reales para cada una de las necesidades. Ya sea para conectarte, entretenerte, trabajar o colaborar de manera online, podr\u00e1s hacerlo de forma segura desde cualquier lugar y en cualquier momento.<\/p>\n<p>Pantalla con gran impacto visual<br \/>\nSu pantalla LED de 15.6&#8243; y 1366&#215;768\u00a0px de resoluci\u00f3n te brindar\u00e1 colores m\u00e1s vivos y definidos. Tus pel\u00edculas y series preferidas cobrar\u00e1n vida, ya que ganar\u00e1n calidad y definici\u00f3n en cada detalle.<\/p>\n<p>Eficiencia a tu alcance<br \/>\nSu procesador Intel Core i3 de 2 n\u00facleos, est\u00e1 pensado para aquellas personas generadoras y consumidoras de contenidos. En base a esto, permite el desempe\u00f1o necesario para la edici\u00f3n de fotograf\u00edas o videos en programas b\u00e1sicos.<\/p>\n<p>Un procesador exclusivo para los gr\u00e1ficos<br \/>\nSu placa de video Intel UHD Graphics G1 convierte a este dispositivo en una gran herramienta de trabajo para cualquier profesional del dise\u00f1o. Te permitir\u00e1 lograr una gran performance en todos tus juegos y en otras tareas cotidianas que impliquen procesamiento gr\u00e1fico.<\/p>\n","protected":false},"excerpt":{"rendered":"<p>Procesador Intel Core i3.<br \/>\nMemoria RAM de 4GB.<br \/>\nPantalla LED de 15.6&#8243;.<br \/>\nResoluci\u00f3n de 1366&#215;768 px.<br \/>\nEs antirreflejo.<br \/>\nPlaca de video Intel UHD Graphics G1.<br \/>\nConexi\u00f3n wifi y bluetooth.<\/p>\n","protected":false},"featured_media":11343,"comment_status":"open","ping_status":"closed","template":"","meta":[],"pwb-brand":[146],"product_cat":[66,191,72],"product_tag":[211],"class_list":{"0":"post-11337","1":"product","2":"type-product","3":"status-publish","4":"has-post-thumbnail","6":"pwb-brand-dell","7":"product_cat-computacion","8":"product_cat-equipos","9":"product_cat-notebooks","10":"product_tag-diapadre","12":"first","13":"instock","14":"shipping-taxable","15":"purchasable","16":"product-type-simple"},"brands":[{"id":146,"name":"Dell","slug":"dell"}],"_links":{"self":[{"href":"https:\/\/aptecnologia.com.ar\/new\/wp-json\/wp\/v2\/product\/11337","targetHints":{"allow":["GET"]}}],"collection":[{"href":"https:\/\/aptecnologia.com.ar\/new\/wp-json\/wp\/v2\/product"}],"about":[{"href":"https:\/\/aptecnologia.com.ar\/new\/wp-json\/wp\/v2\/types\/product"}],"replies":[{"embeddable":true,"href":"https:\/\/aptecnologia.com.ar\/new\/wp-json\/wp\/v2\/comments?post=11337"}],"version-history":[{"count":0,"href":"https:\/\/aptecnologia.com.ar\/new\/wp-json\/wp\/v2\/product\/11337\/revisions"}],"wp:featuredmedia":[{"embeddable":true,"href":"https:\/\/aptecnologia.com.ar\/new\/wp-json\/wp\/v2\/media\/11343"}],"wp:attachment":[{"href":"https:\/\/aptecnologia.com.ar\/new\/wp-json\/wp\/v2\/media?parent=11337"}],"wp:term":[{"taxonomy":"pwb-brand","embeddable":true,"href":"https:\/\/aptecnologia.com.ar\/new\/wp-json\/wp\/v2\/pwb-brand?post=11337"},{"taxonomy":"product_cat","embeddable":true,"href":"https:\/\/aptecnologia.com.ar\/new\/wp-json\/wp\/v2\/product_cat?post=11337"},{"taxonomy":"product_tag","embeddable":true,"href":"https:\/\/aptecnologia.com.ar\/new\/wp-json\/wp\/v2\/product_tag?post=11337"}],"curies":[{"name":"wp","href":"https:\/\/api.w.org\/{rel}","templated":true}]}}