{"id":11309,"date":"2022-05-25T12:06:34","date_gmt":"2022-05-25T12:06:34","guid":{"rendered":"https:\/\/aptecnologia.com.ar\/new\/productos\/telefono-ip-gxp1625-grandstream-copy\/"},"modified":"2022-05-25T12:13:57","modified_gmt":"2022-05-25T12:13:57","slug":"telefono-ip-gxp1615-grandstream","status":"publish","type":"product","link":"https:\/\/aptecnologia.com.ar\/new\/productos\/telefono-ip-gxp1615-grandstream\/","title":{"rendered":"Telefono IP GXP1615 &#8211; GRANDSTREAM"},"content":{"rendered":"<p>\u2022 Numero de lineas: 1 SIP y hasta 2 estados de llamada.<br \/>\n\u2022 Numero de puertos RJ45: Puertos dobles conmutados auto-sensing 10\/100Mbps con detecci\u00f3n autom\u00e1tica.<br \/>\n\u2022 Conector para cascos: RJ11 (Headset).<br \/>\n\u2022 Fuente de alimentaci\u00f3n: Incluida.<br \/>\n\u2022 Display: 132&#215;48 pixel graphical LCD (no retroiluminada).<br \/>\n\u2022 Manos Libres: Altavoz manos libres full d\u00faplex con cancelaci\u00f3n avanzada de eco ac\u00fastico, Electronic Hook Switch (EHS) con aud\u00edfonos Plantronics.<br \/>\n\u2022 Caracter\u00edsticas Adicionales: Conferencia a 3 v\u00edas y auto-aprovisionamiento usando TR-069 o archivo de configuraci\u00f3n XML cifrado con AES<br \/>\nPoEPoE integrado.<\/p>\n","protected":false},"excerpt":{"rendered":"<p>Cantidad de l\u00edneas: 1<br \/>\nCantidad de cuentas SIP: 1<br \/>\nCon pantalla LCD: S\u00ed<br \/>\nEs dispositivo PoE: S\u00ed<br \/>\nEs inal\u00e1mbrico: No<\/p>\n","protected":false},"featured_media":11311,"comment_status":"open","ping_status":"closed","template":"","meta":[],"pwb-brand":[179],"product_cat":[177,138,155],"product_tag":[],"class_list":{"0":"post-11309","1":"product","2":"type-product","3":"status-publish","4":"has-post-thumbnail","6":"pwb-brand-grandstream","7":"product_cat-ip","8":"product_cat-office","9":"product_cat-telefonia","11":"first","12":"outofstock","13":"shipping-taxable","14":"purchasable","15":"product-type-simple"},"brands":[{"id":179,"name":"Grandstream","slug":"grandstream"}],"_links":{"self":[{"href":"https:\/\/aptecnologia.com.ar\/new\/wp-json\/wp\/v2\/product\/11309","targetHints":{"allow":["GET"]}}],"collection":[{"href":"https:\/\/aptecnologia.com.ar\/new\/wp-json\/wp\/v2\/product"}],"about":[{"href":"https:\/\/aptecnologia.com.ar\/new\/wp-json\/wp\/v2\/types\/product"}],"replies":[{"embeddable":true,"href":"https:\/\/aptecnologia.com.ar\/new\/wp-json\/wp\/v2\/comments?post=11309"}],"version-history":[{"count":0,"href":"https:\/\/aptecnologia.com.ar\/new\/wp-json\/wp\/v2\/product\/11309\/revisions"}],"wp:featuredmedia":[{"embeddable":true,"href":"https:\/\/aptecnologia.com.ar\/new\/wp-json\/wp\/v2\/media\/11311"}],"wp:attachment":[{"href":"https:\/\/aptecnologia.com.ar\/new\/wp-json\/wp\/v2\/media?parent=11309"}],"wp:term":[{"taxonomy":"pwb-brand","embeddable":true,"href":"https:\/\/aptecnologia.com.ar\/new\/wp-json\/wp\/v2\/pwb-brand?post=11309"},{"taxonomy":"product_cat","embeddable":true,"href":"https:\/\/aptecnologia.com.ar\/new\/wp-json\/wp\/v2\/product_cat?post=11309"},{"taxonomy":"product_tag","embeddable":true,"href":"https:\/\/aptecnologia.com.ar\/new\/wp-json\/wp\/v2\/product_tag?post=11309"}],"curies":[{"name":"wp","href":"https:\/\/api.w.org\/{rel}","templated":true}]}}