{"id":11142,"date":"2022-04-27T17:27:14","date_gmt":"2022-04-27T17:27:14","guid":{"rendered":"https:\/\/aptecnologia.com.ar\/new\/?post_type=product&#038;p=11142"},"modified":"2022-05-03T14:14:28","modified_gmt":"2022-05-03T14:14:28","slug":"auricular-hs-m200c-black-genius","status":"publish","type":"product","link":"https:\/\/aptecnologia.com.ar\/new\/productos\/auricular-hs-m200c-black-genius\/","title":{"rendered":"Auricular HS-M200C Black &#8211; GENIUS"},"content":{"rendered":"<p>Los AURICULARES HS-M200C de GENIUS para PC son s\u00faper livianos y posee un pr\u00e1ctico micr\u00f3fono incorporado. Dise\u00f1ado para facilitar la comunicaci\u00f3n a trav\u00e9s de Internet. Cuenta con c\u00f3modas orejeras ideales para chatear por diversas plataformas online como Skype y otras aplicaciones similares. Su conector es de 3.5 mm.<\/p>\n<p>\u2022 Livianos Auriculares para PC con micr\u00f3fono incorporado.<br \/>\n\u2022 Hacen muy f\u00e1cil la comunicaci\u00f3n a trav\u00e9s de Internet.<br \/>\n\u2022 Diadema ajustable.<br \/>\n\u2022 C\u00f3modas orejeras.<br \/>\n\u2022 Ideales para chats, skype y otras aplicaciones similares.<br \/>\n\u2022 Conector 3.5mm.<\/p>\n","protected":false},"excerpt":{"rendered":"<p>Tipo: Vincha ajustable<br \/>\nConexi\u00f3n: \u00danico conector de 3,5 mm (audio\/mic)<br \/>\nFrecuencia: 20Hz &#8211; 20KHz<br \/>\nSensibilidad: 105 dB<br \/>\nImpedancia: 32 ohm<br \/>\nCon Micr\u00f3fono: S\u00cd<br \/>\nLongitud de cable: 1.8 metros<\/p>\n","protected":false},"featured_media":11143,"comment_status":"open","ping_status":"closed","template":"","meta":[],"pwb-brand":[109],"product_cat":[67,86],"product_tag":[],"class_list":{"0":"post-11142","1":"product","2":"type-product","3":"status-publish","4":"has-post-thumbnail","6":"pwb-brand-genius","7":"product_cat-audio-y-video","8":"product_cat-auriculares","10":"first","11":"outofstock","12":"shipping-taxable","13":"purchasable","14":"product-type-simple"},"brands":[{"id":109,"name":"Genius","slug":"genius"}],"_links":{"self":[{"href":"https:\/\/aptecnologia.com.ar\/new\/wp-json\/wp\/v2\/product\/11142","targetHints":{"allow":["GET"]}}],"collection":[{"href":"https:\/\/aptecnologia.com.ar\/new\/wp-json\/wp\/v2\/product"}],"about":[{"href":"https:\/\/aptecnologia.com.ar\/new\/wp-json\/wp\/v2\/types\/product"}],"replies":[{"embeddable":true,"href":"https:\/\/aptecnologia.com.ar\/new\/wp-json\/wp\/v2\/comments?post=11142"}],"version-history":[{"count":0,"href":"https:\/\/aptecnologia.com.ar\/new\/wp-json\/wp\/v2\/product\/11142\/revisions"}],"wp:featuredmedia":[{"embeddable":true,"href":"https:\/\/aptecnologia.com.ar\/new\/wp-json\/wp\/v2\/media\/11143"}],"wp:attachment":[{"href":"https:\/\/aptecnologia.com.ar\/new\/wp-json\/wp\/v2\/media?parent=11142"}],"wp:term":[{"taxonomy":"pwb-brand","embeddable":true,"href":"https:\/\/aptecnologia.com.ar\/new\/wp-json\/wp\/v2\/pwb-brand?post=11142"},{"taxonomy":"product_cat","embeddable":true,"href":"https:\/\/aptecnologia.com.ar\/new\/wp-json\/wp\/v2\/product_cat?post=11142"},{"taxonomy":"product_tag","embeddable":true,"href":"https:\/\/aptecnologia.com.ar\/new\/wp-json\/wp\/v2\/product_tag?post=11142"}],"curies":[{"name":"wp","href":"https:\/\/api.w.org\/{rel}","templated":true}]}}