{"id":11137,"date":"2022-04-27T17:02:03","date_gmt":"2022-04-27T17:02:03","guid":{"rendered":"https:\/\/aptecnologia.com.ar\/new\/?post_type=product&#038;p=11137"},"modified":"2022-08-08T18:12:25","modified_gmt":"2022-08-08T18:12:25","slug":"micro-ryzen-5-4650g-multipack-c-cooler-amd","status":"publish","type":"product","link":"https:\/\/aptecnologia.com.ar\/new\/productos\/micro-ryzen-5-4650g-multipack-c-cooler-amd\/","title":{"rendered":"Micro Ryzen 5 4650G Multipack c\/ Cooler &#8211; AMD"},"content":{"rendered":"<p>Tecnolog\u00edas AMD PRO<br \/>\nDise\u00f1adas para las empresas de hoy, las tecnolog\u00edas AMD PRO ofrecen varios niveles de protecci\u00f3n, una capacidad de administraci\u00f3n integral y confiabilidad a largo plazo.<\/p>\n<p>Especificaciones generales<\/p>\n<p>Plataforma: Computadora de escritorio<br \/>\nFamilia de productos: Procesadores AMD Ryzen \u2122 PRO<br \/>\nL\u00ednea de productos: Procesadores de escritorio AMD Ryzen \u2122 5 PRO serie 4000<br \/>\nN.\u00b0 de cores de CPU: 6<br \/>\nN.\u00b0 de subprocesos: 12<br \/>\nReloj de aumento m\u00e1x.: Hasta 4.2GHz<br \/>\nReloj base: 3,7 GHz<br \/>\nCach\u00e9 L1 total: 384 KB<br \/>\nCach\u00e9 L2 total: 3 MB<br \/>\nCach\u00e9 L3 total: 8 MB<br \/>\nTDP\/TDP predeterminado: 65W<br \/>\nTDP configurable de AMD (cTDP): 45-65W<br \/>\nTecnolog\u00eda de procesador para cores de CPU: TSMC 7nm FinFET<br \/>\nDesbloqueados : No<br \/>\nPaquete: AM4<br \/>\nSoluci\u00f3n t\u00e9rmica (MPK): Wraith Stealth<br \/>\nTemp. m\u00e1x.: 95\u00b0C<br \/>\n*Compatible con SO:<br \/>\nWindows 11 &#8211; Edici\u00f3n de 64-bits<br \/>\nWindows 10 edici\u00f3n de 64\u00b7bits<br \/>\nRHEL x86 edici\u00f3n de 64\u00b7bits<br \/>\nUbuntu x86 edici\u00f3n de 64\u00b7bits<br \/>\n*El soporte del sistema operativo (SO) variar\u00e1 seg\u00fan el fabricante.<\/p>\n<p>Conectividad<br \/>\nVersi\u00f3n de PCI Express: PCIe\u00ae 3.0<br \/>\nTipo de memoria: DDR4<br \/>\nCanales de memoria: 2<br \/>\nVelocidad m\u00e1xima de memoria: Hasta 3200 MHz<\/p>\n<p>Capacidades gr\u00e1ficas<br \/>\nModelo de gr\u00e1ficos: Gr\u00e1ficos Radeon \u2122<br \/>\nN.\u00b0 de cores de GPU: 7<br \/>\nFrecuencia de gr\u00e1ficos: 1900 MHz<\/p>\n","protected":false},"excerpt":{"rendered":"<p>Tipos de memoria RAM soportadas: DDR4<br \/>\nFrecuencia m\u00e1xima de reloj: 4.2 GHz<br \/>\nCantidad de cores de CPU: 6<br \/>\nZ\u00f3calos compatibles: AM4<br \/>\nCach\u00e9: 8 MB<\/p>\n","protected":false},"featured_media":11140,"comment_status":"open","ping_status":"closed","template":"","meta":[],"pwb-brand":[137],"product_cat":[66,97,91],"product_tag":[],"class_list":{"0":"post-11137","1":"product","2":"type-product","3":"status-publish","4":"has-post-thumbnail","6":"pwb-brand-amd","7":"product_cat-computacion","8":"product_cat-micros","9":"product_cat-componentes","11":"first","12":"instock","13":"shipping-taxable","14":"purchasable","15":"product-type-simple"},"brands":[{"id":137,"name":"AMD","slug":"amd"}],"_links":{"self":[{"href":"https:\/\/aptecnologia.com.ar\/new\/wp-json\/wp\/v2\/product\/11137","targetHints":{"allow":["GET"]}}],"collection":[{"href":"https:\/\/aptecnologia.com.ar\/new\/wp-json\/wp\/v2\/product"}],"about":[{"href":"https:\/\/aptecnologia.com.ar\/new\/wp-json\/wp\/v2\/types\/product"}],"replies":[{"embeddable":true,"href":"https:\/\/aptecnologia.com.ar\/new\/wp-json\/wp\/v2\/comments?post=11137"}],"version-history":[{"count":0,"href":"https:\/\/aptecnologia.com.ar\/new\/wp-json\/wp\/v2\/product\/11137\/revisions"}],"wp:featuredmedia":[{"embeddable":true,"href":"https:\/\/aptecnologia.com.ar\/new\/wp-json\/wp\/v2\/media\/11140"}],"wp:attachment":[{"href":"https:\/\/aptecnologia.com.ar\/new\/wp-json\/wp\/v2\/media?parent=11137"}],"wp:term":[{"taxonomy":"pwb-brand","embeddable":true,"href":"https:\/\/aptecnologia.com.ar\/new\/wp-json\/wp\/v2\/pwb-brand?post=11137"},{"taxonomy":"product_cat","embeddable":true,"href":"https:\/\/aptecnologia.com.ar\/new\/wp-json\/wp\/v2\/product_cat?post=11137"},{"taxonomy":"product_tag","embeddable":true,"href":"https:\/\/aptecnologia.com.ar\/new\/wp-json\/wp\/v2\/product_tag?post=11137"}],"curies":[{"name":"wp","href":"https:\/\/api.w.org\/{rel}","templated":true}]}}