{"id":11062,"date":"2022-04-12T19:03:06","date_gmt":"2022-04-12T19:03:06","guid":{"rendered":"https:\/\/aptecnologia.com.ar\/new\/?post_type=product&#038;p=11062"},"modified":"2022-06-10T16:28:25","modified_gmt":"2022-06-10T16:28:25","slug":"pendrive-250w-32gb-2-0-hp","status":"publish","type":"product","link":"https:\/\/aptecnologia.com.ar\/new\/productos\/pendrive-250w-32gb-2-0-hp\/","title":{"rendered":"Pendrive 250W 32Gb 2.0 &#8211; HP"},"content":{"rendered":"<p>La unidad flash USB HP v250w tiene un cuerpo de metal duradero. El gancho flexible facilita la conexi\u00f3n de las unidades a accesorios o dispositivos. El conveniente dise\u00f1o de clip es seguro y f\u00e1cil de usar. Almacene y comparta todos sus documentos digitales, im\u00e1genes, videos y archivos MP3. Ll\u00e9velo con usted a d\u00f3nde quiera que vaya.<\/p>\n<p>Instalaci\u00f3n f\u00e1cil enchufe y use<br \/>\nUnidad flash USB ultracompacta con clip<br \/>\nSe adhiere de forma segura a llaves, bolsos, etc.<\/p>\n","protected":false},"excerpt":{"rendered":"<p>Capacidad: 32 GB<br \/>\nInterfaz del dispositivo: USB tipo A<br \/>\nVersi\u00f3n USB: 2.0<br \/>\nVelocidad de lectura 25 MB \/ s<br \/>\nVelocidad de escritura 8 MB \/ s<br \/>\nPlug and Play S\u00ed<\/p>\n","protected":false},"featured_media":11063,"comment_status":"open","ping_status":"closed","template":"","meta":[],"pwb-brand":[118],"product_cat":[199,66,149],"product_tag":[211],"class_list":{"0":"post-11062","1":"product","2":"type-product","3":"status-publish","4":"has-post-thumbnail","6":"pwb-brand-hp","7":"product_cat-almacenamiento","8":"product_cat-computacion","9":"product_cat-pendrives","10":"product_tag-diapadre","12":"first","13":"outofstock","14":"shipping-taxable","15":"purchasable","16":"product-type-simple"},"brands":[{"id":118,"name":"HP","slug":"hp"}],"_links":{"self":[{"href":"https:\/\/aptecnologia.com.ar\/new\/wp-json\/wp\/v2\/product\/11062","targetHints":{"allow":["GET"]}}],"collection":[{"href":"https:\/\/aptecnologia.com.ar\/new\/wp-json\/wp\/v2\/product"}],"about":[{"href":"https:\/\/aptecnologia.com.ar\/new\/wp-json\/wp\/v2\/types\/product"}],"replies":[{"embeddable":true,"href":"https:\/\/aptecnologia.com.ar\/new\/wp-json\/wp\/v2\/comments?post=11062"}],"version-history":[{"count":0,"href":"https:\/\/aptecnologia.com.ar\/new\/wp-json\/wp\/v2\/product\/11062\/revisions"}],"wp:featuredmedia":[{"embeddable":true,"href":"https:\/\/aptecnologia.com.ar\/new\/wp-json\/wp\/v2\/media\/11063"}],"wp:attachment":[{"href":"https:\/\/aptecnologia.com.ar\/new\/wp-json\/wp\/v2\/media?parent=11062"}],"wp:term":[{"taxonomy":"pwb-brand","embeddable":true,"href":"https:\/\/aptecnologia.com.ar\/new\/wp-json\/wp\/v2\/pwb-brand?post=11062"},{"taxonomy":"product_cat","embeddable":true,"href":"https:\/\/aptecnologia.com.ar\/new\/wp-json\/wp\/v2\/product_cat?post=11062"},{"taxonomy":"product_tag","embeddable":true,"href":"https:\/\/aptecnologia.com.ar\/new\/wp-json\/wp\/v2\/product_tag?post=11062"}],"curies":[{"name":"wp","href":"https:\/\/api.w.org\/{rel}","templated":true}]}}