{"id":11059,"date":"2022-04-12T18:53:02","date_gmt":"2022-04-12T18:53:02","guid":{"rendered":"https:\/\/aptecnologia.com.ar\/new\/?post_type=product&#038;p=11059"},"modified":"2022-05-16T19:09:05","modified_gmt":"2022-05-16T19:09:05","slug":"pendrive-236w-32gb-2-0-hp","status":"publish","type":"product","link":"https:\/\/aptecnologia.com.ar\/new\/productos\/pendrive-236w-32gb-2-0-hp\/","title":{"rendered":"Pendrive 236W 32Gb 2.0 &#8211; HP"},"content":{"rendered":"<p>HP es una de las empresas m\u00e1s importantes del mundo en el rubro de la tecnolog\u00eda de la informaci\u00f3n. Su objetivo es mejorar la forma en la que viven y trabajan las personas.<br \/>\nLos pendrives HP son dispositivos de almacenamiento port\u00e1tiles que te permitir\u00e1n transferir m\u00fasica, v\u00eddeos y otros archivos de un modo r\u00e1pido y f\u00e1cil. Adem\u00e1s, son ideales para el uso de cada d\u00eda en el trabajo, en casa o en la escuela.<\/p>\n<p>Capacidad adaptada a tus requerimientos<br \/>\nEste pendrive te permitir\u00e1 almacenar hasta 32 GB para que puedas guardar gran cantidad de informaci\u00f3n, im\u00e1genes u otros tipos de archivos.<\/p>\n<p>Olvidate de la tapa<br \/>\nEste modelo se caracteriza por un dise\u00f1o conveniente sin tapa que elimina el problema de perderla, lo que te brindar\u00e1 mayor comodidad y tranquilidad.<\/p>\n<p>M\u00e1s seguro y pr\u00e1ctico<br \/>\nCon este dispositivo podr\u00e1s mantener tus archivos siempre protegidos. Adem\u00e1s su uso es muy pr\u00e1ctico: solo debes conectarlo al aparato y arrastrar los archivos hasta la unidad.<\/p>\n<p>Llevalo siempre con vos<br \/>\nCuenta con un dise\u00f1o super compacto, delgado y resistente para que puedas llevarlo adonde vayas. \u00a1Podr\u00e1s usarlo y transportarlo con facilidad cuando te muevas de un lado al otro!<\/p>\n","protected":false},"excerpt":{"rendered":"<p>Capacidad de almacenamiento de 32GB.<br \/>\nConectividad USB 2.0.<br \/>\nTipo de conector: USB-A.<br \/>\nVelocidad de lectura de 14MB\/s.<br \/>\nVelocidad de escritura de 4MB\/s.<br \/>\nDimensiones: 17.2mm de ancho, 55mm de alto y 9.5mm de profundidad.<br \/>\nDise\u00f1o elegante y sin tapa.<\/p>\n","protected":false},"featured_media":11060,"comment_status":"open","ping_status":"closed","template":"","meta":[],"pwb-brand":[118],"product_cat":[199,66,149],"product_tag":[],"class_list":{"0":"post-11059","1":"product","2":"type-product","3":"status-publish","4":"has-post-thumbnail","6":"pwb-brand-hp","7":"product_cat-almacenamiento","8":"product_cat-computacion","9":"product_cat-pendrives","11":"first","12":"outofstock","13":"shipping-taxable","14":"purchasable","15":"product-type-simple"},"brands":[{"id":118,"name":"HP","slug":"hp"}],"_links":{"self":[{"href":"https:\/\/aptecnologia.com.ar\/new\/wp-json\/wp\/v2\/product\/11059","targetHints":{"allow":["GET"]}}],"collection":[{"href":"https:\/\/aptecnologia.com.ar\/new\/wp-json\/wp\/v2\/product"}],"about":[{"href":"https:\/\/aptecnologia.com.ar\/new\/wp-json\/wp\/v2\/types\/product"}],"replies":[{"embeddable":true,"href":"https:\/\/aptecnologia.com.ar\/new\/wp-json\/wp\/v2\/comments?post=11059"}],"version-history":[{"count":0,"href":"https:\/\/aptecnologia.com.ar\/new\/wp-json\/wp\/v2\/product\/11059\/revisions"}],"wp:featuredmedia":[{"embeddable":true,"href":"https:\/\/aptecnologia.com.ar\/new\/wp-json\/wp\/v2\/media\/11060"}],"wp:attachment":[{"href":"https:\/\/aptecnologia.com.ar\/new\/wp-json\/wp\/v2\/media?parent=11059"}],"wp:term":[{"taxonomy":"pwb-brand","embeddable":true,"href":"https:\/\/aptecnologia.com.ar\/new\/wp-json\/wp\/v2\/pwb-brand?post=11059"},{"taxonomy":"product_cat","embeddable":true,"href":"https:\/\/aptecnologia.com.ar\/new\/wp-json\/wp\/v2\/product_cat?post=11059"},{"taxonomy":"product_tag","embeddable":true,"href":"https:\/\/aptecnologia.com.ar\/new\/wp-json\/wp\/v2\/product_tag?post=11059"}],"curies":[{"name":"wp","href":"https:\/\/api.w.org\/{rel}","templated":true}]}}