{"id":10894,"date":"2022-03-23T16:53:53","date_gmt":"2022-03-23T16:53:53","guid":{"rendered":"https:\/\/aptecnologia.com.ar\/new\/?post_type=product&#038;p=10894"},"modified":"2022-03-23T16:53:53","modified_gmt":"2022-03-23T16:53:53","slug":"adaptador-ub400-bluetooth-usb-tp-link","status":"publish","type":"product","link":"https:\/\/aptecnologia.com.ar\/new\/productos\/adaptador-ub400-bluetooth-usb-tp-link\/","title":{"rendered":"Adaptador UB400 Bluetooth USB &#8211; TP-LINK"},"content":{"rendered":"<p>&#8211; Modelo: Ub400<br \/>\n&#8211; Est\u00e1ndares y Protocolos Bluetooth 4.0<br \/>\n&#8211; Interfaz USB 2.0<br \/>\n&#8211; Dimensiones 14.8 \u00d7 6.8 \u00d7 18.9 mm (0.58 \u00d7 0.27 \u00d7 0.74 in)<br \/>\n&#8211; Certificaciones FCC, CE, RoHS<br \/>\n&#8211; Contenido del Paquete UB400 Adaptador nano USB Bluetooth 4.0.<br \/>\n&#8211; Gu\u00eda de Instalaci\u00f3n R\u00e1pida<br \/>\n&#8211; Requisitos del sistema Windows 10\/8.1\/8\/7\/XP<br \/>\n&#8211; Factores Ambientales: Temperatura de funcionamiento: 0 \u00b0 c ~ 40 \u00b0 c (32 \u00b0 f ~ 104 \u00b0 f)<br \/>\n&#8211; Temperatura de almacenamiento:-40 \u00b0 c ~ 70 \u00b0 c (-40 \u00b0 f ~ 158 \u00b0 f)<br \/>\n&#8211; Humedad de funcionamiento: 10% ~ 90% sin condensaci\u00f3n<br \/>\n&#8211; Humedad de almacenamiento: 5% ~ 90% sin condensaci\u00f3n<br \/>\n&#8211; Sin necesidad de Driver\u2013 Plug and Play para Win 8, Win 8.1, para Win 10<br \/>\n&#8211; Tama\u00f1o-Nano \u2013 Ultra peque\u00f1o e id\u00f3neo para transportar con alto rendimiento confiable<br \/>\n&#8211; Sistemas Operativos Soportados \u2013 Soporta Windows 10\/8.1\/8\/7\/XP<\/p>\n","protected":false},"excerpt":{"rendered":"<div>Marca TP-Link<\/div>\n<div>Modelo UB400<\/div>\n<div>Tipo de producto Adaptador bluetooth<\/div>\n","protected":false},"featured_media":10895,"comment_status":"open","ping_status":"closed","template":"","meta":[],"pwb-brand":[102],"product_cat":[70,88],"product_tag":[],"class_list":{"0":"post-10894","1":"product","2":"type-product","3":"status-publish","4":"has-post-thumbnail","6":"pwb-brand-tplink","7":"product_cat-conectividad-y-redes","8":"product_cat-placa-de-red","10":"first","11":"outofstock","12":"shipping-taxable","13":"purchasable","14":"product-type-simple"},"brands":[{"id":102,"name":"Tp-Link","slug":"tplink"}],"_links":{"self":[{"href":"https:\/\/aptecnologia.com.ar\/new\/wp-json\/wp\/v2\/product\/10894","targetHints":{"allow":["GET"]}}],"collection":[{"href":"https:\/\/aptecnologia.com.ar\/new\/wp-json\/wp\/v2\/product"}],"about":[{"href":"https:\/\/aptecnologia.com.ar\/new\/wp-json\/wp\/v2\/types\/product"}],"replies":[{"embeddable":true,"href":"https:\/\/aptecnologia.com.ar\/new\/wp-json\/wp\/v2\/comments?post=10894"}],"version-history":[{"count":0,"href":"https:\/\/aptecnologia.com.ar\/new\/wp-json\/wp\/v2\/product\/10894\/revisions"}],"wp:featuredmedia":[{"embeddable":true,"href":"https:\/\/aptecnologia.com.ar\/new\/wp-json\/wp\/v2\/media\/10895"}],"wp:attachment":[{"href":"https:\/\/aptecnologia.com.ar\/new\/wp-json\/wp\/v2\/media?parent=10894"}],"wp:term":[{"taxonomy":"pwb-brand","embeddable":true,"href":"https:\/\/aptecnologia.com.ar\/new\/wp-json\/wp\/v2\/pwb-brand?post=10894"},{"taxonomy":"product_cat","embeddable":true,"href":"https:\/\/aptecnologia.com.ar\/new\/wp-json\/wp\/v2\/product_cat?post=10894"},{"taxonomy":"product_tag","embeddable":true,"href":"https:\/\/aptecnologia.com.ar\/new\/wp-json\/wp\/v2\/product_tag?post=10894"}],"curies":[{"name":"wp","href":"https:\/\/api.w.org\/{rel}","templated":true}]}}