{"id":10639,"date":"2022-03-10T14:58:50","date_gmt":"2022-03-10T14:58:50","guid":{"rendered":"https:\/\/aptecnologia.com.ar\/new\/?post_type=product&#038;p=10639"},"modified":"2022-05-16T15:02:40","modified_gmt":"2022-05-16T15:02:40","slug":"disco-usb-2tb-3-0-negro-hv620-adata","status":"publish","type":"product","link":"https:\/\/aptecnologia.com.ar\/new\/productos\/disco-usb-2tb-3-0-negro-hv620-adata\/","title":{"rendered":"Disco USB 2TB 3.0 Negro HV620 &#8211; ADATA"},"content":{"rendered":"<p>Disco Duro Externo HV620S 2TB formato Slim<\/p>\n<p>El ultraport\u00e1til HV620S contiene 2TB de almacenamiento externo en una unidad de s\u00f3lo 11,5mm de grosor. El dise\u00f1o tambi\u00e9n brilla como un espejo, simple pero elegante y adecuado para el almacenamiento seguro y port\u00e1til en cualquier lugar y con la rapidez de USB 3.2 Gen 1. Para todo el contenido y con compatibilidad universal de dispositivos, el HV620S tiene un dise\u00f1o inteligente que mejora a capacidad y rendimiento a la vez que reduce los requisitos de espacio f\u00edsico.<\/p>\n<p>El HV620S toma el rendimiento y fiabilidad probados de nuestros discos duros externos de 2,5\u201d y los redefine. Con s\u00f3lo 11,5mm de perfil, es muy delgado y elegante con una portabilidad superior, entrando f\u00e1cilmente en cualquier malet\u00edn. Desde salas de reuniones hasta caminatas por la naturaleza, el HV620S nunca supone un impedimento y siempre a\u00f1ade un toque de estilo a su almacenamiento.<\/p>\n<p>E S P E C I F I C A C I O N E S<br \/>\n\u00bb\u00bb\u00bb\u00bb\u00bb\u00bb\u00bb\u00bb\u00bb\u00bb\u00bb\u00bb\u00bb\u00bb\u00bb\u00bb\u00bb\u00bb\u00bb\u00bb\u00bb\u00bb\u00bb\u00bb\u00bb\u00bb\u00bb\u00bb\u00bb\u00bb\u00bb\u00bb\u00bb&#8217;<\/p>\n<p>Disco Duro<br \/>\n\u2022 Tipo: Disco Duro Mec\u00e1nico<br \/>\n\u2022 Capacidad: 2 TB<br \/>\n\u2022 Interfaz: USB 3.2 Gen1, compatible con USB 2.0<br \/>\n\u2022 Factor de Forma: 2.5&#8243;<br \/>\n\u2022 Textura: Pl\u00e1stico<\/p>\n<p>Caracter\u00edsticas F\u00edsicas<br \/>\n\u2022 Dimensiones: 115 x 78 x 11,5 mm<br \/>\n\u2022 Peso: 152 gramos<\/p>\n<p>Requisitos del sistema operativo<br \/>\nWindows XP o posterior<br \/>\nMac OS X 10.6 o posterior<br \/>\nLinux Kernel 2.6 o posterior<\/p>\n","protected":false},"excerpt":{"rendered":"<p>Capacidad: 2 TB<br \/>\nFactor de forma: 2.5 \u00bb<br \/>\nAplicaciones: PC,Notebook<br \/>\nTecnolog\u00eda de almacenamiento: HDD<br \/>\nInterfaces: USB 3.2 Gen 1<\/p>\n","protected":false},"featured_media":10640,"comment_status":"open","ping_status":"closed","template":"","meta":[],"pwb-brand":[185],"product_cat":[66,94,91],"product_tag":[],"class_list":{"0":"post-10639","1":"product","2":"type-product","3":"status-publish","4":"has-post-thumbnail","6":"pwb-brand-adata","7":"product_cat-computacion","8":"product_cat-discos","9":"product_cat-componentes","11":"first","12":"outofstock","13":"shipping-taxable","14":"purchasable","15":"product-type-simple"},"brands":[{"id":185,"name":"Adata","slug":"adata"}],"_links":{"self":[{"href":"https:\/\/aptecnologia.com.ar\/new\/wp-json\/wp\/v2\/product\/10639","targetHints":{"allow":["GET"]}}],"collection":[{"href":"https:\/\/aptecnologia.com.ar\/new\/wp-json\/wp\/v2\/product"}],"about":[{"href":"https:\/\/aptecnologia.com.ar\/new\/wp-json\/wp\/v2\/types\/product"}],"replies":[{"embeddable":true,"href":"https:\/\/aptecnologia.com.ar\/new\/wp-json\/wp\/v2\/comments?post=10639"}],"version-history":[{"count":0,"href":"https:\/\/aptecnologia.com.ar\/new\/wp-json\/wp\/v2\/product\/10639\/revisions"}],"wp:featuredmedia":[{"embeddable":true,"href":"https:\/\/aptecnologia.com.ar\/new\/wp-json\/wp\/v2\/media\/10640"}],"wp:attachment":[{"href":"https:\/\/aptecnologia.com.ar\/new\/wp-json\/wp\/v2\/media?parent=10639"}],"wp:term":[{"taxonomy":"pwb-brand","embeddable":true,"href":"https:\/\/aptecnologia.com.ar\/new\/wp-json\/wp\/v2\/pwb-brand?post=10639"},{"taxonomy":"product_cat","embeddable":true,"href":"https:\/\/aptecnologia.com.ar\/new\/wp-json\/wp\/v2\/product_cat?post=10639"},{"taxonomy":"product_tag","embeddable":true,"href":"https:\/\/aptecnologia.com.ar\/new\/wp-json\/wp\/v2\/product_tag?post=10639"}],"curies":[{"name":"wp","href":"https:\/\/api.w.org\/{rel}","templated":true}]}}