{"id":10481,"date":"2022-03-03T21:06:33","date_gmt":"2022-03-03T21:06:33","guid":{"rendered":"https:\/\/aptecnologia.com.ar\/new\/?post_type=product&#038;p=10481"},"modified":"2022-03-16T19:02:54","modified_gmt":"2022-03-16T19:02:54","slug":"telefono-de-mesa-manos-libres-da610-gigaset","status":"publish","type":"product","link":"https:\/\/aptecnologia.com.ar\/new\/productos\/telefono-de-mesa-manos-libres-da610-gigaset\/","title":{"rendered":"Telefono de mesa manos libres DA610 &#8211; GIGASET"},"content":{"rendered":"<p>\u00a1Un cl\u00e1sico! Con este tel\u00e9fono evit\u00e1s interferencias en tus conversaciones y pod\u00e9s usarlo siempre, ya que a diferencia de los inal\u00e1mbricos, funciona incluso cuando no hay energ\u00eda el\u00e9ctrica.<\/p>\n<p>Comodidad y practicidad<br \/>\nSu funci\u00f3n manos libres facilita tu rutina: convers\u00e1 cuando quieras sin dejar de hacer otras actividades.<\/p>\n<p>Privacidad garantizada<br \/>\nCuando necesites un momento de silencio y descanso vas a tener la posibilidad de desactivar los tonos de llamada. As\u00ed, en horas concretas el tel\u00e9fono no emitir\u00e1 sonidos.<\/p>\n<p>Evit\u00e1 contactos molestos gracias a su bloqueador de llamadas. Con esta funci\u00f3n dejar\u00e1s de preocuparte por las comunicaciones no deseadas.<\/p>\n","protected":false},"excerpt":{"rendered":"<p>Posee 1 auricular.<br \/>\nCuenta con manos libres.<br \/>\nCon identificador y bloqueo de llamadas.<br \/>\nAgenda para 50 contactos.<br \/>\nIncluye reloj indicador de fecha y hora.<br \/>\nFunciones esenciales para todo tipo de llamadas.<br \/>\nCon 10 tonos personalizados para llamadas.<\/p>\n","protected":false},"featured_media":10482,"comment_status":"open","ping_status":"closed","template":"","meta":[],"pwb-brand":[178],"product_cat":[176,138,155],"product_tag":[],"class_list":{"0":"post-10481","1":"product","2":"type-product","3":"status-publish","4":"has-post-thumbnail","6":"pwb-brand-gigaset","7":"product_cat-analogica","8":"product_cat-office","9":"product_cat-telefonia","11":"first","12":"instock","13":"shipping-taxable","14":"purchasable","15":"product-type-simple"},"brands":[{"id":178,"name":"Gigaset","slug":"gigaset"}],"_links":{"self":[{"href":"https:\/\/aptecnologia.com.ar\/new\/wp-json\/wp\/v2\/product\/10481","targetHints":{"allow":["GET"]}}],"collection":[{"href":"https:\/\/aptecnologia.com.ar\/new\/wp-json\/wp\/v2\/product"}],"about":[{"href":"https:\/\/aptecnologia.com.ar\/new\/wp-json\/wp\/v2\/types\/product"}],"replies":[{"embeddable":true,"href":"https:\/\/aptecnologia.com.ar\/new\/wp-json\/wp\/v2\/comments?post=10481"}],"version-history":[{"count":0,"href":"https:\/\/aptecnologia.com.ar\/new\/wp-json\/wp\/v2\/product\/10481\/revisions"}],"wp:featuredmedia":[{"embeddable":true,"href":"https:\/\/aptecnologia.com.ar\/new\/wp-json\/wp\/v2\/media\/10482"}],"wp:attachment":[{"href":"https:\/\/aptecnologia.com.ar\/new\/wp-json\/wp\/v2\/media?parent=10481"}],"wp:term":[{"taxonomy":"pwb-brand","embeddable":true,"href":"https:\/\/aptecnologia.com.ar\/new\/wp-json\/wp\/v2\/pwb-brand?post=10481"},{"taxonomy":"product_cat","embeddable":true,"href":"https:\/\/aptecnologia.com.ar\/new\/wp-json\/wp\/v2\/product_cat?post=10481"},{"taxonomy":"product_tag","embeddable":true,"href":"https:\/\/aptecnologia.com.ar\/new\/wp-json\/wp\/v2\/product_tag?post=10481"}],"curies":[{"name":"wp","href":"https:\/\/api.w.org\/{rel}","templated":true}]}}