{"id":10365,"date":"2022-02-21T20:21:11","date_gmt":"2022-02-21T20:21:11","guid":{"rendered":"https:\/\/aptecnologia.com.ar\/new\/productos\/rotuladora-pth110-pink-brother-copy\/"},"modified":"2023-03-04T13:20:24","modified_gmt":"2023-03-04T13:20:24","slug":"rotuladora-pth110-white-brother","status":"publish","type":"product","link":"https:\/\/aptecnologia.com.ar\/new\/productos\/rotuladora-pth110-white-brother\/","title":{"rendered":"Rotuladora PTH110 White &#8211; BROTHER"},"content":{"rendered":"<p>La PT-H110 hace muy f\u00e1cil la creaci\u00f3n de etiquetas elegantes para su casa o donde lo necesites. Gracias a sus botones de acceso directo y la selecci\u00f3n de etiquetas predise\u00f1adas, organizarse es cada vez m\u00e1s sencillo. permite crear un sinf\u00edn de etiquetas personalizadas ya que posee una gran variedad de fuentes, marcos y s\u00edmbolos. Adem\u00e1s cuenta con una galer\u00eda de plantillas predise\u00f1adas que permitir\u00e1n imprimir f\u00e1cil y r\u00e1pido llamativas etiquetas.La funci\u00f3n incorporada para identificaci\u00f3n de cableado le permitir\u00e1 incluso organizar todos sus cables. Gracias a su dise\u00f1o port\u00e1til podr\u00e1 hacer las etiquetas que necesite lejos de su escritorio. Este equipo utiliza cintas \u00abTZe\u00bb de hasta 12 mm de ancho. Laminadas, duraderas y f\u00e1ciles de pegar son ideales tanto para uso interior como exterior. Funciona con 6 pilas \u00abAAA\u00bb (no incluidas) o fuente de alimentacion externa (no incluida). Color turquesa.<\/p>\n","protected":false},"excerpt":{"rendered":"<p>Rotuladora de dise\u00f1o port\u00e1til.<br \/>\nBotones de acceso directo a fuentes.<br \/>\nImprime en 1 o 2 l\u00edneas de texto.<br \/>\nImpresi\u00f3n de hasta 20 mm\/ segundo.<br \/>\nResoluci\u00f3n de impresi\u00f3n de 180 dpi<br \/>\nMemoria integrada \u2013 Hasta 9 r\u00f3tulos<br \/>\nUtiliza 6 pilas \u00abAAA\u00bb (no incluidas)<\/p>\n","protected":false},"featured_media":10359,"comment_status":"open","ping_status":"closed","template":"","meta":[],"pwb-brand":[172],"product_cat":[100,71],"product_tag":[207],"class_list":{"0":"post-10365","1":"product","2":"type-product","3":"status-publish","4":"has-post-thumbnail","6":"pwb-brand-brother","7":"product_cat-electrodomesticos","8":"product_cat-hogar","9":"product_tag-hotsale","11":"first","12":"instock","13":"shipping-taxable","14":"purchasable","15":"product-type-simple"},"brands":[{"id":172,"name":"Brother","slug":"brother"}],"_links":{"self":[{"href":"https:\/\/aptecnologia.com.ar\/new\/wp-json\/wp\/v2\/product\/10365","targetHints":{"allow":["GET"]}}],"collection":[{"href":"https:\/\/aptecnologia.com.ar\/new\/wp-json\/wp\/v2\/product"}],"about":[{"href":"https:\/\/aptecnologia.com.ar\/new\/wp-json\/wp\/v2\/types\/product"}],"replies":[{"embeddable":true,"href":"https:\/\/aptecnologia.com.ar\/new\/wp-json\/wp\/v2\/comments?post=10365"}],"version-history":[{"count":0,"href":"https:\/\/aptecnologia.com.ar\/new\/wp-json\/wp\/v2\/product\/10365\/revisions"}],"wp:featuredmedia":[{"embeddable":true,"href":"https:\/\/aptecnologia.com.ar\/new\/wp-json\/wp\/v2\/media\/10359"}],"wp:attachment":[{"href":"https:\/\/aptecnologia.com.ar\/new\/wp-json\/wp\/v2\/media?parent=10365"}],"wp:term":[{"taxonomy":"pwb-brand","embeddable":true,"href":"https:\/\/aptecnologia.com.ar\/new\/wp-json\/wp\/v2\/pwb-brand?post=10365"},{"taxonomy":"product_cat","embeddable":true,"href":"https:\/\/aptecnologia.com.ar\/new\/wp-json\/wp\/v2\/product_cat?post=10365"},{"taxonomy":"product_tag","embeddable":true,"href":"https:\/\/aptecnologia.com.ar\/new\/wp-json\/wp\/v2\/product_tag?post=10365"}],"curies":[{"name":"wp","href":"https:\/\/api.w.org\/{rel}","templated":true}]}}