{"id":3,"date":"2021-10-19T01:10:17","date_gmt":"2021-10-19T01:10:17","guid":{"rendered":"https:\/\/aptecnologia.com.ar\/new\/?page_id=3"},"modified":"2024-11-28T09:54:09","modified_gmt":"2024-11-28T12:54:09","slug":"garantia","status":"publish","type":"page","link":"https:\/\/aptecnologia.com.ar\/new\/garantia\/","title":{"rendered":"Garantias"},"content":{"rendered":"<p>La garant\u00eda incluye la reparaci\u00f3n o cambio del producto y\/o componentes sin cargo alguno para el cliente, incluyendo mano de obra. Para que la garant\u00eda tenga validez, el cliente deber\u00e1 presentar junto con el producto su packagging original en buenas condiciones y este comprobante. De no presentar el comprobante la garant\u00eda no ser\u00e1 reconocida.&nbsp;<\/p><p>Esta garant\u00eda no ser\u00e1 valida bajo las siguientes condiciones:<\/p><p>1-Cuando la garant\u00eda manifieste claros signos de haber sido alterada en los datos originales considerados en ella.<\/p><p>2-Cuando el uso, cuidado y operaci\u00f3n del producto no haya sido de acuerdo con las instrucciones del manual.<\/p><p>3-Cuando el producto haya sido usado fuera de su capacidad, maltratado, golpeado, expuesto a la humedad, manipulado por alg\u00fan liquido o sustancia no permitida, as\u00ed como cualquier otro da\u00f1o atribuible al cliente.<\/p><p>4-Cuando el producto haya sido desarmado, modificado o reparado por el cliente.<\/p><p>5- Cuando la falla sea originada por el desgaste normal de las piezas debido a su uso.<\/p><p>6- Cuando la caja o packagging original del producto no est\u00e9 en buenas condiciones.<\/p><p><strong>Opciones de cambios:<\/strong><br><br>-Para cambiar un producto<strong>&nbsp;SIN defectos<\/strong>&nbsp;(producto diferente al que se solicit\u00f3):<br>Si el producto es nuevo y est\u00e1 sin defectos, el usuario tendr\u00e1 hasta 30 d\u00edas consecutivos, a partir de la fecha de recepci\u00f3n, para poder sustituirlo por otro siempre y cuando conserve las mismas condiciones en que fue recibido (en el embalaje original, sin indicios de uso, con la factura \/ ticket original, manual y todos los accesorios si correspondiera). Los gastos del flete ser\u00e1n gratuitos para el usuario, cuando se trate del primer cambio realizado. En caso de que sea necesario uno nuevamente, los gastos de flete ser\u00e1n a cargo del usuario.<br><br>-Para cambiar un producto&nbsp;<strong>CON defectos:<\/strong><br>En el caso de que el producto est\u00e9 con defectos propios de fabricaci\u00f3n, tendr\u00e1 180 d\u00edas, a partir de la fecha en que recibi\u00f3 el pedido para hacer uso de la garant\u00eda. El plazo y forma de utilizaci\u00f3n est\u00e1n mencionados en las condiciones de Garant\u00eda que acompa\u00f1an al producto, es indispensable que mantenga intacto el sello de garant\u00eda (de tenerlo) y que el producto no presente signos de manipulaci\u00f3n por un servicio t\u00e9cnico que no sea el oficial o por el usuario mismo para su reparaci\u00f3n o diagn\u00f3stico.<\/p><p><strong>Devoluci\u00f3n de un producto:<\/strong><br>&nbsp;<\/p><p>Conforme lo establece el art. 34 de la ley 24.240 de Defensa del Consumidor, en concordancia con el art\u00edculo 1.111 y 1.112 del C\u00f3digo Civil y Comercial de la Rep\u00fablica Argentina el usuario tendr\u00e1 tambi\u00e9n 10 d\u00edas contados a partir de que se entregue el bien o se celebre el contrato para poder revocar la aceptaci\u00f3n de la compra. Si as\u00ed lo decidiera se aplica lo dispuesto por el art. 10 ter de la Ley 24.240 de Defensa del Consumidor. En tal caso, el usuario deber\u00e1 reintegrar el producto comunic\u00e1ndose con el sitio para solicitar el retiro del producto, el cual deber\u00e1 estar sin uso y en perfecto estado, con sus etiquetas, envoltorios y todos los accesorios adicionales que pudieren corresponder<\/p><p><strong>ARREPENTIMIENTO DE COMPRA:<\/strong>&nbsp;Por el plazo de hasta 10 d\u00edas corridos, el usuario puede arrepentirse de la compra, dicho plazo corre a partir de la fecha de recepci\u00f3n del producto. El mismo debe encontrarse en las mismas condiciones en que fue recibido (en el embalaje original, sin ser abierto, sin indicios de uso, con la factura \/ ticket original, manual y todos los accesorios si correspondiera). Ap tecnolog\u00eda se hace cargo del costo de la devoluci\u00f3n y se procede a la devoluci\u00f3n al cliente del dinero mediante el mismo medio que fue cobrado, emitiendo nota de cr\u00e9dito.<\/p>","protected":false},"excerpt":{"rendered":"<p>La garant\u00eda incluye la reparaci\u00f3n o cambio del producto y\/o componentes sin cargo alguno para el cliente, incluyendo mano de obra. Para que la garant\u00eda tenga validez, el cliente deber\u00e1 presentar junto con el producto su packagging original en buenas condiciones y este comprobante. De no presentar el comprobante la garant\u00eda no ser\u00e1 reconocida.&nbsp; Esta [&hellip;]<\/p>\n","protected":false},"author":1,"featured_media":0,"parent":0,"menu_order":0,"comment_status":"closed","ping_status":"closed","template":"elementor_theme","meta":{"footnotes":""},"class_list":["post-3","page","type-page","status-publish","hentry"],"_links":{"self":[{"href":"https:\/\/aptecnologia.com.ar\/new\/wp-json\/wp\/v2\/pages\/3","targetHints":{"allow":["GET"]}}],"collection":[{"href":"https:\/\/aptecnologia.com.ar\/new\/wp-json\/wp\/v2\/pages"}],"about":[{"href":"https:\/\/aptecnologia.com.ar\/new\/wp-json\/wp\/v2\/types\/page"}],"author":[{"embeddable":true,"href":"https:\/\/aptecnologia.com.ar\/new\/wp-json\/wp\/v2\/users\/1"}],"replies":[{"embeddable":true,"href":"https:\/\/aptecnologia.com.ar\/new\/wp-json\/wp\/v2\/comments?post=3"}],"version-history":[{"count":1,"href":"https:\/\/aptecnologia.com.ar\/new\/wp-json\/wp\/v2\/pages\/3\/revisions"}],"predecessor-version":[{"id":15673,"href":"https:\/\/aptecnologia.com.ar\/new\/wp-json\/wp\/v2\/pages\/3\/revisions\/15673"}],"wp:attachment":[{"href":"https:\/\/aptecnologia.com.ar\/new\/wp-json\/wp\/v2\/media?parent=3"}],"curies":[{"name":"wp","href":"https:\/\/api.w.org\/{rel}","templated":true}]}}